000
CXUS56 KSGX 011111
CF6AJO
PRELIMINARY LOCAL CLIMATOLOGICAL DATA (WS FORM: F-6)
STATION: CORONA AIRPORT CA
MONTH: JUNE
YEAR: 2023
LATITUDE: 33 53 N
LONGITUDE: 117-36 E
TEMPERATURE IN F: :PCPN: SNOW: WIND :SUNSHINE: SKY :PK WND
================================================================================
1 2 3 4 5 6A 6B 7 8 9 10 11 12 13 14 15 16 17 18
12Z AVG MX 2MIN
DY MAX MIN AVG DEP HDD CDD WTR SNW DPTH SPD SPD DIR MIN PSBL S-S WX SPD DR
================================================================================
1 67 58 63 M 2 0 0.00 M M 5.8 10 280 M M 10 M M
2 76 54 65 M 0 0 0.00 M M 6.3 14 270 M M 5 20 270
3 79 48 64 M 1 0 0.00 M M 6.6 16 280 M M 0 22 280
4 78 57 68 M 0 3 0.00 M M 6.7 15 280 M M 5 8 23 280
5 69 57 63 M 2 0 0.00 M M 7.1 15 270 M M 8 1 23 270
6 70 57 64 M 1 0 0.00 M M 5.7 13 270 M M 7 18 270
7 72 56 64 M 1 0 T M M 5.0 12 260 M M 6 18 280
8 77 51 64 M 1 0 0.00 M M 7.1 14 280 M M 3 23 280
9 72 56 64 M 1 0 0.00 M M 5.7 15 280 M M 5 20 260
10 73 55 64 M 1 0 0.00 M M 6.4 15 280 M M 7 22 280
11 70 59 65 M 0 0 T M M 5.1 12 270 M M 10 16 270
12 69 59 64 M 1 0 0.00 M M 6.3 12 260 M M 9 8 M M
13 74 56 65 M 0 0 0.00 M M 6.0 10 280 M M 6 18 270
14 71 53 62 M 3 0 0.00 M M 4.8 13 280 M M 6 20 280
15 73 59 66 M 0 1 0.00 M M 6.2 14 270 M M 6 1 20 270
16 81 62 72 M 0 7 0.00 M M 6.1 17 290 M M 5 23 270
17 87 55 71 M 0 6 0.00 M M 7.7 21 280 M M 0 18 24 280
18 80 55 68 M 0 3 0.00 M M 7.8 17 280 M M 3 1 25 280
19 77 55 66 M 0 1 0.00 M M 7.9 16 300 M M 4 1 22 270
20 81 55 68 M 0 3 0.00 M M 5.8 16 290 M M 3 23 290
21 83 49 66 M 0 1 0.00 M M 6.2 18 280 M M 0 24 280
22 78 53 66 M 0 1 0.00 M M 8.6 17 280 M M 0 31 290
23 80 54 67 M 0 2 0.00 M M 6.1 17 280 M M 3 22 260
24 81 48 65 M 0 0 0.00 M M 6.3 20 280 M M 0 31 300
25 82 54 68 M 0 3 0.00 M M 6.5 15 290 M M 2 22 280
26 82 48 65 M 0 0 0.00 M M 6.6 15 300 M M 0 24 300
27 82 52 67 M 0 2 0.00 M M 7.3 17 270 M M 0 22 280
28 79 54 67 M 0 2 0.00 M M 7.5 16 280 M M 2 23 280
29 84 53 69 M 0 4 0.00 M M 5.4 14 280 M M 2 M M
30 89 58 74 M 0 9 0.00 M M 6.8 15 290 M M 0 1 22 290
================================================================================
SM 2316 1640 14 48 T M 193.0 M 117
================================================================================
AV 77.2 54.7 6.4 FASTST M M 4 MAX(MPH)
MISC ----> 21 280 31 300
================================================================================
NOTES:
# LAST OF SEVERAL OCCURRENCES
COLUMN 17 PEAK WIND IN M.P.H.
PRELIMINARY LOCAL CLIMATOLOGICAL DATA (WS FORM: F-6) , PAGE 2
STATION: CORONA AIRPORT CA
MONTH: JUNE
YEAR: 2023
LATITUDE: 33 53 N
LONGITUDE: 117-36 E
[TEMPERATURE DATA] [PRECIPITATION DATA] SYMBOLS USED IN COLUMN 16
AVERAGE MONTHLY: 65.9 TOTAL FOR MONTH: T 1 = FOG OR MIST
DPTR FM NORMAL: 0.0 DPTR FM NORMAL: M 2 = FOG REDUCING VISIBILITY
HIGHEST: 89 ON 30 GRTST 24HR T ON 7- 7 TO 1/4 MILE OR LESS
LOWEST: 48 ON 26,24 3 = THUNDER
SNOW, ICE PELLETS, HAIL 4 = ICE PELLETS
TOTAL MONTH: M 5 = HAIL
GRTST 24HR M ON M 6 = FREEZING RAIN OR DRIZZLE
GRTST DEPTH: M ON M 7 = DUSTSTORM OR SANDSTORM:
VSBY 1/2 MILE OR LESS
8 = SMOKE OR HAZE
[NO. OF DAYS WITH] [WEATHER - DAYS WITH] 9 = BLOWING SNOW
X = TORNADO
MAX 32 OR BELOW: 0 0.01 INCH OR MORE: 0
MAX 90 OR ABOVE: 0 0.10 INCH OR MORE: 0
MIN 32 OR BELOW: 0 0.50 INCH OR MORE: 0
MIN 0 OR BELOW: 0 1.00 INCH OR MORE: 0
[HDD (BASE 65) ]
TOTAL THIS MO. 14 CLEAR (SCALE 0-3) 15
DPTR FM NORMAL M PTCLDY (SCALE 4-7) 11
TOTAL FM JUL 1 1757 CLOUDY (SCALE 8-10) 4
DPTR FM NORMAL M
[CDD (BASE 65) ]
TOTAL THIS MO. 48
DPTR FM NORMAL M [PRESSURE DATA]
TOTAL FM JAN 1 92 HIGHEST SLP M ON M
DPTR FM NORMAL M LOWEST SLP M ON M
[REMARKS]
#FINAL-06-23#