687
CXUS56 KSGX 011145
CF6AJO
PRELIMINARY LOCAL CLIMATOLOGICAL DATA (WS FORM: F-6)
STATION: CORONA AIRPORT CA
MONTH: FEBRUARY
YEAR: 2021
LATITUDE: 33 53 N
LONGITUDE: 117-36 E
TEMPERATURE IN F: :PCPN: SNOW: WIND :SUNSHINE: SKY :PK WND
================================================================================
1 2 3 4 5 6A 6B 7 8 9 10 11 12 13 14 15 16 17 18
12Z AVG MX 2MIN
DY MAX MIN AVG DEP HDD CDD WTR SNW DPTH SPD SPD DIR MIN PSBL S-S WX SPD DR
================================================================================
1 69 54 62 M 3 0 T M M 3.6 8 110 M M 5 M M
2 74 48 61 M 4 0 0.00 M M 2.9 10 300 M M 3 M M
3 70 40 55 M 10 0 0.00 M M 4.2 14 300 M M 0 1 18 270
4 68 41 55 M 10 0 0.00 M M 2.9 9 40 M M 1 1 18 40
5 72 37 55 M 10 0 0.00 M M 2.6 10 260 M M 0 1 M M
6 78 36 57 M 8 0 0.00 M M 1.7 7 260 M M 0 M M
7 73 37 55 M 10 0 0.00 M M 2.4 10 280 M M 0 M M
8 67 41 54 M 11 0 T M M 4.2 13 280 M M 3 12 17 280
9 61 44 53 M 12 0 0.00 M M 4.1 8 270 M M 6 M M
10 64 44 54 M 11 0 0.00 M M 3.1 10 250 M M 5 M M
11 70 38 54 M 11 0 0.00 M M 4.0 15 310 M M 1 18 21 310
12 67 46 57 M 8 0 0.02 M M 3.8 13 260 M M 5 1 18 260
13 63 40 52 M 13 0 0.00 M M 4.4 16 270 M M 1 23 270
14 66 36 51 M 14 0 0.00 M M 2.5 12 240 M M 0 1 17 240
15 63 37 50 M 15 0 0.00 M M 2.0 9 270 M M 0 M M
16 67 43 55 M 10 0 0.00 M M 4.6 15 240 M M 4 1 20 240
17 68 33 51 M 14 0 0.00 M M 1.3 8 250 M M 0 1 M M
18 71 43 57 M 8 0 0.00 M M 7.7 18 50 M M 0 24 90
19 73 33 53 M 12 0 0.00 M M 2.4 9 260 M M 0 M M
20 70 32 51 M 14 0 0.00 M M 2.2 8 330 M M 0 M M
21 74 56 65 M 0 0 0.00 M M 13.2 20 70 M M 0 31 60
22 80 55 68 M 0 3 0.00 M M 11.7 17 70 M M 0 25 60
23 82 38 60 M 5 0 0.00 M M 5.1 14 300 M M 0 23 270
24 77 37 57 M 8 0 0.00 M M 3.6 13 290 M M 0 M M
25 72 46 59 M 6 0 0.00 M M 12.0 23 100 M M 0 37 100
26 75 30 53 M 12 0 0.00 M M 3.1 13 260 M M 0 20 280
27 71 32 52 M 13 0 0.00 M M 3.7 12 270 M M 0 17 120
28 70 54 62 M 3 0 0.00 M M 16.2 24 70 M M 0 39 70
================================================================================
SM 1975 1151 255 3 0.02 M 135.2 M 34
================================================================================
AV 70.5 41.1 4.8 FASTST M M 1 MAX(MPH)
MISC ----> 24 70 39 70
================================================================================
NOTES:
# LAST OF SEVERAL OCCURRENCES
COLUMN 17 PEAK WIND IN M.P.H.
PRELIMINARY LOCAL CLIMATOLOGICAL DATA (WS FORM: F-6) , PAGE 2
STATION: CORONA AIRPORT CA
MONTH: FEBRUARY
YEAR: 2021
LATITUDE: 33 53 N
LONGITUDE: 117-36 E
[TEMPERATURE DATA] [PRECIPITATION DATA] SYMBOLS USED IN COLUMN 16
AVERAGE MONTHLY: 55.8 TOTAL FOR MONTH: 0.02 1 = FOG OR MIST
DPTR FM NORMAL: 0.0 DPTR FM NORMAL: 0.02 2 = FOG REDUCING VISIBILITY
HIGHEST: 82 ON 23 GRTST 24HR 0.02 ON 12-12 TO 1/4 MILE OR LESS
LOWEST: 30 ON 26 3 = THUNDER
SNOW, ICE PELLETS, HAIL 4 = ICE PELLETS
TOTAL MONTH: M 5 = HAIL
GRTST 24HR M ON M 6 = FREEZING RAIN OR DRIZZLE
GRTST DEPTH: M ON M 7 = DUSTSTORM OR SANDSTORM:
VSBY 1/2 MILE OR LESS
8 = SMOKE OR HAZE
[NO. OF DAYS WITH] [WEATHER - DAYS WITH] 9 = BLOWING SNOW
X = TORNADO
MAX 32 OR BELOW: 0 0.01 INCH OR MORE: 1
MAX 90 OR ABOVE: 0 0.10 INCH OR MORE: 0
MIN 32 OR BELOW: 3 0.50 INCH OR MORE: 0
MIN 0 OR BELOW: 0 1.00 INCH OR MORE: 0
[HDD (BASE 65) ]
TOTAL THIS MO. 255 CLEAR (SCALE 0-3) 22
DPTR FM NORMAL M PTCLDY (SCALE 4-7) 6
TOTAL FM JUL 1 1041 CLOUDY (SCALE 8-10) 0
DPTR FM NORMAL M
[CDD (BASE 65) ]
TOTAL THIS MO. 3
DPTR FM NORMAL M [PRESSURE DATA]
TOTAL FM JAN 1 12 HIGHEST SLP M ON M
DPTR FM NORMAL M LOWEST SLP M ON M
[REMARKS]
#FINAL-02-21#