000
CXUS56 KSGX 011245
CF6AJO
PRELIMINARY LOCAL CLIMATOLOGICAL DATA (WS FORM: F-6)
STATION: CORONA AIRPORT CA
MONTH: MARCH
YEAR: 2020
LATITUDE: 33 53 N
LONGITUDE: 117 36 W
TEMPERATURE IN F: :PCPN: SNOW: WIND :SUNSHINE: SKY :PK WND
================================================================================
1 2 3 4 5 6A 6B 7 8 9 10 11 12 13 14 15 16 17 18
12Z AVG MX 2MIN
DY MAX MIN AVG DEP HDD CDD WTR SNW DPTH SPD SPD DIR MIN PSBL S-S WX SPD DR
================================================================================
1 61 48 55 M 10 0 T M 0 6.0 14 220 M M 8 23 220
2 69 48 59 M 6 0 T M 0 13.2 24 30 M M 2 38 40
3 81 49 65 M 0 0 0.00 0.0 0 8.1 20 60 M M 0 37 30
4 76 38 57 M 8 0 0.00 0.0 0 3.2 15 300 M M 0 20 270
5 81 45 63 M 2 0 0.00 0.0 0 3.9 13 250 M M 1 12 M M
6 75 43 59 M 6 0 0.00 0.0 0 5.6 15 280 M M 1 1 23 270
7 66 52 59 M 6 0 0.00 0.0 0 7.1 14 260 M M 7 21 260
8 66 45 56 M 9 0 0.00 0.0 0 3.6 13 250 M M 4 M M
9 74 41 58 M 7 0 0.01 M 0 4.1 10 100 M M 2 M M
10 66 54 60 M 5 0 M 0.0 0 3.3 8 110 M M 9 1 M M
11 72 51 62 M 3 0 0.01 0.0 0 3.2 9 250 M M 6 1 M M
12 56 49 53 M 12 0 M M 0 4.5 17 260 M M 8 13 27 260
13 57 51 54 M 11 0 0.06 0.0 0 1.6 6 270 M M 10 1 M M
14 61 53 57 M 8 0 0.01 0.0 0 2.3 8 290 M M 10 1 M M
15 64 50 57 M 8 0 T 0.0 0 4.5 10 300 M M 8 1 M M
16 62 50 56 M 9 0 M 0.0 0 4.3 12 200 M M 10 1 16 200
17 60 42 51 M 14 0 M M 0 3.4 8 260 M M 5 M M
18 59 38 49 M 16 0 T M 0 5.2 13 230 M M 3 1 M M
19 59 47 53 M 12 0 0.01 M 0 3.1 8 220 M M 8 16 220
20 63 46 55 M 10 0 T M 0 3.0 8 280 M M 5 12 M M
21 66 43 55 M 10 0 0.00 0.0 0 4.0 10 260 M M 4 17 250
22 69 42 56 M 9 0 M M 0 3.1 13 280 M M 4 1 M M
23 65 48 57 M 8 0 M M 0 6.6 14 260 M M 5 1 20 260
24 64 43 54 M 11 0 0.00 0.0 0 4.5 13 260 M M 5 17 250
25 63 51 57 M 8 0 0.00 0.0 0 7.3 13 250 M M 8 22 240
26 60 40 50 M 15 0 0.00 0.0 0 6.7 13 240 M M 1 21 240
27 63 39 51 M 14 0 0.00 0.0 0 4.7 14 270 M M 0 1 18 270
28 66 37 52 M 13 0 0.00 0.0 0 4.1 12 240 M M 0 16 260
29 66 39 53 M 12 0 0.00 0.0 0 4.8 15 250 M M 1 21 250
30 74 40 57 M 8 0 0.00 0.0 0 4.1 12 260 M M 0 18 260
31 76 45 61 M 4 0 0.00 0.0 0 3.6 8 260 M M 0 16 260
================================================================================
SM 2060 1407 274 0 0.10 0.0 146.7 M 135
================================================================================
AV 66.5 45.4 4.7 FASTST M M 4 MAX(MPH)
MISC ----> # 24 30 # 38 40
================================================================================
NOTES:
# LAST OF SEVERAL OCCURRENCES
COLUMN 17 PEAK WIND IN M.P.H.
PRELIMINARY LOCAL CLIMATOLOGICAL DATA (WS FORM: F-6) , PAGE 2
STATION: CORONA AIRPORT CA
MONTH: MARCH
YEAR: 2020
LATITUDE: 33 53 N
LONGITUDE: 117 36 W
[TEMPERATURE DATA] [PRECIPITATION DATA] SYMBOLS USED IN COLUMN 16
AVERAGE MONTHLY: 55.9 TOTAL FOR MONTH: 0.10 1 = FOG OR MIST
DPTR FM NORMAL: M DPTR FM NORMAL: M 2 = FOG REDUCING VISIBILITY
HIGHEST: 81 ON 5, 3 GRTST 24HR 0.06 ON 13-13 TO 1/4 MILE OR LESS
LOWEST: 37 ON 28 3 = THUNDER
SNOW, ICE PELLETS, HAIL 4 = ICE PELLETS
TOTAL MONTH: 0.0 INCH 5 = HAIL
GRTST 24HR 0.0 6 = FREEZING RAIN OR DRIZZLE
GRTST DEPTH: 0 7 = DUSTSTORM OR SANDSTORM:
VSBY 1/2 MILE OR LESS
8 = SMOKE OR HAZE
[NO. OF DAYS WITH] [WEATHER - DAYS WITH] 9 = BLOWING SNOW
X = TORNADO
MAX 32 OR BELOW: 0 0.01 INCH OR MORE: 5
MAX 90 OR ABOVE: 0 0.10 INCH OR MORE: 0
MIN 32 OR BELOW: 0 0.50 INCH OR MORE: 0
MIN 0 OR BELOW: 0 1.00 INCH OR MORE: 0
[HDD (BASE 65) ]
TOTAL THIS MO. 274 CLEAR (SCALE 0-3) 13
DPTR FM NORMAL M PTCLDY (SCALE 4-7) 12
TOTAL FM JUL 1 1395 CLOUDY (SCALE 8-10) 6
DPTR FM NORMAL M
[CDD (BASE 65) ]
TOTAL THIS MO. 0
DPTR FM NORMAL M [PRESSURE DATA]
TOTAL FM JAN 1 10 HIGHEST SLP M ON M
DPTR FM NORMAL M LOWEST SLP M ON M
[REMARKS]
#FINAL-03-20#