958
CXUS51 KALY 010658
CLSALB
CLIMATE REPORT
NATIONAL WEATHER SERVICE ALBANY NY
152 AM EST SUN MAR 1 2020
...................................
...THE ALBANY NY CLIMATE SUMMARY FOR THE SEASON, FROM
12/1/2019 TO 2/29/2020...
CLIMATE NORMAL PERIOD 1981 TO 2010
CLIMATE RECORD PERIOD 1874 TO 2020
WEATHER OBSERVED NORMAL DEPART LAST YEAR`S
VALUE DATE(S) VALUE FROM VALUE DATE(S)
NORMAL
................................................................
TEMPERATURE (F)
RECORD
HIGH 74 02/24/2017
LOW -28 01/19/1971
HIGHEST 67 01/12 62 12/21
01/11
LOWEST 1 12/08 -8 02/01
AVG. MAXIMUM 38.6 33.6 5.0 35.8
AVG. MINIMUM 23.4 17.7 5.7 19.7
MEAN 31.0 25.6 5.4 27.8
DAYS MAX >= 90 0 0.0 0.0 0
DAYS MAX <= 32 18 37.9 -19.9 31
DAYS MIN <= 32 74 80.2 -6.2 82
DAYS MIN <= 0 0 7.3 -7.3 6
PRECIPITATION (INCHES)
RECORD
MAXIMUM 13.45 1870
MINIMUM 2.25 1980
TOTALS 9.26 7.72 1.54 10.01
DAILY AVG. 0.10 0.09 0.01 0.11
DAYS >= .01 32 35.1 -3.1 39
DAYS >= .10 21 17.6 3.4 23
DAYS >= .50 8 5.3 2.7 7
DAYS >= 1.00 1 1.0 0.0 2
GREATEST
24 HR. TOTAL 1.29 12/01 TO 12/01
SNOWFALL (INCHES)
RECORDS
24 HR TOTAL 23.5 02/14/1914 TO 02/14/1914
SNOW DEPTH 36 01/01/1970
12/29/1969
12/28/1969
TOTALS 40.0 43.8 -3.8 36.3
SNOWDEPTH AVG. 2
DAYS >= TRACE 48 25.3 22.7
DAYS >= 1.0 11 10.8 0.2
GREATEST
SNOW DEPTH 18 12/03 11 01/21
01/20
24 HR TOTAL 13.3 12/01 TO 12/01
DEGREE_DAYS
HEATING TOTAL 3072 3541 -469 3332
SINCE 7/1 4346 4980 -634 4708
COOLING TOTAL 0 0 0 0
SINCE 1/1 0 0 0 0
FREEZE DATES
RECORD
EARLIEST 09/24/1963
LATEST 05/27/1969
EARLIEST 10/10
LATEST 04/28
.................................................................
WIND (MPH)
AVERAGE WIND SPEED 7.6
HIGHEST WIND SPEED/DIRECTION 38/270 DATE 02/07
HIGHEST GUST SPEED/DIRECTION 47/270 DATE 02/07
WEATHER CONDITIONS. NUMBER OF DAYS WITH
THUNDERSTORM 0 MIXED PRECIP 0
HEAVY RAIN 0 RAIN 9
LIGHT RAIN 29 FREEZING RAIN 0
LT FREEZING RAIN 1 HAIL 2
HEAVY SNOW 4 SNOW 13
LIGHT SNOW 44 SLEET 7
FOG 29 FOG W/VIS <= 1/4 MILE 7
HAZE 8
- INDICATES NEGATIVE NUMBERS.
R INDICATES RECORD WAS SET OR TIED.
MM INDICATES DATA IS MISSING.
T INDICATES TRACE AMOUNT.
$$