000
CXUS54 KCRP 020100
CF6ALI
PRELIMINARY LOCAL CLIMATOLOGICAL DATA (WS FORM: F-6)
STATION: ALICE
MONTH: FEBRUARY
YEAR: 2022
LATITUDE: 27 44 N
LONGITUDE: 98 1 W
TEMPERATURE IN F: :PCPN: SNOW: WIND :SUNSHINE: SKY :PK WND
================================================================================
1 2 3 4 5 6A 6B 7 8 9 10 11 12 13 14 15 16 17 18
12Z AVG MX 2MIN
DY MAX MIN AVG DEP HDD CDD WTR SNW DPTH SPD SPD DIR MIN PSBL S-S WX SPD DR
================================================================================
1 78 51 65 6 0 0 0.00 0.0 0 6.5 14 130 M M 2 12 17 140
2 82 51 67 8 0 2 0.00 0.0 0 9.8 23 360 M M 9 128 30 10
3 51 32 42 -17 23 0 0.02 0.0 0 18.9 24 340 M M 10 1 35 360
4 47 29 38 -21 27 0 0.00 0.0 0 15.4 25 320 M M 6 32 340
5 55 24 40 -20 25 0 0.00 0.0 0 6.2 14 20 M M 0 17 50
6 68 30 49 -11 16 0 0.00 0.0 0 6.8 15 150 M M 4 20 150
7 70 40 55 -5 10 0 T 0.0 0 9.2 21 360 M M 3 27 10
8 72 34 53 -7 12 0 0.00 0.0 0 5.3 16 130 M M 0 22 140
9 75 36 56 -4 9 0 0.00 0.0 0 6.9 18 110 M M 0 23 120
10 72 36 54 -6 11 0 0.00 0.0 0 4.5 12 110 M M 0 17 110
11 80 40 60 -1 5 0 0.00 0.0 0 8.1 20 150 M M 1 25 150
12 73 39 56 -5 9 0 T 0.0 0 13.1 32 20 M M 6 12 41 20
13 68 29 49 -12 16 0 0.00 0.0 0 6.3 13 140 M M 0 16 120
14 72 33 53 -8 12 0 0.00 0.0 0 9.2 22 130 M M 0 27 120
15 80 38 59 -2 6 0 0.00 0.0 0 11.3 26 140 M M 2 12 33 140
16 87 59 73 11 0 8 0.00 0.0 0 17.3 31 170 M M 4 40 160
17 87 47 67 5 0 2 0.00 0.0 0 16.7 31 20 M M 1 39 30
18 63 39 51 -11 14 0 0.00 0.0 0 10.3 25 360 M M 0 31 10
19 64 44 54 -8 11 0 0.00 0.0 0 7.3 14 90 M M 2 18 70
20 77 47 62 0 3 0 0.00 0.0 0 7.8 15 130 M M 6 1 21 140
21 90 65 78 15 0 13 0.00 0.0 0 16.7 30 170 M M 4 1 41 170
22 97 67 82 19 0 17 0.00 0.0 0 11.7 23 130 M M 0 18 30 110
23 71 34 53 -10 12 0 T 0.0 0 14.8 23 360 M M 10 1 28 20
24 47 34 41 -22 24 0 T 0.0 0 10.5 18 10 M M 10 1 22 10
25 42 36 39 -24 26 0 0.01 0.0 0 10.9 17 10 M M 10 18 26 10
26 45 37 41 -23 24 0 0.05 0.0 0 10.3 15 350 M M 10 18 18 350
27 61 41 51 -13 14 0 T 0.0 0 11.3 20 340 M M 7 1 25 350
28 70 31 51 -13 14 0 0.00 0.0 0 6.4 15 130 M M 0 17 130
================================================================================
SM 1944 1123 323 42 0.08 0.0 289.5 M 107
================================================================================
AV 69.4 40.1 10.3 FASTST M M 4 MAX(MPH)
MISC ----> 32 20 # 41 20
================================================================================
NOTES:
# LAST OF SEVERAL OCCURRENCES
COLUMN 17 PEAK WIND IN M.P.H.
PRELIMINARY LOCAL CLIMATOLOGICAL DATA (WS FORM: F-6) , PAGE 2
STATION: ALICE
MONTH: FEBRUARY
YEAR: 2022
LATITUDE: 27 44 N
LONGITUDE: 98 1 W
[TEMPERATURE DATA] [PRECIPITATION DATA] SYMBOLS USED IN COLUMN 16
AVERAGE MONTHLY: 54.8 TOTAL FOR MONTH: 0.08 1 = FOG OR MIST
DPTR FM NORMAL: -6.5 DPTR FM NORMAL: -1.25 2 = FOG REDUCING VISIBILITY
HIGHEST: 97 ON 22 GRTST 24HR 0.06 ON 31- 1 TO 1/4 MILE OR LESS
LOWEST: 24 ON 5 3 = THUNDER
SNOW, ICE PELLETS, HAIL 4 = ICE PELLETS
TOTAL MONTH: 0.0 INCH 5 = HAIL
GRTST 24HR 0.0 6 = FREEZING RAIN OR DRIZZLE
GRTST DEPTH: 0 7 = DUSTSTORM OR SANDSTORM:
VSBY 1/2 MILE OR LESS
8 = SMOKE OR HAZE
[NO. OF DAYS WITH] [WEATHER - DAYS WITH] 9 = BLOWING SNOW
X = TORNADO
MAX 32 OR BELOW: 0 0.01 INCH OR MORE: 3
MAX 90 OR ABOVE: 2 0.10 INCH OR MORE: 0
MIN 32 OR BELOW: 6 0.50 INCH OR MORE: 0
MIN 0 OR BELOW: 0 1.00 INCH OR MORE: 0
[HDD (BASE 65) ]
TOTAL THIS MO. 323 CLEAR (SCALE 0-3) 14
DPTR FM NORMAL 156 PTCLDY (SCALE 4-7) 8
TOTAL FM JUL 1 746 CLOUDY (SCALE 8-10) 6
DPTR FM NORMAL -50
[CDD (BASE 65) ]
TOTAL THIS MO. 42
DPTR FM NORMAL -23 [PRESSURE DATA]
TOTAL FM JAN 1 74 HIGHEST SLP 30.67 ON 5
DPTR FM NORMAL -23 LOWEST SLP 29.66 ON 2
[REMARKS]
#FINAL-02-22#