960
CXUS54 KCRP 011310
CF6ALI
PRELIMINARY LOCAL CLIMATOLOGICAL DATA (WS FORM: F-6)
STATION: ALICE
MONTH: JANUARY
YEAR: 2021
LATITUDE: 27 44 N
LONGITUDE: 98 1 W
TEMPERATURE IN F: :PCPN: SNOW: WIND :SUNSHINE: SKY :PK WND
================================================================================
1 2 3 4 5 6A 6B 7 8 9 10 11 12 13 14 15 16 17 18
12Z AVG MX 2MIN
DY MAX MIN AVG DEP HDD CDD WTR SNW DPTH SPD SPD DIR MIN PSBL S-S WX SPD DR
================================================================================
1 65 36 51 -5 14 0 0.00 0.0 0 8.1 17 340 M M 1 23 310
2 66 36 51 -5 14 0 0.00 0.0 0 5.9 14 310 M M 0 18 330
3 75 39 57 1 8 0 0.00 0.0 0 8.4 18 220 M M 0 21 230
4 82 43 63 7 2 0 0.00 0.0 0 3.9 9 110 M M 2 12 13 110
5 82 59 71 15 0 6 0.00 0.0 0 6.4 17 140 M M 7 12 24 130
6 80 56 68 12 0 3 T 0.0 0 9.9 25 300 M M 5 12 32 310
7 72 39 56 0 9 0 0.00 0.0 0 9.9 21 330 M M 0 25 350
8 64 36 50 -6 15 0 0.00 0.0 0 7.6 14 70 M M 0 19 60
9 56 39 48 -8 17 0 0.00 0.0 0 10.8 18 50 M M 7 24 60
10 53 38 46 -10 19 0 0.80 0.0 0 17.6 29 350 M M 9 1 36 350
11 54 37 46 -10 19 0 0.00 0.0 0 10.1 21 350 M M 5 28 350
12 37 32 35 -21 30 0 M M 0 5.8 6 340 M M 0 M M
13 65 29 47 -9 18 0 0.00 0.0 0 M 10 190 M M M 14 170
14 85 36 61 5 4 0 0.00 0.0 M 10.2 21 290 M M 0 1 26 290
15 67 38 53 -3 12 0 0.00 0.0 M 8.5 18 10 M M 0 23 20
16 68 35 52 -4 13 0 0.00 0.0 M 6.7 15 120 M M 0 19 110
17 41 40 41 -15 24 0 0.00 0.0 0 4.6 5 10 M M 0 M M
18 M M M M M M M 0.0 0 M M M M M M M M
19 M M M M M M M M M M M M M M M M M
20 66 54 60 4 5 0 0.05 0.0 M 9.2 17 30 M M 10 1 22 20
21 63 54 59 3 6 0 0.00 0.0 0 2.4 9 340 M M 10 1 12 350
22 82 59 71 14 0 6 0.00 0.0 0 4.5 12 60 M M 3 1 15 320
23 68 56 62 5 3 0 T 0.0 0 7.4 15 60 M M 9 12 19 70
24 81 65 73 16 0 8 T 0.0 M 11.7 25 140 M M 9 12 33 140
25 85 67 76 19 0 11 0.00 0.0 M 10.4 23 170 M M 8 8 31 180
26 83 59 71 14 0 6 0.00 0.0 M 7.3 17 70 M M 4 12 22 80
27 74 51 63 6 2 0 0.01 0.0 0 12.1 26 360 M M 4 12 34 360
28 65 41 53 -5 12 0 0.00 0.0 0 8.3 17 60 M M 0 21 60
29 77 45 61 3 4 0 0.00 0.0 0 8.8 20 120 M M 4 25 130
30 87 60 74 16 0 9 0.00 0.0 0 8.1 26 190 M M 5 34 200
31 82 52 67 9 0 2 0.00 0.0 M 9.7 20 10 M M 2 12 25 10
================================================================================
SM 2025 1331 250 51 0.86 0.0 234.3 M 104
================================================================================
AV 69.8 45.9 8.4 FASTST M M 4 MAX(MPH)
MISC ----> 29 350 36 350
================================================================================
NOTES:
# LAST OF SEVERAL OCCURRENCES
COLUMN 17 PEAK WIND IN M.P.H.
PRELIMINARY LOCAL CLIMATOLOGICAL DATA (WS FORM: F-6) , PAGE 2
STATION: ALICE
MONTH: JANUARY
YEAR: 2021
LATITUDE: 27 44 N
LONGITUDE: 98 1 W
[TEMPERATURE DATA] [PRECIPITATION DATA] SYMBOLS USED IN COLUMN 16
AVERAGE MONTHLY: 57.9 TOTAL FOR MONTH: 0.86 1 = FOG OR MIST
DPTR FM NORMAL: 1.4 DPTR FM NORMAL: -0.43 2 = FOG REDUCING VISIBILITY
HIGHEST: 87 ON 30 GRTST 24HR 0.80 ON 10-10 TO 1/4 MILE OR LESS
LOWEST: 29 ON 13 3 = THUNDER
SNOW, ICE PELLETS, HAIL 4 = ICE PELLETS
TOTAL MONTH: 0.0 INCH 5 = HAIL
GRTST 24HR 0.0 6 = FREEZING RAIN OR DRIZZLE
GRTST DEPTH: 0 7 = DUSTSTORM OR SANDSTORM:
VSBY 1/2 MILE OR LESS
8 = SMOKE OR HAZE
[NO. OF DAYS WITH] [WEATHER - DAYS WITH] 9 = BLOWING SNOW
X = TORNADO
MAX 32 OR BELOW: 0 0.01 INCH OR MORE: 3
MAX 90 OR ABOVE: 0 0.10 INCH OR MORE: 1
MIN 32 OR BELOW: 2 0.50 INCH OR MORE: 1
MIN 0 OR BELOW: 0 1.00 INCH OR MORE: 0
[HDD (BASE 65) ]
TOTAL THIS MO. 250 CLEAR (SCALE 0-3) 13
DPTR FM NORMAL -42 PTCLDY (SCALE 4-7) 9
TOTAL FM JUL 1 506 CLOUDY (SCALE 8-10) 9
DPTR FM NORMAL -132
[CDD (BASE 65) ]
TOTAL THIS MO. 51
DPTR FM NORMAL 24 [PRESSURE DATA]
TOTAL FM JAN 1 51 HIGHEST SLP 30.55 ON 28
DPTR FM NORMAL 24 LOWEST SLP 29.62 ON 25
[REMARKS]
#FINAL-01-21#