000
CXUS54 KBMX 011110
CF6ANB
PRELIMINARY LOCAL CLIMATOLOGICAL DATA (WS FORM: F-6)
STATION: ANNISTON
MONTH: FEBRUARY
YEAR: 2021
LATITUDE: 33 35 N
LONGITUDE: 85 51 W
TEMPERATURE IN F: :PCPN: SNOW: WIND :SUNSHINE: SKY :PK WND
================================================================================
1 2 3 4 5 6A 6B 7 8 9 10 11 12 13 14 15 16 17 18
12Z AVG MX 2MIN
DY MAX MIN AVG DEP HDD CDD WTR SNW DPTH SPD SPD DIR MIN PSBL S-S WX SPD DR
================================================================================
1 43 37 40 -4 25 0 0.00 0.0 0 10.9 23 300 M M 10 33 300
2 47 31 39 -6 26 0 0.00 0.0 0 8.4 20 360 M M 0 26 350
3 51 26 39 -6 26 0 0.00 0.0 0 3.5 14 340 M M 0 19 340
4 59 28 44 -1 21 0 0.00 0.0 0 5.8 18 220 M M 4 26 210
5 58 32 45 0 20 0 0.15 0.0 0 4.7 15 300 M M 3 1 21 190
6 50 30 40 -5 25 0 0.18 0.0 0 7.0 15 70 M M 8 1 23 100
7 50 32 41 -4 24 0 0.06 0.0 0 5.1 14 30 M M 8 1 17 40
8 62 32 47 1 18 0 0.00 0.0 M 7.7 17 130 M M 0 23 130
9 70 46 58 12 7 0 T 0.0 M 4.7 12 50 M M 6 14 340
10 73 41 57 11 8 0 0.00 0.0 0 2.7 9 250 M M 2 1 11 220
11 63 48 56 10 9 0 0.93 0.0 0 2.1 9 290 M M 8 13 12 190
12 54 44 49 3 16 0 0.01 0.0 M 6.1 14 360 M M 10 1 19 360
13 48 40 44 -3 21 0 0.53 0.0 M 6.8 13 360 M M 10 1 15 360
14 48 40 44 -3 21 0 0.00 0.0 0 7.0 13 360 M M 10 18 16 360
15 51 31 41 -6 24 0 0.30 T 0 9.2 20 260 M M 10 13 26 270
16 31 20 26 -21 39 0 T T 0 7.9 16 280 M M 7 22 270
17 56 20 38 -10 27 0 0.18 0.0 0 5.6 15 50 M M 3 1 20 50
18 49 39 44 -4 21 0 0.53 0.0 0 6.9 20 270 M M 10 1 23 270
19 48 28 38 -10 27 0 0.00 0.0 0 6.6 13 360 M M 5 18 20
20 56 22 39 -9 26 0 0.00 0.0 0 2.7 9 340 M M 0 1 13 340
21 63 31 47 -2 18 0 T M 0 6.7 17 120 M M 1 21 160
22 65 35 50 1 15 0 0.01 0.0 0 6.7 20 250 M M 5 1 23 250
23 71 30 51 2 14 0 0.00 0.0 M 4.1 15 250 M M 0 19 240
24 74 34 54 4 11 0 0.00 0.0 0 3.7 17 240 M M 0 22 240
25 76 44 60 10 5 0 0.00 0.0 0 4.1 12 10 M M 2 15 10
26 66 50 58 8 7 0 0.27 0.0 0 7.5 20 360 M M 8 1 24 20
27 73 59 66 16 0 1 0.01 0.0 0 4.6 12 160 M M 9 1 16 220
28 81 61 71 21 0 6 0.00 0.0 0 8.1 20 210 M M 5 1 28 220
================================================================================
SM 1636 1011 501 7 3.16 T 166.9 M 144
================================================================================
AV 58.4 36.1 6.0 FASTST M M 5 MAX(MPH)
MISC ----> 23 300 33 300
================================================================================
NOTES:
# LAST OF SEVERAL OCCURRENCES
COLUMN 17 PEAK WIND IN M.P.H.
PRELIMINARY LOCAL CLIMATOLOGICAL DATA (WS FORM: F-6) , PAGE 2
STATION: ANNISTON
MONTH: FEBRUARY
YEAR: 2021
LATITUDE: 33 35 N
LONGITUDE: 85 51 W
[TEMPERATURE DATA] [PRECIPITATION DATA] SYMBOLS USED IN COLUMN 16
AVERAGE MONTHLY: 47.3 TOTAL FOR MONTH: 3.16 1 = FOG OR MIST
DPTR FM NORMAL: 0.1 DPTR FM NORMAL: -1.92 2 = FOG REDUCING VISIBILITY
HIGHEST: 81 ON 28 GRTST 24HR 0.93 ON 11-11 TO 1/4 MILE OR LESS
LOWEST: 20 ON 17,16 3 = THUNDER
SNOW, ICE PELLETS, HAIL 4 = ICE PELLETS
TOTAL MONTH: T 5 = HAIL
GRTST 24HR T ON 15-15 6 = FREEZING RAIN OR DRIZZLE
GRTST DEPTH: 0 7 = DUSTSTORM OR SANDSTORM:
VSBY 1/2 MILE OR LESS
8 = SMOKE OR HAZE
[NO. OF DAYS WITH] [WEATHER - DAYS WITH] 9 = BLOWING SNOW
X = TORNADO
MAX 32 OR BELOW: 1 0.01 INCH OR MORE: 12
MAX 90 OR ABOVE: 0 0.10 INCH OR MORE: 8
MIN 32 OR BELOW: 14 0.50 INCH OR MORE: 3
MIN 0 OR BELOW: 0 1.00 INCH OR MORE: 0
[HDD (BASE 65) ]
TOTAL THIS MO. 501 CLEAR (SCALE 0-3) 10
DPTR FM NORMAL 2 PTCLDY (SCALE 4-7) 10
TOTAL FM JUL 1 1969 CLOUDY (SCALE 8-10) 8
DPTR FM NORMAL -304
[CDD (BASE 65) ]
TOTAL THIS MO. 7
DPTR FM NORMAL 6 [PRESSURE DATA]
TOTAL FM JAN 1 7 HIGHEST SLP 30.47 ON 20
DPTR FM NORMAL 7 LOWEST SLP 29.71 ON 15
[REMARKS]
#FINAL-02-21#