000
CXAK56 PAFC 011313
CF6ANC
PRELIMINARY LOCAL CLIMATOLOGICAL DATA (WS FORM: F-6)
STATION: ANCHORAGE AK
MONTH: NOVEMBER
YEAR: 2021
LATITUDE: 61 10 N
LONGITUDE: 150 2 W
TEMPERATURE IN F: :PCPN: SNOW: WIND :SUNSHINE: SKY :PK WND
================================================================================
1 2 3 4 5 6A 6B 7 8 9 10 11 12 13 14 15 16 17 18
12Z AVG MX 2MIN
DY MAX MIN AVG DEP HDD CDD WTR SNW DPTH SPD SPD DIR MIN PSBL S-S WX SPD DR
================================================================================
1 39 36 38 10 27 0 0.27 0.0 0 6.8 12 360 M M 9 M M
2 38 35 37 9 28 0 0.13 0.0 0 4.9 10 20 M M 10 1 12 10
3 46 35 41 14 24 0 T 0.0 0 5.8 22 170 M M 8 1 33 160
4 42 33 38 11 27 0 0.11 0.5 0 6.6 18 200 M M 10 1 29 200
5 37 32 35 9 30 0 0.08 T 1 2.1 8 50 M M 10 1 13 190
6 34 30 32 6 33 0 T T 0 6.2 10 360 M M 10 18 15 360
7 32 28 30 4 35 0 T 0.2 0 5.8 9 360 M M 9 1 17 140
8 29 21 25 0 40 0 T T T 3.0 9 20 M M 7 14 10
9 24 12 18 -7 47 0 T T T 4.6 12 350 M M 3 18 14 340
10 20 11 16 -8 49 0 0.10 2.2 T 5.1 12 10 M M 7 1 14 360
11 23 19 21 -3 44 0 0.21 8.0 3 6.5 13 360 M M 10 1 18 140
12 22 18 20 -4 45 0 0.01 1.7 9 7.7 17 10 M M 9 23 10
13 20 9 15 -9 50 0 T T 8 8.1 15 10 M M 5 19 10
14 17 3 10 -13 55 0 0.00 0.0 7 2.5 7 340 M M 3 128 9 320
15 14 4 9 -14 56 0 T T 6 3.3 9 70 M M 8 128 10 40
16 11 -3 4 -19 61 0 T T 5 3.5 13 10 M M 3 128 16 10
17 10 -2 4 -19 61 0 0.00 0.0 5 10.2 23 340 M M 4 30 340
18 11 -5 3 -19 62 0 T T 5 3.5 13 20 M M 4 17 20
19 7 -7 0 -22 65 0 T T 5 1.5 9 60 M M 2 18 10 50
20 10 -3 4 -18 61 0 0.00 0.0 5 8.7 20 10 M M 0 25 10
21 8 -6 1 -21 64 0 0.00 0.0 5 2.5 7 70 M M 0 9 110
22 9 -7 1 -21 64 0 T T 5 5.8 15 340 M M 7 18 340
23 13 0 7 -15 58 0 T T 5 5.2 16 40 M M 8 18 20 360
24 20 11 16 -6 49 0 0.01 0.2 5 6.2 15 10 M M 8 18 19 10
25 19 8 14 -8 51 0 0.07 1.3 5 5.9 14 360 M M 9 18 18 10
26 9 4 7 -14 58 0 T T 7 6.7 10 10 M M 6 18 18 180
27 8 -7 1 -20 64 0 T T 6 4.2 13 360 M M 4 16 360
28 3 -8 -2 -23 67 0 T T 6 4.7 13 20 M M 7 18 15 20
29 20 1 11 -10 54 0 T T 6 11.4 20 10 M M 9 8 28 10
30 28 20 24 3 41 0 0.19 2.4 6 5.0 17 350 M M 9 18 21 350
================================================================================
SM 623 322 1470 0 1.18 16.5 164.0 M 198
================================================================================
AV 20.8 10.7 5.5 FASTST M M 7 MAX(MPH)
MISC ----> 23 340 33 160
================================================================================
NOTES:
# LAST OF SEVERAL OCCURRENCES
COLUMN 17 PEAK WIND IN M.P.H.
PRELIMINARY LOCAL CLIMATOLOGICAL DATA (WS FORM: F-6) , PAGE 2
STATION: ANCHORAGE AK
MONTH: NOVEMBER
YEAR: 2021
LATITUDE: 61 10 N
LONGITUDE: 150 2 W
[TEMPERATURE DATA] [PRECIPITATION DATA] SYMBOLS USED IN COLUMN 16
AVERAGE MONTHLY: 15.8 TOTAL FOR MONTH: 1.18 1 = FOG OR MIST
DPTR FM NORMAL: -7.8 DPTR FM NORMAL: -0.01 2 = FOG REDUCING VISIBILITY
HIGHEST: 46 ON 3 GRTST 24HR 0.40 ON 1- 2 TO 1/4 MILE OR LESS
LOWEST: -8 ON 28 3 = THUNDER
SNOW, ICE PELLETS, HAIL 4 = ICE PELLETS
TOTAL MONTH: 16.5 INCHES 5 = HAIL
GRTST 24HR 8.0 ON 11-11 6 = FREEZING RAIN OR DRIZZLE
GRTST DEPTH: 9 ON 12 7 = DUSTSTORM OR SANDSTORM:
VSBY 1/2 MILE OR LESS
8 = SMOKE OR HAZE
[NO. OF DAYS WITH] [WEATHER - DAYS WITH] 9 = BLOWING SNOW
X = TORNADO
MAX 32 OR BELOW: 24 0.01 INCH OR MORE: 10
MAX 90 OR ABOVE: 0 0.10 INCH OR MORE: 6
MIN 32 OR BELOW: 26 0.50 INCH OR MORE: 0
MIN 0 OR BELOW: 10 1.00 INCH OR MORE: 0
[HDD (BASE 65) ]
TOTAL THIS MO. 1470 CLEAR (SCALE 0-3) 5
DPTR FM NORMAL 228 PTCLDY (SCALE 4-7) 13
TOTAL FM JUL 1 3240 CLOUDY (SCALE 8-10) 12
DPTR FM NORMAL 229
[CDD (BASE 65) ]
TOTAL THIS MO. 0
DPTR FM NORMAL 0 [PRESSURE DATA]
TOTAL FM JAN 1 11 HIGHEST SLP 30.14 ON 20
DPTR FM NORMAL 3 LOWEST SLP 28.86 ON 30
[REMARKS]
#FINAL-11-21#