000
CXUS53 KAPX 010631
CF6ANJ
PRELIMINARY LOCAL CLIMATOLOGICAL DATA (WS FORM: F-6)
STATION: SAULT STE MARIE MI
MONTH: JUNE
YEAR: 2020
LATITUDE: 46 28 N
LONGITUDE: 84 21 W
TEMPERATURE IN F: :PCPN: SNOW: WIND :SUNSHINE: SKY :PK WND
================================================================================
1 2 3 4 5 6A 6B 7 8 9 10 11 12 13 14 15 16 17 18
12Z AVG MX 2MIN
DY MAX MIN AVG DEP HDD CDD WTR SNW DPTH SPD SPD DIR MIN PSBL S-S WX SPD DR
================================================================================
1 74 41 58 2 7 0 0.19 0.0 0 5.4 18 200 M M 4 1 27 260
2 81 54 68 12 0 3 0.00 0.0 0 6.5 17 310 M M 4 1 23 310
3 74 53 64 7 1 0 0.00 0.0 0 6.6 16 290 M M 4 23 290
4 78 45 62 5 3 0 0.00 0.0 0 3.7 13 180 M M 2 12 21 180
5 70 52 61 4 4 0 0.05 0.0 0 2.8 12 180 M M 3 17 330
6 67 45 56 -2 9 0 0.00 0.0 0 9.0 20 310 M M 2 29 320
7 64 42 53 -5 12 0 0.00 0.0 0 2.4 10 290 M M 3 14 290
8 72 54 63 5 2 0 0.00 0.0 0 7.4 16 150 M M 4 27 140
9 83 53 68 10 0 3 0.00 0.0 0 6.2 14 110 M M 0 26 100
10 79 48 64 5 1 0 1.53 0.0 0 14.2 35 200 M M 7 1 51 220
11 58 42 50 -9 15 0 0.16 0.0 0 13.8 24 300 M M 9 18 39 310
12 49 41 45 -14 20 0 0.00 0.0 0 11.1 21 310 M M 5 29 300
13 64 37 51 -8 14 0 0.00 0.0 0 5.2 16 290 M M 0 24 310
14 70 40 55 -5 10 0 0.00 0.0 0 4.8 13 160 M M 0 18 150
15 72 44 58 -2 7 0 0.00 0.0 0 6.3 17 130 M M 0 24 140
16 79 47 63 3 2 0 0.00 0.0 0 6.1 15 200 M M 0 24 200
17 85 54 70 10 0 5 0.00 0.0 0 4.0 12 230 M M 0 16 210
18 86 56 71 10 0 6 0.00 0.0 0 4.8 12 230 M M 0 18 200
19 87 58 73 12 0 8 0.00 0.0 0 5.2 14 210 M M 0 19 200
20 85 58 72 11 0 7 0.00 0.0 0 3.2 12 150 M M 3 1 19 150
21 72 58 65 3 0 0 0.09 0.0 0 4.0 12 320 M M 7 13 15 340
22 75 57 66 4 0 1 0.34 0.0 0 3.0 15 250 M M 7 128 22 250
23 64 55 60 -2 5 0 2.28 0.0 0 6.5 18 330 M M 10 1 33 330
24 58 50 54 -8 11 0 0.10 0.0 0 9.2 18 300 M M 9 1 30 310
25 76 53 65 3 0 0 0.00 0.0 0 6.2 15 280 M M 2 21 270
26 84 51 68 5 0 3 T 0.0 0 4.4 17 210 M M 2 24 200
27 70 58 64 1 1 0 0.00 0.0 0 9.1 16 310 M M 6 1 24 330
28 84 52 68 5 0 3 0.00 0.0 0 4.7 13 300 M M 0 19 290
29 87 57 72 9 0 7 0.00 0.0 0 4.3 13 120 M M 0 18 140
30 87 62 75 11 0 10 0.00 0.0 0 4.6 12 190 M M 0 8 17 140
================================================================================
SM 2234 1517 124 56 4.74 0.0 184.7 M 93
================================================================================
AV 74.5 50.6 6.2 FASTST M M 3 MAX(MPH)
MISC ----> # 35 200 # 51 220
================================================================================
NOTES:
# LAST OF SEVERAL OCCURRENCES
COLUMN 17 PEAK WIND IN M.P.H.
PRELIMINARY LOCAL CLIMATOLOGICAL DATA (WS FORM: F-6) , PAGE 2
STATION: SAULT STE MARIE MI
MONTH: JUNE
YEAR: 2020
LATITUDE: 46 28 N
LONGITUDE: 84 21 W
[TEMPERATURE DATA] [PRECIPITATION DATA] SYMBOLS USED IN COLUMN 16
AVERAGE MONTHLY: 62.5 TOTAL FOR MONTH: 4.74 1 = FOG OR MIST
DPTR FM NORMAL: 2.5 DPTR FM NORMAL: 2.04 2 = FOG REDUCING VISIBILITY
HIGHEST: 87 ON 30,29 GRTST 24HR 2.28 ON 23-23 TO 1/4 MILE OR LESS
LOWEST: 37 ON 13 3 = THUNDER
SNOW, ICE PELLETS, HAIL 4 = ICE PELLETS
TOTAL MONTH: 0.0 INCH 5 = HAIL
GRTST 24HR 0.0 6 = FREEZING RAIN OR DRIZZLE
GRTST DEPTH: 0 7 = DUSTSTORM OR SANDSTORM:
VSBY 1/2 MILE OR LESS
8 = SMOKE OR HAZE
[NO. OF DAYS WITH] [WEATHER - DAYS WITH] 9 = BLOWING SNOW
X = TORNADO
MAX 32 OR BELOW: 0 0.01 INCH OR MORE: 8
MAX 90 OR ABOVE: 0 0.10 INCH OR MORE: 6
MIN 32 OR BELOW: 0 0.50 INCH OR MORE: 2
MIN 0 OR BELOW: 0 1.00 INCH OR MORE: 2
[HDD (BASE 65) ]
TOTAL THIS MO. 124 CLEAR (SCALE 0-3) 18
DPTR FM NORMAL -56 PTCLDY (SCALE 4-7) 9
TOTAL FM JUL 1 8037 CLOUDY (SCALE 8-10) 3
DPTR FM NORMAL -626
[CDD (BASE 65) ]
TOTAL THIS MO. 56
DPTR FM NORMAL 26 [PRESSURE DATA]
TOTAL FM JAN 1 87 HIGHEST SLP M ON M
DPTR FM NORMAL 52 LOWEST SLP 29.35 ON 10
[REMARKS]
#FINAL-06-20#