000
CXUS53 KIWX 010910
CF6AOH
PRELIMINARY LOCAL CLIMATOLOGICAL DATA (WS FORM: F-6)
STATION: LIMA
MONTH: FEBRUARY
YEAR: 2023
LATITUDE: 40 42 N
LONGITUDE: 84 1 W
TEMPERATURE IN F: :PCPN: SNOW: WIND :SUNSHINE: SKY :PK WND
================================================================================
1 2 3 4 5 6A 6B 7 8 9 10 11 12 13 14 15 16 17 18
12Z AVG MX 2MIN
DY MAX MIN AVG DEP HDD CDD WTR SNW DPTH SPD SPD DIR MIN PSBL S-S WX SPD DR
================================================================================
1 27 10 19 -8 46 0 0.00 M M 5.5 10 230 M M 0 14 240
2 38 20 29 2 36 0 0.00 M M 13.1 25 310 M M 1 34 240
3 23 11 17 -10 48 0 T M M 10.8 21 300 M M 6 8 31 290
4 42 13 28 0 37 0 0.00 0.0 M 14.8 24 190 M M 2 34 180
5 47 34 41 13 24 0 0.00 0.0 M 14.3 25 230 M M 5 33 230
6 42 31 37 9 28 0 0.00 0.0 M 9.0 18 150 M M 5 26 330
7 58 34 46 18 19 0 0.00 0.0 0 15.7 30 250 M M 4 43 200
8 47 28 38 10 27 0 0.14 M M 6.1 12 280 M M 4 1 16 290
9 62 38 50 22 15 0 0.79 0.0 0 21.8 39 240 M M 10 18 60 250
10 42 29 36 7 29 0 0.00 M M 15.2 28 260 M M 7 1 36 270
11 41 23 32 3 33 0 0.00 M M 3.8 14 320 M M 0 18 320
12 51 25 38 9 27 0 0.00 M M 4.1 12 340 M M 0 14 350
13 53 32 43 14 22 0 0.00 M M 11.7 28 270 M M 0 35 270
14 54 28 41 11 24 0 0.00 M M 12.1 22 180 M M 2 32 180
15 66 40 53 23 12 0 0.01 M M 20.1 38 240 M M 2 55 230
16 59 35 47 17 18 0 0.33 M M 10.4 36 260 M M 8 18 47 260
17 42 22 32 2 33 0 T M M 14.7 25 320 M M 9 1 34 320
18 45 22 34 4 31 0 0.00 M M 13.1 24 240 M M 0 33 230
19 55 36 46 15 19 0 0.00 M M 14.9 30 210 M M 1 40 220
20 53 33 43 12 22 0 0.00 M M 4.6 14 230 M M 1 18 240
21 44 34 39 8 26 0 0.00 M M 13.4 37 270 M M 2 48 260
22 43 35 39 7 26 0 1.25 M M 11.3 21 50 M M 10 13 32 100
23 66 32 49 17 16 0 0.00 0.0 0 15.0 31 290 M M 7 12 42 290
24 36 28 32 0 33 0 0.00 M M 9.8 29 290 M M 8 37 300
25 45 28 37 5 28 0 T M M 7.8 16 100 M M 5 25 270
26 51 30 41 8 24 0 0.00 M M 8.4 16 280 M M 1 1 22 260
27 59 33 46 13 19 0 0.71 M M 18.0 38 260 M M 8 1 51 280
28 46 35 41 7 24 0 0.00 M M 12.1 37 260 M M 7 50 250
================================================================================
SM 1337 799 746 0 3.23 0.0 331.6 M 115
================================================================================
AV 47.8 28.5 11.8 FASTST M M 4 MAX(MPH)
MISC ----> 39 240 60 250
================================================================================
NOTES:
# LAST OF SEVERAL OCCURRENCES
COLUMN 17 PEAK WIND IN M.P.H.
PRELIMINARY LOCAL CLIMATOLOGICAL DATA (WS FORM: F-6) , PAGE 2
STATION: LIMA
MONTH: FEBRUARY
YEAR: 2023
LATITUDE: 40 42 N
LONGITUDE: 84 1 W
[TEMPERATURE DATA] [PRECIPITATION DATA] SYMBOLS USED IN COLUMN 16
AVERAGE MONTHLY: 38.1 TOTAL FOR MONTH: 3.23 1 = FOG OR MIST
DPTR FM NORMAL: 8.2 DPTR FM NORMAL: 1.38 2 = FOG REDUCING VISIBILITY
HIGHEST: 66 ON 23,15 GRTST 24HR 1.25 ON 22-22 TO 1/4 MILE OR LESS
LOWEST: 10 ON 1 3 = THUNDER
SNOW, ICE PELLETS, HAIL 4 = ICE PELLETS
TOTAL MONTH: 0.0 INCH 5 = HAIL
GRTST 24HR 0.0 6 = FREEZING RAIN OR DRIZZLE
GRTST DEPTH: 0 7 = DUSTSTORM OR SANDSTORM:
VSBY 1/2 MILE OR LESS
8 = SMOKE OR HAZE
[NO. OF DAYS WITH] [WEATHER - DAYS WITH] 9 = BLOWING SNOW
X = TORNADO
MAX 32 OR BELOW: 2 0.01 INCH OR MORE: 6
MAX 90 OR ABOVE: 0 0.10 INCH OR MORE: 5
MIN 32 OR BELOW: 17 0.50 INCH OR MORE: 3
MIN 0 OR BELOW: 0 1.00 INCH OR MORE: 1
[HDD (BASE 65) ]
TOTAL THIS MO. 746 CLEAR (SCALE 0-3) 13
DPTR FM NORMAL -238 PTCLDY (SCALE 4-7) 11
TOTAL FM JUL 1 3623 CLOUDY (SCALE 8-10) 4
DPTR FM NORMAL -714
[CDD (BASE 65) ]
TOTAL THIS MO. 0
DPTR FM NORMAL 0 [PRESSURE DATA]
TOTAL FM JAN 1 0 HIGHEST SLP M ON M
DPTR FM NORMAL 0 LOWEST SLP 29.07 ON 27
[REMARKS]
#FINAL-02-23#