000
CXUS52 KMFL 191819
CF6APF
PRELIMINARY LOCAL CLIMATOLOGICAL DATA (WS FORM: F-6)
STATION: NAPLES
MONTH: SEPTEMBER
YEAR: 2022
LATITUDE: 26 8 N
LONGITUDE: 81 46 W
TEMPERATURE IN F: :PCPN: SNOW: WIND :SUNSHINE: SKY :PK WND
================================================================================
1 2 3 4 5 6A 6B 7 8 9 10 11 12 13 14 15 16 17 18
12Z AVG MX 2MIN
DY MAX MIN AVG DEP HDD CDD WTR SNW DPTH SPD SPD DIR MIN PSBL S-S WX SPD DR
================================================================================
1 91 77 84 1 0 19 0.15 0.0 0 5.1 16 260 M M 2 13 22 260
2 92 76 84 1 0 19 0.90 0.0 0 6.0 16 260 M M 2 13 20 260
3 93 75 84 1 0 19 0.29 0.0 0 6.0 22 150 M M 2 13 27 150
4 94 77 86 3 0 21 0.02 0.0 0 5.8 16 70 M M 3 13 21 110
5 92 76 84 1 0 19 T 0.0 0 4.8 20 90 M M 2 3 24 90
6 91 75 83 0 0 18 1.56 0.0 0 4.9 24 50 M M 2 13 32 30
7 92 77 85 2 0 20 T 0.0 0 5.3 16 50 M M 1 3 22 10
8 90 73 82 -1 0 17 1.33 0.0 0 6.2 20 320 M M 3 13 27 310
9 90 74 82 -1 0 17 0.03 0.0 0 7.6 20 200 M M 3 1 24 190
10 91 76 84 1 0 19 0.04 0.0 0 7.7 18 200 M M 1 1 27 160
11 92 76 84 1 0 19 0.06 0.0 0 5.9 23 80 M M 1 13 27 70
12 90 76 83 0 0 18 0.00 0.0 0 5.0 15 260 M M 1 3 17 260
13 89 76 83 0 0 18 0.14 0.0 0 5.5 20 100 M M 1 138 23 100
14 86 74 80 -3 0 15 0.65 0.0 0 5.4 18 130 M M 2 13 24 130
15 88 75 82 0 0 17 0.03 0.0 0 5.9 14 270 M M 2 13 18 270
16 87 73 80 -2 0 15 0.55 0.0 0 6.1 15 100 M M 3 13 19 90
17 90 74 82 0 0 17 0.08 0.0 0 7.6 22 150 M M 3 13 27 150
18 90 72 81 -1 0 16 T 0.0 0 4.5 13 280 M M 1 3 15 40
19 88 76 82 0 0 17 0.00 0.0 M 4.0 14 70 M M 2 17 70
20 92 72 82 0 0 17 1.07 0.0 M 5.5 22 90 M M 2 13 25 20
21 90 74 82 0 0 17 T 0.0 0 6.3 18 20 M M 1 3 22 40
22 88 76 82 0 0 17 0.04 0.0 0 4.8 15 280 M M 2 13 20 280
23 90 76 83 1 0 18 0.00 0.0 0 5.5 14 300 M M 1 19 170
24 91 76 84 2 0 19 0.00 0.0 0 7.7 15 50 M M 4 3 21 50
25 90 75 83 1 0 18 0.00 0.0 0 4.7 12 250 M M 2 16 280
26 90 73 82 0 0 17 0.02 0.0 0 6.7 23 140 M M 1 3 29 160
27 77 74 76 -5 0 11 3.00 0.0 0 13.9 26 60 M M 7 1 40 60
28 79 77 78 -3 0 13 1.80 0.0 0 30.5 45 150 M M 4 13 62 140
29 M M M M M M 0.00 0.0 0 11.5 15 310 M M 0 19 320
30 M M M M M M 0.00 0.0 0 13.8 14 350 M M 0 14 350
================================================================================
SM 2503 2101 0 487 11.76 0.0 220.2 M 61
================================================================================
AV 89.4 75.0 7.3 FASTST M M 2 MAX(MPH)
MISC ----> 45 150 62 140
================================================================================
NOTES:
# LAST OF SEVERAL OCCURRENCES
COLUMN 17 PEAK WIND IN M.P.H.
PRELIMINARY LOCAL CLIMATOLOGICAL DATA (WS FORM: F-6) , PAGE 2
STATION: NAPLES
MONTH: SEPTEMBER
YEAR: 2022
LATITUDE: 26 8 N
LONGITUDE: 81 46 W
[TEMPERATURE DATA] [PRECIPITATION DATA] SYMBOLS USED IN COLUMN 16
AVERAGE MONTHLY: 82.2 TOTAL FOR MONTH: 11.76 1 = FOG OR MIST
DPTR FM NORMAL: -0.2 DPTR FM NORMAL: 3.16 2 = FOG REDUCING VISIBILITY
HIGHEST: 94 ON 4 GRTST 24HR 3.29 ON 27-28 TO 1/4 MILE OR LESS
LOWEST: 72 ON 20,18 3 = THUNDER
SNOW, ICE PELLETS, HAIL 4 = ICE PELLETS
TOTAL MONTH: 0.0 INCH 5 = HAIL
GRTST 24HR 0.0 6 = FREEZING RAIN OR DRIZZLE
GRTST DEPTH: 0 7 = DUSTSTORM OR SANDSTORM:
VSBY 1/2 MILE OR LESS
8 = SMOKE OR HAZE
[NO. OF DAYS WITH] [WEATHER - DAYS WITH] 9 = BLOWING SNOW
X = TORNADO
MAX 32 OR BELOW: 0 0.01 INCH OR MORE: 19
MAX 90 OR ABOVE: 20 0.10 INCH OR MORE: 11
MIN 32 OR BELOW: 0 0.50 INCH OR MORE: 8
MIN 0 OR BELOW: 0 1.00 INCH OR MORE: 5
[HDD (BASE 65) ]
TOTAL THIS MO. 0 CLEAR (SCALE 0-3) 27
DPTR FM NORMAL 0 PTCLDY (SCALE 4-7) 3
TOTAL FM JUL 1 0 CLOUDY (SCALE 8-10) 0
DPTR FM NORMAL 0
[CDD (BASE 65) ]
TOTAL THIS MO. 487
DPTR FM NORMAL -33 [PRESSURE DATA]
TOTAL FM JAN 1 3687 HIGHEST SLP 30.09 ON 11
DPTR FM NORMAL 400 LOWEST SLP 29.23 ON 28
[REMARKS]
#FINAL-09-22#