000
CXUS54 KLCH 010839
CF6ARA
PRELIMINARY LOCAL CLIMATOLOGICAL DATA (WS FORM: F-6)
STATION: NEW IBERIA
MONTH: MAY
YEAR: 2023
LATITUDE: 30 1 N
LONGITUDE: 91 53 W
TEMPERATURE IN F: :PCPN: SNOW: WIND :SUNSHINE: SKY :PK WND
================================================================================
1 2 3 4 5 6A 6B 7 8 9 10 11 12 13 14 15 16 17 18
12Z AVG MX 2MIN
DY MAX MIN AVG DEP HDD CDD WTR SNW DPTH SPD SPD DIR MIN PSBL S-S WX SPD DR
================================================================================
1 83 57 70 -2 0 5 0.00 0.0 M 3.7 14 320 M M 0 12 21 320
2 83 57 70 -3 0 5 0.00 0.0 M 3.4 12 60 M M 0 17 30
3 86 62 74 1 0 9 0.00 0.0 M 4.1 12 50 M M 0 15 40
4 87 60 74 1 0 9 0.00 0.0 M 5.7 15 170 M M 1 1 19 170
5 87 71 79 6 0 14 0.02 0.0 M 9.8 18 200 M M 7 1 22 220
6 77 67 72 -2 0 7 0.80 0.0 M 10.9 40 300 M M 7 13 52 310
7 84 67 76 2 0 11 0.00 0.0 M 9.6 20 170 M M 4 1 27 160
8 83 73 78 4 0 13 T 0.0 M 7.2 16 190 M M 3 1 22 180
9 84 69 77 3 0 12 0.06 0.0 M 8.1 28 190 M M 4 1 39 190
10 81 68 75 0 0 10 0.06 0.0 M 8.7 22 150 M M 3 13 28 140
11 86 74 80 5 0 15 0.00 0.0 M 13.6 23 160 M M 9 31 150
12 89 76 83 8 0 18 0.00 0.0 M 11.1 20 170 M M 4 27 170
13 89 73 81 5 0 16 0.00 0.0 M 9.5 18 150 M M 2 1 26 130
14 90 71 81 5 0 16 0.00 0.0 M 7.3 17 200 M M 1 1 32 140
15 92 67 80 4 0 15 1.04 0.0 0 6.1 38 80 M M 3 13 51 110
16 89 68 79 3 0 14 0.00 0.0 M 4.3 13 250 M M 1 13 17 270
17 83 71 77 1 0 12 0.54 0.0 M 4.5 17 230 M M 2 13 23 230
18 87 68 78 1 0 13 0.00 0.0 M 4.4 12 280 M M 3 16 300
19 91 68 80 3 0 15 0.00 0.0 M 3.6 12 280 M M 1 1 15 280
20 93 71 82 5 0 17 0.01 0.0 M 6.3 14 10 M M 3 13 22 40
21 83 68 76 -2 0 11 0.00 0.0 M 7.9 14 360 M M 2 18 30
22 86 67 77 -1 0 12 0.00 0.0 M 4.9 10 360 M M 3 15 10
23 89 66 78 0 0 13 0.00 0.0 M 4.8 14 20 M M 1 1 18 20
24 87 69 78 0 0 13 0.00 0.0 M 9.0 18 20 M M 1 25 40
25 87 65 76 -2 0 11 0.00 0.0 M 8.6 17 40 M M 2 1 24 40
26 88 65 77 -2 0 12 0.00 0.0 0 5.8 15 40 M M 2 1 21 30
27 89 65 77 -2 0 12 0.00 0.0 0 5.2 15 110 M M 1 20 120
28 87 65 76 -3 0 11 0.00 0.0 0 5.2 14 220 M M 3 20 200
29 90 69 80 1 0 15 0.14 0.0 0 3.3 26 220 M M 2 3 34 230
30 93 69 81 2 0 16 0.00 0.0 M 4.8 15 200 M M 2 3 21 200
31 91 68 80 0 0 15 0.00 0.0 M 3.5 17 220 M M 3 18 21 220
================================================================================
SM 2694 2094 0 387 2.67 0.0 204.9 M 80
================================================================================
AV 86.9 67.5 6.6 FASTST M M 3 MAX(MPH)
MISC ----> 40 300 52 310
================================================================================
NOTES:
# LAST OF SEVERAL OCCURRENCES
COLUMN 17 PEAK WIND IN M.P.H.
PRELIMINARY LOCAL CLIMATOLOGICAL DATA (WS FORM: F-6) , PAGE 2
STATION: NEW IBERIA
MONTH: MAY
YEAR: 2023
LATITUDE: 30 1 N
LONGITUDE: 91 53 W
[TEMPERATURE DATA] [PRECIPITATION DATA] SYMBOLS USED IN COLUMN 16
AVERAGE MONTHLY: 77.2 TOTAL FOR MONTH: 2.67 1 = FOG OR MIST
DPTR FM NORMAL: 1.1 DPTR FM NORMAL: -1.72 2 = FOG REDUCING VISIBILITY
HIGHEST: 93 ON 30,20 GRTST 24HR 1.04 ON 15-15 TO 1/4 MILE OR LESS
LOWEST: 57 ON 2, 1 3 = THUNDER
SNOW, ICE PELLETS, HAIL 4 = ICE PELLETS
TOTAL MONTH: 0.0 INCH 5 = HAIL
GRTST 24HR 0.0 6 = FREEZING RAIN OR DRIZZLE
GRTST DEPTH: 0 7 = DUSTSTORM OR SANDSTORM:
VSBY 1/2 MILE OR LESS
8 = SMOKE OR HAZE
[NO. OF DAYS WITH] [WEATHER - DAYS WITH] 9 = BLOWING SNOW
X = TORNADO
MAX 32 OR BELOW: 0 0.01 INCH OR MORE: 8
MAX 90 OR ABOVE: 7 0.10 INCH OR MORE: 4
MIN 32 OR BELOW: 0 0.50 INCH OR MORE: 3
MIN 0 OR BELOW: 0 1.00 INCH OR MORE: 1
[HDD (BASE 65) ]
TOTAL THIS MO. 0 CLEAR (SCALE 0-3) 23
DPTR FM NORMAL -2 PTCLDY (SCALE 4-7) 7
TOTAL FM JUL 1 1085 CLOUDY (SCALE 8-10) 1
DPTR FM NORMAL -276
[CDD (BASE 65) ]
TOTAL THIS MO. 387
DPTR FM NORMAL 40 [PRESSURE DATA]
TOTAL FM JAN 1 810 HIGHEST SLP 30.18 ON 15
DPTR FM NORMAL 205 LOWEST SLP 29.78 ON 17
[REMARKS]
#FINAL-05-23#