000
CXUS54 KLCH 010830
CF6ARA
PRELIMINARY LOCAL CLIMATOLOGICAL DATA (WS FORM: F-6)
STATION: NEW IBERIA
MONTH: MARCH
YEAR: 2021
LATITUDE: 30 1 N
LONGITUDE: 91 53 W
TEMPERATURE IN F: :PCPN: SNOW: WIND :SUNSHINE: SKY :PK WND
================================================================================
1 2 3 4 5 6A 6B 7 8 9 10 11 12 13 14 15 16 17 18
12Z AVG MX 2MIN
DY MAX MIN AVG DEP HDD CDD WTR SNW DPTH SPD SPD DIR MIN PSBL S-S WX SPD DR
================================================================================
1 83 58 71 12 0 6 0.06 0.0 M 11.0 29 50 M M 9 18 41 50
2 58 45 52 -7 13 0 0.38 0.0 M 13.8 24 20 M M 10 1 31 20
3 64 44 54 -5 11 0 0.00 0.0 M 7.6 15 10 M M 3 20 10
4 72 40 56 -4 9 0 0.00 0.0 M 4.2 10 200 M M 0 14 40
5 71 45 58 -2 7 0 0.02 0.0 M 6.3 22 20 M M 4 1 28 10
6 68 47 58 -2 7 0 0.00 0.0 M 12.6 22 10 M M 1 28 360
7 69 42 56 -4 9 0 0.00 M M 8.0 18 60 M M 0 27 80
8 73 41 57 -3 8 0 0.00 0.0 M 6.9 21 120 M M 0 26 120
9 76 48 62 1 3 0 0.00 M M 11.3 21 180 M M 3 31 170
10 79 58 69 8 0 4 T M M 13.3 26 150 M M 8 8 37 160
11 79 60 70 9 0 5 0.00 M M 11.2 23 160 M M 2 1 30 150
12 81 62 72 11 0 7 0.00 M M 8.4 17 180 M M 5 12 25 170
13 80 61 71 10 0 6 0.00 M M 8.3 16 180 M M 6 1 21 180
14 80 62 71 9 0 6 0.00 M M 12.2 24 170 M M 8 1 32 180
15 82 70 76 14 0 11 0.01 M M 12.7 21 210 M M 8 1 29 210
16 80 72 76 14 0 11 T 0.0 M 12.7 20 200 M M 10 27 190
17 79 49 64 2 1 0 0.36 0.0 M 15.2 47 200 M M 9 13 68 200
18 66 50 58 -4 7 0 0.00 M M 14.0 21 320 M M 0 29 330
19 58 49 54 -9 11 0 0.00 M 0 11.6 20 10 M M 10 33 30
20 60 47 54 -9 11 0 0.00 M M 7.3 14 40 M M 8 19 20
21 69 46 58 -5 7 0 0.00 0.0 M 4.9 8 120 M M 7 M M
22 76 48 62 -1 3 0 T M M 12.1 22 130 M M 8 30 150
23 70 61 66 3 0 1 1.82 M M 15.3 36 170 M M 7 123 53 160
24 73 62 68 4 0 3 0.10 M M 11.2 23 170 M M 10 13 34 170
25 78 64 71 7 0 6 T M M 10.5 24 170 M M 8 128 34 170
26 77 61 69 5 0 4 T M M 7.7 14 150 M M 10 128 19 170
27 81 72 77 13 0 12 T M M 13.7 23 190 M M 10 1 33 190
28 74 54 64 0 1 0 T 0.0 M 11.4 24 360 M M 8 35 10
29 74 52 63 -1 2 0 0.00 0.0 M 7.0 16 60 M M 0 23 80
30 80 59 70 6 0 5 0.03 0.0 0 10.1 22 190 M M 8 1 30 190
31 81 55 68 3 0 3 0.02 0.0 M 11.9 29 360 M M 9 13 39 360
================================================================================
SM 2291 1684 110 90 2.80 0.0 324.4 M 189
================================================================================
AV 73.9 54.3 10.5 FASTST M M 6 MAX(MPH)
MISC ----> 47 200 68 200
================================================================================
NOTES:
# LAST OF SEVERAL OCCURRENCES
COLUMN 17 PEAK WIND IN M.P.H.
PRELIMINARY LOCAL CLIMATOLOGICAL DATA (WS FORM: F-6) , PAGE 2
STATION: NEW IBERIA
MONTH: MARCH
YEAR: 2021
LATITUDE: 30 1 N
LONGITUDE: 91 53 W
[TEMPERATURE DATA] [PRECIPITATION DATA] SYMBOLS USED IN COLUMN 16
AVERAGE MONTHLY: 64.1 TOTAL FOR MONTH: 2.80 1 = FOG OR MIST
DPTR FM NORMAL: 2.2 DPTR FM NORMAL: -0.97 2 = FOG REDUCING VISIBILITY
HIGHEST: 83 ON 1 GRTST 24HR 1.85 ON 23-24 TO 1/4 MILE OR LESS
LOWEST: 40 ON 4 3 = THUNDER
SNOW, ICE PELLETS, HAIL 4 = ICE PELLETS
TOTAL MONTH: 0.0 INCH 5 = HAIL
GRTST 24HR 0.0 6 = FREEZING RAIN OR DRIZZLE
GRTST DEPTH: 0 7 = DUSTSTORM OR SANDSTORM:
VSBY 1/2 MILE OR LESS
8 = SMOKE OR HAZE
[NO. OF DAYS WITH] [WEATHER - DAYS WITH] 9 = BLOWING SNOW
X = TORNADO
MAX 32 OR BELOW: 0 0.01 INCH OR MORE: 9
MAX 90 OR ABOVE: 0 0.10 INCH OR MORE: 4
MIN 32 OR BELOW: 0 0.50 INCH OR MORE: 1
MIN 0 OR BELOW: 0 1.00 INCH OR MORE: 1
[HDD (BASE 65) ]
TOTAL THIS MO. 110 CLEAR (SCALE 0-3) 8
DPTR FM NORMAL -38 PTCLDY (SCALE 4-7) 13
TOTAL FM JUL 1 1374 CLOUDY (SCALE 8-10) 10
DPTR FM NORMAL 11
[CDD (BASE 65) ]
TOTAL THIS MO. 90
DPTR FM NORMAL 38 [PRESSURE DATA]
TOTAL FM JAN 1 131 HIGHEST SLP 30.51 ON 8
DPTR FM NORMAL 48 LOWEST SLP 29.64 ON 17
[REMARKS]
#FINAL-03-21#