000
CXUS55 KGJT 011758
CLMASE
CLIMATE REPORT
NATIONAL WEATHER SERVICE GRAND JUNCTION CO
1158 AM MDT FRI SEP 01 2023
...................................
...THE ASPEN CO CLIMATE SUMMARY FOR THE MONTH OF AUGUST 2023...
CLIMATE NORMAL PERIOD 1991 TO 2020
CLIMATE RECORD PERIOD 9999 TO 9999
WEATHER OBSERVED NORMAL DEPART LAST YEAR`S
VALUE DATE(S) VALUE FROM VALUE DATE(S)
NORMAL
................................................................
TEMPERATURE (F)
HIGHEST 87 08/20 MM MM 87 08/09
08/21
LOWEST 41 08/08 MM MM 40 08/29
08/09
AVG. MAXIMUM 80.0 79.5 0.5 79.6
AVG. MINIMUM 48.3 47.2 1.1 49.4
MEAN 64.1 63.3 0.8 64.5
DAYS MAX >= 90 0 0.2 -0.2 0
DAYS MAX <= 32 0 0.0 0.0 0
DAYS MIN <= 32 0 0.0 0.0 0
DAYS MIN <= 0 0 0.0 0.0 0
PRECIPITATION (INCHES)
TOTALS 0.43 1.48 -1.05 2.29
DAILY AVG. 0.01 0.05 -0.04 0.07
DAYS >= .01 7 11.7 -4.7 12
DAYS >= .10 1 4.9 -3.9 4
DAYS >= .50 0 0.3 -0.3 1
DAYS >= 1.00 0 0.0 0.0 1
GREATEST
24 HR. TOTAL 0.12 08/01 TO 08/02 1.01
SNOWFALL (INCHES)
TOTALS MM MM MM MM
SINCE 7/1 MM MM MM MM
SNOWDEPTH AVG. MM MM
DAYS >= 1.0 MM MM MM MM
GREATEST
SNOW DEPTH MM MM MM
24 HR TOTAL MM MM
DEGREE DAYS
HEATING TOTAL 47 77 -30 49
SINCE 7/1 75 116 -41 75
COOLING TOTAL 26 26 0 42
SINCE 1/1 81 86 -5 110
................................................................
WIND (MPH)
AVERAGE WIND SPEED 6.2
HIGHEST WIND SPEED/DIRECTION 30/170 DATE 08/02
HIGHEST GUST SPEED/DIRECTION 43/170 DATE 08/21
SKY COVER
POSSIBLE SUNSHINE (PERCENT) MM
AVERAGE SKY COVER 0.22
NUMBER OF DAYS FAIR 24
NUMBER OF DAYS PC 6
NUMBER OF DAYS CLOUDY 1
AVERAGE RH (PERCENT) 49
WEATHER CONDITIONS. NUMBER OF DAYS WITH
THUNDERSTORM 14 MIXED PRECIP 0
HEAVY RAIN 1 RAIN 5
LIGHT RAIN 15 FREEZING RAIN 0
LT FREEZING RAIN 0 HAIL 0
HEAVY SNOW 0 SNOW 0
LIGHT SNOW 0 SLEET 0
FOG 4 FOG W/VIS <= 1/4 MILE 0
HAZE 1
- INDICATES NEGATIVE NUMBERS.
R INDICATES RECORD WAS SET OR TIED.
MM INDICATES DATA IS MISSING.
T INDICATES TRACE AMOUNT.
$$