000
CXUS54 KMAF 011110
CF6ATS
PRELIMINARY LOCAL CLIMATOLOGICAL DATA (WS FORM: F-6)
STATION: ARTESIA
MONTH: SEPTEMBER
YEAR: 2022
LATITUDE: 32 54 N
LONGITUDE: 104 30 W
TEMPERATURE IN F: :PCPN: SNOW: WIND :SUNSHINE: SKY :PK WND
================================================================================
1 2 3 4 5 6A 6B 7 8 9 10 11 12 13 14 15 16 17 18
12Z AVG MX 2MIN
DY MAX MIN AVG DEP HDD CDD WTR SNW DPTH SPD SPD DIR MIN PSBL S-S WX SPD DR
================================================================================
1 77 66 72 M 0 7 0.00 M M 6.7 13 150 M M 6 1 13 160
2 84 64 74 M 0 9 0.00 M M 3.7 12 170 M M 4 12 17 170
3 90 66 78 M 0 13 0.00 M M 7.6 20 360 M M 3 1 28 360
4 90 64 77 M 0 12 0.00 M M 7.7 12 190 M M 1 16 20
5 90 63 77 M 0 12 0.00 M M 8.9 18 160 M M 0 24 180
6 91 63 77 M 0 12 0.00 M M 5.8 13 220 M M 0 17 270
7 91 63 77 M 0 12 0.00 M M 7.2 14 290 M M 0 15 99
8 88 63 76 M 0 11 0.00 M M 6.9 16 170 M M 0 20 160
9 93 55 74 M 0 9 0.00 M M 9.0 17 160 M M 0 22 160
10 91 66 79 M 0 14 0.00 M M 8.8 28 360 M M 2 33 360
11 72 63 68 M 0 3 0.00 M M 8.2 24 40 M M 5 31 10
12 90 61 76 M 0 11 0.00 M M 6.9 10 270 M M 1 1 17 170
13 88 64 76 M 0 11 0.00 M M 8.1 23 290 M M 1 30 170
14 88 64 76 M 0 11 0.03 M M 9.8 18 160 M M 2 8 28 160
15 91 63 77 M 0 12 0.00 M M 8.1 18 210 M M 1 33 180
16 95 63 79 M 0 14 0.00 M M 9.9 18 240 M M 0 26 220
17 93 64 79 M 0 14 0.00 M M 11.1 20 150 M M 1 24 140
18 91 64 78 M 0 13 0.00 M M 9.7 17 170 M M 1 24 150
19 88 68 78 M 0 13 0.00 M M 7.9 15 290 M M 0 22 160
20 91 66 79 M 0 14 0.00 M M 6.8 13 180 M M 0 18 120
21 93 66 80 M 0 15 0.00 M M 8.7 13 160 M M 0 16 150
22 88 63 76 M 0 11 0.00 M M 8.5 14 140 M M 0 20 140
23 91 59 75 M 0 10 0.00 M M 8.5 16 150 M M 0 23 150
24 93 61 77 M 0 12 0.00 M M 4.8 12 320 M M 2 15 10
25 90 68 79 M 0 14 0.19 M M 11.7 20 140 M M 2 28 140
26 82 63 73 M 0 8 0.00 M M 6.5 10 150 M M 0 17 140
27 86 57 72 M 0 7 0.00 M M 7.0 15 150 M M 0 20 160
28 84 57 71 M 0 6 0.00 M M 6.0 12 150 M M 0 22 130
29 84 54 69 M 0 4 0.00 M M 7.5 20 190 M M 0 30 190
30 84 57 71 M 0 6 0.00 M M 6.3 14 150 M M 0 17 150
================================================================================
SM 2647 1878 0 320 0.22 M 234.2 M 32
================================================================================
AV 88.2 62.6 7.8 FASTST M M 1 MAX(MPH)
MISC ----> 28 360 # 33 360
================================================================================
NOTES:
# LAST OF SEVERAL OCCURRENCES
COLUMN 17 PEAK WIND IN M.P.H.
PRELIMINARY LOCAL CLIMATOLOGICAL DATA (WS FORM: F-6) , PAGE 2
STATION: ARTESIA
MONTH: SEPTEMBER
YEAR: 2022
LATITUDE: 32 54 N
LONGITUDE: 104 30 W
[TEMPERATURE DATA] [PRECIPITATION DATA] SYMBOLS USED IN COLUMN 16
AVERAGE MONTHLY: 75.4 TOTAL FOR MONTH: 0.22 1 = FOG OR MIST
DPTR FM NORMAL: 0.0 DPTR FM NORMAL: M 2 = FOG REDUCING VISIBILITY
HIGHEST: 95 ON 16 GRTST 24HR 0.19 ON 25-25 TO 1/4 MILE OR LESS
LOWEST: 54 ON 29 3 = THUNDER
SNOW, ICE PELLETS, HAIL 4 = ICE PELLETS
TOTAL MONTH: M 5 = HAIL
GRTST 24HR M ON M 6 = FREEZING RAIN OR DRIZZLE
GRTST DEPTH: M ON M 7 = DUSTSTORM OR SANDSTORM:
VSBY 1/2 MILE OR LESS
8 = SMOKE OR HAZE
[NO. OF DAYS WITH] [WEATHER - DAYS WITH] 9 = BLOWING SNOW
X = TORNADO
MAX 32 OR BELOW: 0 0.01 INCH OR MORE: 2
MAX 90 OR ABOVE: 17 0.10 INCH OR MORE: 1
MIN 32 OR BELOW: 0 0.50 INCH OR MORE: 0
MIN 0 OR BELOW: 0 1.00 INCH OR MORE: 0
[HDD (BASE 65) ]
TOTAL THIS MO. 0 CLEAR (SCALE 0-3) 27
DPTR FM NORMAL M PTCLDY (SCALE 4-7) 3
TOTAL FM JUL 1 0 CLOUDY (SCALE 8-10) 0
DPTR FM NORMAL M
[CDD (BASE 65) ]
TOTAL THIS MO. 320
DPTR FM NORMAL M [PRESSURE DATA]
TOTAL FM JAN 1 2328 HIGHEST SLP M ON M
DPTR FM NORMAL M LOWEST SLP M ON M
[REMARKS]
#FINAL-09-22#