000
CXUS54 KMAF 011210
CF6ATS
PRELIMINARY LOCAL CLIMATOLOGICAL DATA (WS FORM: F-6)
STATION: ARTESIA
MONTH: DECEMBER
YEAR: 2021
LATITUDE: 32 54 N
LONGITUDE: 104 30 W
TEMPERATURE IN F: :PCPN: SNOW: WIND :SUNSHINE: SKY :PK WND
================================================================================
1 2 3 4 5 6A 6B 7 8 9 10 11 12 13 14 15 16 17 18
12Z AVG MX 2MIN
DY MAX MIN AVG DEP HDD CDD WTR SNW DPTH SPD SPD DIR MIN PSBL S-S WX SPD DR
================================================================================
1 70 34 52 M 13 0 0.00 M M 6.7 14 220 M M 0 14 50
2 81 36 59 M 6 0 0.00 M M 9.2 21 210 M M 0 24 230
3 81 45 63 M 2 0 0.00 M M 7.8 14 310 M M 0 17 250
4 63 37 50 M 15 0 0.00 M M 6.3 14 310 M M 0 M M
5 77 37 57 M 8 0 0.00 M M 6.5 15 260 M M 0 M M
6 52 30 41 M 24 0 0.00 M M 10.1 30 30 M M 1 8 41 30
7 55 30 43 M 22 0 0.00 M M 5.6 14 270 M M 0 12 40
8 70 32 51 M 14 0 0.00 M M 10.4 27 220 M M 0 32 220
9 66 52 59 M 6 0 0.00 M M 10.9 20 250 M M 0 26 190
10 66 41 54 M 11 0 0.00 M M 23.0 39 260 M M 2 48 260
11 52 28 40 M 25 0 0.00 M M 10.1 21 10 M M 0 28 10
12 70 21 46 M 19 0 0.00 M M 9.1 22 190 M M 0 31 190
13 68 30 49 M 16 0 0.00 M M 6.6 15 270 M M 0 21 270
14 77 36 57 M 8 0 0.00 M M 8.1 20 220 M M 0 28 220
15 75 43 59 M 6 0 0.00 M M 20.6 48 240 M M 0 8 67 240
16 61 32 47 M 18 0 0.00 M M 7.7 13 350 M M 0 M M
17 57 39 48 M 17 0 0.00 M M 7.0 14 180 M M 0 21 360
18 48 30 39 M 26 0 0.00 M M 10.9 16 330 M M 1 22 350
19 52 21 37 M 28 0 0.00 M M 7.8 16 150 M M 0 20 170
20 64 23 44 M 21 0 0.00 M M 6.1 15 270 M M 0 14 280
21 66 28 47 M 18 0 0.00 M M 5.0 16 270 M M 0 M M
22 75 39 57 M 8 0 0.00 M M 7.6 23 300 M M 0 27 300
23 79 37 58 M 7 0 0.00 M M 7.1 18 220 M M 0 25 0
24 77 55 66 M 0 1 0.00 M M 18.6 41 250 M M 0 54 250
25 73 52 63 M 2 0 0.00 M M 14.6 30 220 M M 0 38 240
26 75 50 63 M 2 0 0.00 M M 21.2 44 240 M M 0 58 240
27 72 54 63 M 2 0 0.00 M M 15.0 33 250 M M 4 43 250
28 63 45 54 M 11 0 0.00 M M 18.8 35 240 M M 0 46 240
29 63 39 51 M 14 0 0.00 M M 13.6 31 230 M M 0 38 230
30 64 30 47 M 18 0 0.00 M M 11.7 37 230 M M 2 43 230
31 59 48 54 M 11 0 0.03 M M 15.9 26 220 M M 3 35 220
================================================================================
SM 2071 1154 398 1 0.03 M 339.6 M 13
================================================================================
AV 66.8 37.2 11.0 FASTST M M 0 MAX(MPH)
MISC ----> 48 240 67 240
================================================================================
NOTES:
# LAST OF SEVERAL OCCURRENCES
COLUMN 17 PEAK WIND IN M.P.H.
PRELIMINARY LOCAL CLIMATOLOGICAL DATA (WS FORM: F-6) , PAGE 2
STATION: ARTESIA
MONTH: DECEMBER
YEAR: 2021
LATITUDE: 32 54 N
LONGITUDE: 104 30 W
[TEMPERATURE DATA] [PRECIPITATION DATA] SYMBOLS USED IN COLUMN 16
AVERAGE MONTHLY: 52.0 TOTAL FOR MONTH: 0.03 1 = FOG OR MIST
DPTR FM NORMAL: 0.0 DPTR FM NORMAL: M 2 = FOG REDUCING VISIBILITY
HIGHEST: 81 ON 3, 2 GRTST 24HR 0.03 ON 31-31 TO 1/4 MILE OR LESS
LOWEST: 21 ON 19,12 3 = THUNDER
SNOW, ICE PELLETS, HAIL 4 = ICE PELLETS
TOTAL MONTH: M 5 = HAIL
GRTST 24HR M ON M 6 = FREEZING RAIN OR DRIZZLE
GRTST DEPTH: M ON M 7 = DUSTSTORM OR SANDSTORM:
VSBY 1/2 MILE OR LESS
8 = SMOKE OR HAZE
[NO. OF DAYS WITH] [WEATHER - DAYS WITH] 9 = BLOWING SNOW
X = TORNADO
MAX 32 OR BELOW: 0 0.01 INCH OR MORE: 1
MAX 90 OR ABOVE: 0 0.10 INCH OR MORE: 0
MIN 32 OR BELOW: 12 0.50 INCH OR MORE: 0
MIN 0 OR BELOW: 0 1.00 INCH OR MORE: 0
[HDD (BASE 65) ]
TOTAL THIS MO. 398 CLEAR (SCALE 0-3) 30
DPTR FM NORMAL M PTCLDY (SCALE 4-7) 1
TOTAL FM JUL 1 814 CLOUDY (SCALE 8-10) 0
DPTR FM NORMAL M
[CDD (BASE 65) ]
TOTAL THIS MO. 1
DPTR FM NORMAL M [PRESSURE DATA]
TOTAL FM JAN 1 2020 HIGHEST SLP M ON M
DPTR FM NORMAL M LOWEST SLP M ON M
[REMARKS]
#FINAL-12-21#