000
CXUS53 KABR 011203
CF6ATY
PRELIMINARY LOCAL CLIMATOLOGICAL DATA (WS FORM: F-6)
STATION: WATERTOWN SD
MONTH: MARCH
YEAR: 2022
LATITUDE: 44 55 N
LONGITUDE: 97 9 W
TEMPERATURE IN F: :PCPN: SNOW: WIND :SUNSHINE: SKY :PK WND
================================================================================
1 2 3 4 5 6A 6B 7 8 9 10 11 12 13 14 15 16 17 18
12Z AVG MX 2MIN
DY MAX MIN AVG DEP HDD CDD WTR SNW DPTH SPD SPD DIR MIN PSBL S-S WX SPD DR
================================================================================
1 37 27 32 10 33 0 T 0.0 0 6.1 14 70 M M 6 1 19 70
2 31 14 23 1 42 0 0.00 0.0 0 11.4 20 20 M M 7 12 27 20
3 23 11 17 -6 48 0 T T 0 9.0 15 20 M M 10 20 90
4 35 22 29 6 36 0 0.00 0.0 0 11.1 21 100 M M 6 32 100
5 31 20 26 2 39 0 0.02 0.2 0 15.6 29 330 M M 9 18 36 330
6 28 18 23 -1 42 0 T T T 16.9 24 310 M M 9 8 32 320
7 33 9 21 -4 44 0 0.00 0.0 T 11.2 18 240 M M 3 24 250
8 33 13 23 -2 42 0 T T 0 14.3 26 310 M M 7 1 34 300
9 18 3 11 -15 54 0 T T 0 12.8 24 310 M M 7 8 32 310
10 27 1 14 -12 51 0 T T 0 15.0 30 240 M M 2 41 240
11 13 -3 5 -22 60 0 T T T 17.0 29 310 M M 3 38 310
12 35 -4 16 -11 49 0 0.00 0.0 0 12.4 29 200 M M 1 38 200
13 46 20 33 5 32 0 0.00 0.0 0 8.3 18 60 M M 4 27 60
14 42 23 33 5 32 0 0.00 0.0 0 11.1 25 30 M M 5 35 30
15 57 26 42 13 23 0 0.00 0.0 0 11.5 26 190 M M 0 37 190
16 58 34 46 17 19 0 0.00 0.0 0 7.1 20 330 M M 1 26 340
17 50 24 37 7 28 0 0.00 0.0 0 6.9 20 340 M M 0 1 25 330
18 44 21 33 3 32 0 0.00 0.0 0 5.5 14 10 M M 3 12 19 350
19 54 21 38 7 27 0 0.00 0.0 0 6.4 15 330 M M 0 1 22 330
20 62 27 45 14 20 0 0.00 0.0 0 10.7 22 140 M M 0 33 140
21 54 34 44 12 21 0 0.00 0.0 0 14.4 31 340 M M 3 43 350
22 46 30 38 6 27 0 0.00 0.0 0 18.1 31 350 M M 2 41 360
23 37 32 35 3 30 0 T T T 23.1 35 340 M M 10 1 45 340
24 49 30 40 7 25 0 0.02 T T 9.5 17 350 M M 7 1 22 360
25 46 22 34 1 31 0 0.00 0.0 0 21.9 37 320 M M 2 53 300
26 32 15 24 -10 41 0 0.00 0.0 0 12.6 22 360 M M 0 35 10
27 33 9 21 -13 44 0 0.00 0.0 0 6.2 13 30 M M 2 15 120
28 44 23 34 -1 31 0 0.00 0.0 0 14.9 25 150 M M 3 35 140
29 43 30 37 2 28 0 0.03 0.0 0 12.9 23 150 M M 4 34 140
30 33 24 29 -7 36 0 0.19 1.5 T 20.9 33 340 M M 10 1 43 360
31 33 21 27 -9 38 0 0.00 0.0 1 13.2 30 350 M M 6 37 340
================================================================================
SM 1207 597 1105 0 0.26 1.7 388.0 M 132
================================================================================
AV 38.9 19.3 12.5 FASTST M M 4 MAX(MPH)
MISC ----> 37 320 53 300
================================================================================
NOTES:
# LAST OF SEVERAL OCCURRENCES
COLUMN 17 PEAK WIND IN M.P.H.
PRELIMINARY LOCAL CLIMATOLOGICAL DATA (WS FORM: F-6) , PAGE 2
STATION: WATERTOWN SD
MONTH: MARCH
YEAR: 2022
LATITUDE: 44 55 N
LONGITUDE: 97 9 W
[TEMPERATURE DATA] [PRECIPITATION DATA] SYMBOLS USED IN COLUMN 16
AVERAGE MONTHLY: 29.1 TOTAL FOR MONTH: 0.26 1 = FOG OR MIST
DPTR FM NORMAL: 0.0 DPTR FM NORMAL: -0.74 2 = FOG REDUCING VISIBILITY
HIGHEST: 62 ON 20 GRTST 24HR 0.19 ON 30-30 TO 1/4 MILE OR LESS
LOWEST: -4 ON 12 3 = THUNDER
SNOW, ICE PELLETS, HAIL 4 = ICE PELLETS
TOTAL MONTH: 1.7 INCHES 5 = HAIL
GRTST 24HR 1.5 ON 30-30 6 = FREEZING RAIN OR DRIZZLE
GRTST DEPTH: 2 ON M 7 = DUSTSTORM OR SANDSTORM:
VSBY 1/2 MILE OR LESS
8 = SMOKE OR HAZE
[NO. OF DAYS WITH] [WEATHER - DAYS WITH] 9 = BLOWING SNOW
X = TORNADO
MAX 32 OR BELOW: 8 0.01 INCH OR MORE: 4
MAX 90 OR ABOVE: 0 0.10 INCH OR MORE: 1
MIN 32 OR BELOW: 29 0.50 INCH OR MORE: 0
MIN 0 OR BELOW: 2 1.00 INCH OR MORE: 0
[HDD (BASE 65) ]
TOTAL THIS MO. 1105 CLEAR (SCALE 0-3) 16
DPTR FM NORMAL -8 PTCLDY (SCALE 4-7) 10
TOTAL FM JUL 1 7106 CLOUDY (SCALE 8-10) 5
DPTR FM NORMAL -346
[CDD (BASE 65) ]
TOTAL THIS MO. 0
DPTR FM NORMAL 0 [PRESSURE DATA]
TOTAL FM JAN 1 0 HIGHEST SLP 30.52 ON 3
DPTR FM NORMAL 0 LOWEST SLP 29.52 ON 30
[REMARKS]
#FINAL-03-22#