698
CXUS53 KGID 011620
CF6AUH
PRELIMINARY LOCAL CLIMATOLOGICAL DATA (WS FORM: F-6)
STATION: AURORA
MONTH: SEPTEMBER
YEAR: 2020
LATITUDE: 40 54 N
LONGITUDE: 97 59 W
TEMPERATURE IN F: :PCPN: SNOW: WIND :SUNSHINE: SKY :PK WND
================================================================================
1 2 3 4 5 6A 6B 7 8 9 10 11 12 13 14 15 16 17 18
12Z AVG MX 2MIN
DY MAX MIN AVG DEP HDD CDD WTR SNW DPTH SPD SPD DIR MIN PSBL S-S WX SPD DR
================================================================================
1 82 53 68 -2 0 3 0.00 M M 4.0 7 280 M M 2 M M
2 88 55 72 2 0 7 0.00 M M 4.8 13 180 M M 0 17 180
3 78 58 68 -2 0 3 0.00 M M 9.4 21 10 M M 0 30 10
4 87 53 70 1 0 5 0.00 M M 5.8 12 210 M M 0 M M
5 97 58 78 9 0 13 0.00 M M 7.8 16 190 M M 0 24 190
6 91 67 79 10 0 14 0.00 M M 9.0 17 210 M M 0 25 220
7 74 53 64 -4 1 0 0.00 M M 12.5 28 30 M M 5 33 30
8 53 42 48 -20 17 0 0.84 M M 18.8 24 20 M M 10 3 36 20
9 49 42 46 -22 19 0 0.37 M M 11.6 18 20 M M 10 3 23 20
10 56 45 51 -16 14 0 0.02 M M 7.1 10 20 M M 10 1 M M
11 61 52 57 -10 8 0 0.02 M M 2.3 9 160 M M 10 12 M M
12 75 53 64 -2 1 0 0.00 M M 6.9 13 290 M M 4 1 18 310
13 84 50 67 1 0 2 0.00 M M 3.0 6 170 M M 0 M M
14 81 50 66 1 0 1 0.00 M M 5.7 9 180 M M 0 M M
15 81 56 69 4 0 4 0.00 M M 8.9 16 200 M M 0 20 200
16 77 53 65 1 0 0 0.00 M M 8.7 18 20 M M 0 24 20
17 74 46 60 -4 5 0 0.00 M M 4.8 8 160 M M 0 M M
18 73 51 62 -2 3 0 0.00 M M 7.2 14 130 M M 5 M M
19 76 54 65 2 0 0 0.00 M M 12.6 20 180 M M 0 29 180
20 80 59 70 7 0 5 0.00 M M 15.0 21 170 M M 0 27 190
21 82 56 69 7 0 4 0.00 M M 10.5 15 180 M M 0 3 21 170
22 84 56 70 8 0 5 0.00 M M 8.6 14 190 M M 0 18 190
23 82 60 71 10 0 6 T M M 10.7 15 180 M M 3 1 18 200
24 86 54 70 9 0 5 0.00 M M 3.8 8 200 M M 0 12 M M
25 87 58 73 13 0 8 0.00 M M 4.4 8 350 M M 0 8 M M
26 91 58 75 15 0 10 0.00 M M 7.2 13 350 M M 0 17 230
27 68 46 57 -3 8 0 T M M 5.9 15 330 M M 3 20 310
28 67 40 54 -5 11 0 0.00 M M 12.5 25 330 M M 3 35 330
29 82 36 59 0 6 0 0.00 M M 7.0 14 290 M M 0 21 290
30 70 40 55 -3 10 0 0.00 M M 13.4 25 350 M M 0 33 350
================================================================================
SM 2316 1554 103 95 1.25 M 249.9 M 65
================================================================================
AV 77.2 51.8 8.3 FASTST M M 2 MAX(MPH)
MISC ----> # 28 30 # M M
================================================================================
NOTES:
# LAST OF SEVERAL OCCURRENCES
COLUMN 17 PEAK WIND IN M.P.H.
PRELIMINARY LOCAL CLIMATOLOGICAL DATA (WS FORM: F-6) , PAGE 2
STATION: AURORA
MONTH: SEPTEMBER
YEAR: 2020
LATITUDE: 40 54 N
LONGITUDE: 97 59 W
[TEMPERATURE DATA] [PRECIPITATION DATA] SYMBOLS USED IN COLUMN 16
AVERAGE MONTHLY: 64.5 TOTAL FOR MONTH: 1.25 1 = FOG OR MIST
DPTR FM NORMAL: -0.1 DPTR FM NORMAL: -1.68 2 = FOG REDUCING VISIBILITY
HIGHEST: 97 ON 5 GRTST 24HR 0.84 ON 8- 8 TO 1/4 MILE OR LESS
LOWEST: 36 ON 29 3 = THUNDER
SNOW, ICE PELLETS, HAIL 4 = ICE PELLETS
TOTAL MONTH: M 5 = HAIL
GRTST 24HR M ON M 6 = FREEZING RAIN OR DRIZZLE
GRTST DEPTH: M ON M 7 = DUSTSTORM OR SANDSTORM:
VSBY 1/2 MILE OR LESS
8 = SMOKE OR HAZE
[NO. OF DAYS WITH] [WEATHER - DAYS WITH] 9 = BLOWING SNOW
X = TORNADO
MAX 32 OR BELOW: 0 0.01 INCH OR MORE: 4
MAX 90 OR ABOVE: 3 0.10 INCH OR MORE: 2
MIN 32 OR BELOW: 0 0.50 INCH OR MORE: 1
MIN 0 OR BELOW: 0 1.00 INCH OR MORE: 0
[HDD (BASE 65) ]
TOTAL THIS MO. 103 CLEAR (SCALE 0-3) 21
DPTR FM NORMAL -9 PTCLDY (SCALE 4-7) 5
TOTAL FM JUL 1 103 CLOUDY (SCALE 8-10) 4
DPTR FM NORMAL -20
[CDD (BASE 65) ]
TOTAL THIS MO. 95
DPTR FM NORMAL -5 [PRESSURE DATA]
TOTAL FM JAN 1 1197 HIGHEST SLP M ON M
DPTR FM NORMAL 228 LOWEST SLP M ON M
[REMARKS]
#FINAL-09-20#