000
CXUS54 KBMX 011010
CF6AUO
PRELIMINARY LOCAL CLIMATOLOGICAL DATA (WS FORM: F-6)
STATION: AUBURN AWOS
MONTH: MAY
YEAR: 2023
LATITUDE: 32 34 N
LONGITUDE: 85 30 W
TEMPERATURE IN F: :PCPN: SNOW: WIND :SUNSHINE: SKY :PK WND
================================================================================
1 2 3 4 5 6A 6B 7 8 9 10 11 12 13 14 15 16 17 18
12Z AVG MX 2MIN
DY MAX MIN AVG DEP HDD CDD WTR SNW DPTH SPD SPD DIR MIN PSBL S-S WX SPD DR
================================================================================
1 70 50 60 M 5 0 0.00 0.0 0 8.4 18 270 M M 1 28 270
2 75 46 61 M 4 0 0.00 0.0 0 8.6 18 270 M M 0 27 290
3 73 45 59 M 6 0 0.00 0.0 0 7.0 17 320 M M 0 23 320
4 76 47 62 M 3 0 M 0.0 0 5.5 10 270 M M 0 M M
5 68 57 63 M 2 0 M 0.0 0 8.1 13 60 M M 7 M M
6 80 57 69 M 0 4 M 0.0 0 6.3 10 160 M M 5 M M
7 84 61 73 M 0 8 M 0.0 M 6.5 10 180 M M 2 8 M M
8 82 67 75 M 0 10 M 0.0 0 6.7 12 210 M M 4 18 250
9 84 64 74 M 0 9 M 0.0 M 5.5 16 330 M M 4 13 31 10
10 86 63 75 M 0 10 M 0.0 M 6.0 13 210 M M 2 8 M M
11 83 69 76 M 0 11 M 0.0 M 8.4 13 130 M M 5 17 150
12 78 65 72 M 0 7 0.24 0.0 M 4.8 15 280 M M 8 13 20 280
13 87 65 76 M 0 11 0.00 0.0 0 2.8 9 60 M M 5 128 M M
14 89 68 79 M 0 14 M 0.0 M 5.5 13 290 M M 1 8 M M
15 87 70 79 M 0 14 0.01 0.0 M 6.8 13 50 M M 2 8 M M
16 86 67 77 M 0 12 0.12 0.0 M 6.2 28 310 M M 5 1 38 310
17 81 66 74 M 0 9 0.05 0.0 M 5.0 16 320 M M 6 22 320
18 81 65 73 M 0 8 0.61 0.0 M 5.7 14 80 M M 9 13 20 70
19 70 62 66 M 0 1 T 0.0 M 6.5 12 80 M M 9 17 70
20 82 62 72 M 0 7 0.35 0.0 M 3.9 8 160 M M 7 1 M M
21 M M M M M M M 0.0 0 M 99 M M M 9 M M
22 M M M M M M M M M M M M M M M M M
23 M M M M M M M 0.0 0 M M M M M M M M
24 M M M M M M M M M M M M M M M M M
25 M M M M M M 0.00 0.0 0 M M M M M M M M
26 M M M M M M 0.00 0.0 0 M M M M M M M M
27 M M M M M M 0.00 0.0 0 M M M M M M M M
28 M M M M M M M M M M M M M M M M M
29 M M M M M M M M M M M M M M M M M
30 M M M M M M M M M M M M M M M M M
31 M M M M M M M M M M M M M M M M M
================================================================================
SM 1602 1216 20 135 1.38 0.0 124.2 M 91
================================================================================
AV 80.1 60.8 6.2 FASTST M M 4 MAX(MPH)
MISC ----> 99 9999 38 310
================================================================================
NOTES:
# LAST OF SEVERAL OCCURRENCES
COLUMN 17 PEAK WIND IN M.P.H.
PRELIMINARY LOCAL CLIMATOLOGICAL DATA (WS FORM: F-6) , PAGE 2
STATION: AUBURN AWOS
MONTH: MAY
YEAR: 2023
LATITUDE: 32 34 N
LONGITUDE: 85 30 W
[TEMPERATURE DATA] [PRECIPITATION DATA] SYMBOLS USED IN COLUMN 16
AVERAGE MONTHLY: 70.5 TOTAL FOR MONTH: 1.38 1 = FOG OR MIST
DPTR FM NORMAL: 0.0 DPTR FM NORMAL: M 2 = FOG REDUCING VISIBILITY
HIGHEST: 89 ON 14 GRTST 24HR 0.61 ON 18-18 TO 1/4 MILE OR LESS
LOWEST: 45 ON 3 3 = THUNDER
SNOW, ICE PELLETS, HAIL 4 = ICE PELLETS
TOTAL MONTH: 0.0 INCH 5 = HAIL
GRTST 24HR 0.0 6 = FREEZING RAIN OR DRIZZLE
GRTST DEPTH: 0 7 = DUSTSTORM OR SANDSTORM:
VSBY 1/2 MILE OR LESS
8 = SMOKE OR HAZE
[NO. OF DAYS WITH] [WEATHER - DAYS WITH] 9 = BLOWING SNOW
X = TORNADO
MAX 32 OR BELOW: 0 0.01 INCH OR MORE: 6
MAX 90 OR ABOVE: 0 0.10 INCH OR MORE: 4
MIN 32 OR BELOW: 0 0.50 INCH OR MORE: 1
MIN 0 OR BELOW: 0 1.00 INCH OR MORE: 0
[HDD (BASE 65) ]
TOTAL THIS MO. 20 CLEAR (SCALE 0-3) 8
DPTR FM NORMAL M PTCLDY (SCALE 4-7) 10
TOTAL FM JUL 1 1259 CLOUDY (SCALE 8-10) 13
DPTR FM NORMAL M
[CDD (BASE 65) ]
TOTAL THIS MO. 135
DPTR FM NORMAL M [PRESSURE DATA]
TOTAL FM JAN 1 293 HIGHEST SLP M ON M
DPTR FM NORMAL M LOWEST SLP M ON M
[REMARKS]
#FINAL-05-23#