806
CXUS54 KBMX 011110
CF6AUO
PRELIMINARY LOCAL CLIMATOLOGICAL DATA (WS FORM: F-6)
STATION: AUBURN AWOS
MONTH: APRIL
YEAR: 2020
LATITUDE: 32 34 N
LONGITUDE: 85 30 W
TEMPERATURE IN F: :PCPN: SNOW: WIND :SUNSHINE: SKY :PK WND
================================================================================
1 2 3 4 5 6A 6B 7 8 9 10 11 12 13 14 15 16 17 18
12Z AVG MX 2MIN
DY MAX MIN AVG DEP HDD CDD WTR SNW DPTH SPD SPD DIR MIN PSBL S-S WX SPD DR
================================================================================
1 66 42 54 M 11 0 0.00 0.0 0 9.3 17 330 M M 0 27 350
2 71 41 56 M 9 0 0.00 0.0 0 5.5 10 40 M M 0 8 M M
3 78 47 63 M 2 0 0.00 0.0 0 5.5 9 20 M M 0 M M
4 81 56 69 M 0 4 0.00 0.0 0 3.2 6 230 M M 1 M M
5 80 62 71 M 0 6 0.00 0.0 0 3.6 10 180 M M 3 M M
6 82 58 70 M 0 5 0.00 0.0 0 3.4 10 170 M M 0 M M
7 73 62 68 M 0 3 0.11 0.0 0 4.7 7 190 M M 5 M M
8 81 62 72 M 0 7 1.01 0.0 0 6.0 10 260 M M 6 1238 M M
9 81 61 71 M 0 6 0.01 0.0 0 7.6 16 340 M M 3 1 20 340
10 65 46 56 M 9 0 T M 0 9.8 18 350 M M 2 31 350
11 72 43 58 M 7 0 0.00 0.0 0 7.4 13 190 M M 0 M M
12 77 54 66 M 0 1 0.09 0.0 0 12.2 29 180 M M 7 138 43 180
13 75 54 65 M 0 0 0.02 0.0 0 8.9 18 210 M M 2 3 30 280
14 73 49 61 M 4 0 0.00 0.0 0 7.7 13 300 M M 0 M M
15 64 43 54 M 11 0 0.00 0.0 0 10.8 16 330 M M 0 25 10
16 70 42 56 M 9 0 0.00 0.0 0 7.3 15 50 M M 0 22 50
17 75 50 63 M 2 0 0.00 0.0 0 7.4 13 190 M M 0 20 170
18 75 57 66 M 0 1 0.00 0.0 0 8.6 15 320 M M 3 20 330
19 62 50 56 M 9 0 5.63 0.0 0 8.7 13 90 M M 9 13 20 120
20 74 54 64 M 1 0 0.16 0.0 0 7.4 14 310 M M 5 1 18 310
21 77 51 64 M 1 0 0.00 0.0 0 8.1 18 300 M M 1 23 300
22 71 52 62 M 3 0 T 0.0 0 5.7 9 90 M M 2 M M
23 64 54 59 M 6 0 1.06 0.0 0 8.9 15 160 M M 7 123 36 140
24 74 55 65 M 0 0 0.00 0.0 0 5.8 10 350 M M 4 1 17 330
25 81 56 69 M 0 4 T 0.0 0 10.5 21 230 M M 2 30 210
26 72 51 62 M 3 0 0.00 0.0 0 11.8 18 290 M M 0 32 300
27 74 44 59 M 6 0 0.00 0.0 0 5.8 12 330 M M 0 16 350
28 79 53 66 M 0 1 0.00 0.0 0 5.5 13 180 M M 0 M M
29 73 58 66 M 0 1 0.29 0.0 0 9.7 16 210 M M 6 1 27 200
30 68 51 60 M 5 0 0.00 0.0 0 8.5 15 300 M M 3 22 300
================================================================================
SM 2208 1558 98 39 8.38 0.0 225.3 M 71
================================================================================
AV 73.6 51.9 7.5 FASTST M M 2 MAX(MPH)
MISC ----> # 29 180 # 43 180
================================================================================
NOTES:
# LAST OF SEVERAL OCCURRENCES
COLUMN 17 PEAK WIND IN M.P.H.
PRELIMINARY LOCAL CLIMATOLOGICAL DATA (WS FORM: F-6) , PAGE 2
STATION: AUBURN AWOS
MONTH: APRIL
YEAR: 2020
LATITUDE: 32 34 N
LONGITUDE: 85 30 W
[TEMPERATURE DATA] [PRECIPITATION DATA] SYMBOLS USED IN COLUMN 16
AVERAGE MONTHLY: 62.8 TOTAL FOR MONTH: 8.38 1 = FOG OR MIST
DPTR FM NORMAL: M DPTR FM NORMAL: M 2 = FOG REDUCING VISIBILITY
HIGHEST: 82 ON 6 GRTST 24HR 5.63 ON 19-19 TO 1/4 MILE OR LESS
LOWEST: 41 ON 2 3 = THUNDER
SNOW, ICE PELLETS, HAIL 4 = ICE PELLETS
TOTAL MONTH: 0.0 INCH 5 = HAIL
GRTST 24HR 0.0 6 = FREEZING RAIN OR DRIZZLE
GRTST DEPTH: 0 7 = DUSTSTORM OR SANDSTORM:
VSBY 1/2 MILE OR LESS
8 = SMOKE OR HAZE
[NO. OF DAYS WITH] [WEATHER - DAYS WITH] 9 = BLOWING SNOW
X = TORNADO
MAX 32 OR BELOW: 0 0.01 INCH OR MORE: 9
MAX 90 OR ABOVE: 0 0.10 INCH OR MORE: 6
MIN 32 OR BELOW: 0 0.50 INCH OR MORE: 3
MIN 0 OR BELOW: 0 1.00 INCH OR MORE: 3
[HDD (BASE 65) ]
TOTAL THIS MO. 98 CLEAR (SCALE 0-3) 22
DPTR FM NORMAL M PTCLDY (SCALE 4-7) 7
TOTAL FM JUL 1 1834 CLOUDY (SCALE 8-10) 1
DPTR FM NORMAL M
[CDD (BASE 65) ]
TOTAL THIS MO. 39
DPTR FM NORMAL M [PRESSURE DATA]
TOTAL FM JAN 1 124 HIGHEST SLP M ON M
DPTR FM NORMAL M LOWEST SLP M ON M
[REMARKS]
#FINAL-04-20#