000
CXUS55 KLBF 011410
CF6BBW
PRELIMINARY LOCAL CLIMATOLOGICAL DATA (WS FORM: F-6)
STATION: BROKEN BOW
MONTH: APRIL
YEAR: 2023
LATITUDE: 41 26 N
LONGITUDE: 99 39 W
TEMPERATURE IN F: :PCPN: SNOW: WIND :SUNSHINE: SKY :PK WND
================================================================================
1 2 3 4 5 6A 6B 7 8 9 10 11 12 13 14 15 16 17 18
12Z AVG MX 2MIN
DY MAX MIN AVG DEP HDD CDD WTR SNW DPTH SPD SPD DIR MIN PSBL S-S WX SPD DR
================================================================================
1 65 24 45 0 20 0 0.00 M M 11.5 29 320 M M 0 40 320
2 68 24 46 1 19 0 0.00 M M 8.6 28 330 M M 3 36 330
3 57 27 42 -4 23 0 0.00 M M 17.3 29 30 M M 3 40 40
4 36 23 30 -16 35 0 T M M 20.7 36 320 M M 10 168 46 320
5 41 15 28 -18 37 0 0.00 M M 17.3 37 300 M M 4 47 310
6 59 12 36 -10 29 0 0.00 M M 9.5 31 230 M M 1 39 230
7 71 16 44 -2 21 0 0.00 M M 12.8 33 180 M M 0 44 180
8 79 44 62 15 3 0 0.00 M M 17.4 32 180 M M 0 43 180
9 76 43 60 13 5 0 0.00 M M 8.3 24 360 M M 0 32 360
10 77 32 55 8 10 0 0.00 M M 4.2 15 340 M M 0 17 340
11 87 37 62 15 3 0 0.00 M M 13.5 28 200 M M 0 38 180
12 90 52 71 23 0 6 0.00 M M 17.6 32 170 M M 0 45 170
13 92 59 76 28 0 11 0.00 M M 21.0 35 160 M M 0 53 160
14 71 42 57 9 8 0 0.00 M M 24.0 35 350 M M 6 8 43 350
15 47 37 42 -6 23 0 0.12 M M 19.7 31 340 M M 8 1 39 320
16 60 24 42 -7 23 0 0.00 M M 17.4 35 310 M M 0 47 320
17 75 20 48 -1 17 0 0.00 M M 8.1 21 140 M M 0 27 180
18 78 41 60 11 5 0 0.00 M M 15.4 31 130 M M 0 40 130
19 69 48 59 10 6 0 T M M 19.2 31 350 M M 1 40 330
20 57 32 45 -5 20 0 T M M 19.1 39 300 M M 6 50 290
21 48 29 39 -11 26 0 0.00 M M 20.2 33 300 M M 4 44 290
22 48 21 35 -15 30 0 T M M 15.7 28 330 M M 2 38 340
23 58 15 37 -13 28 0 0.00 M M 5.4 24 300 M M 3 31 300
24 70 23 47 -4 18 0 T M M 6.9 18 160 M M 3 8 25 30
25 61 27 44 -7 21 0 0.00 M M 6.9 17 130 M M 5 18 25 130
26 67 29 48 -3 17 0 0.00 M M 6.4 17 190 M M 2 24 170
27 73 42 58 6 7 0 0.07 M M 14.2 32 330 M M 4 3 43 330
28 58 28 43 -9 22 0 0.04 M M 20.5 38 340 M M 7 1 50 340
29 69 28 49 -3 16 0 0.00 M M 19.0 45 330 M M 1 8 56 350
30 60 32 46 -7 19 0 0.00 M M 16.1 31 350 M M 0 40 360
================================================================================
SM 1967 926 511 17 0.23 M 433.9 M 73
================================================================================
AV 65.6 30.9 14.5 FASTST M M 2 MAX(MPH)
MISC ----> 45 330 56 350
================================================================================
NOTES:
# LAST OF SEVERAL OCCURRENCES
COLUMN 17 PEAK WIND IN M.P.H.
PRELIMINARY LOCAL CLIMATOLOGICAL DATA (WS FORM: F-6) , PAGE 2
STATION: BROKEN BOW
MONTH: APRIL
YEAR: 2023
LATITUDE: 41 26 N
LONGITUDE: 99 39 W
[TEMPERATURE DATA] [PRECIPITATION DATA] SYMBOLS USED IN COLUMN 16
AVERAGE MONTHLY: 48.2 TOTAL FOR MONTH: 0.23 1 = FOG OR MIST
DPTR FM NORMAL: -0.5 DPTR FM NORMAL: -2.47 2 = FOG REDUCING VISIBILITY
HIGHEST: 92 ON 13 GRTST 24HR 0.12 ON 15-15 TO 1/4 MILE OR LESS
LOWEST: 12 ON 6 3 = THUNDER
SNOW, ICE PELLETS, HAIL 4 = ICE PELLETS
TOTAL MONTH: M 5 = HAIL
GRTST 24HR M ON M 6 = FREEZING RAIN OR DRIZZLE
GRTST DEPTH: M ON M 7 = DUSTSTORM OR SANDSTORM:
VSBY 1/2 MILE OR LESS
8 = SMOKE OR HAZE
[NO. OF DAYS WITH] [WEATHER - DAYS WITH] 9 = BLOWING SNOW
X = TORNADO
MAX 32 OR BELOW: 0 0.01 INCH OR MORE: 3
MAX 90 OR ABOVE: 2 0.10 INCH OR MORE: 1
MIN 32 OR BELOW: 20 0.50 INCH OR MORE: 0
MIN 0 OR BELOW: 0 1.00 INCH OR MORE: 0
[HDD (BASE 65) ]
TOTAL THIS MO. 511 CLEAR (SCALE 0-3) 20
DPTR FM NORMAL 18 PTCLDY (SCALE 4-7) 8
TOTAL FM JUL 1 6482 CLOUDY (SCALE 8-10) 2
DPTR FM NORMAL 456
[CDD (BASE 65) ]
TOTAL THIS MO. 17
DPTR FM NORMAL 14 [PRESSURE DATA]
TOTAL FM JAN 1 17 HIGHEST SLP 30.41 ON 6
DPTR FM NORMAL 13 LOWEST SLP 29.30 ON 13
[REMARKS]
#FINAL-04-23#