000
CXUS55 KLBF 011410
CF6BBW
PRELIMINARY LOCAL CLIMATOLOGICAL DATA (WS FORM: F-6)
STATION: BROKEN BOW
MONTH: JUNE
YEAR: 2021
LATITUDE: 41 26 N
LONGITUDE: 99 39 W
TEMPERATURE IN F: :PCPN: SNOW: WIND :SUNSHINE: SKY :PK WND
================================================================================
1 2 3 4 5 6A 6B 7 8 9 10 11 12 13 14 15 16 17 18
12Z AVG MX 2MIN
DY MAX MIN AVG DEP HDD CDD WTR SNW DPTH SPD SPD DIR MIN PSBL S-S WX SPD DR
================================================================================
1 75 44 60 -6 5 0 0.00 M M 4.4 16 170 M M 2 22 160
2 78 46 62 -4 3 0 0.00 M M 4.0 12 150 M M 0 18 170
3 88 53 71 5 0 6 0.00 M M 5.3 14 210 M M 1 20 210
4 92 56 74 7 0 9 0.00 M M 10.7 23 180 M M 0 31 180
5 93 60 77 10 0 12 0.00 M M 12.7 26 160 M M 0 37 150
6 91 64 78 10 0 13 0.00 M M 14.2 26 190 M M 0 36 180
7 91 64 78 10 0 13 0.00 M M 10.4 22 170 M M 1 28 170
8 88 64 76 8 0 11 0.00 M M 10.9 23 160 M M 2 31 130
9 91 63 77 8 0 12 0.00 M M 7.6 18 150 M M 2 26 190
10 94 72 83 14 0 18 0.00 M M 13.8 23 150 M M 3 32 140
11 84 56 70 1 0 5 T M M 13.9 33 350 M M 1 45 350
12 86 47 67 -3 0 2 0.00 M M 6.1 18 160 M M 0 27 170
13 92 53 73 3 0 8 0.00 M M 6.3 18 170 M M 0 23 160
14 95 67 81 11 0 16 0.01 M M 7.4 28 290 M M 1 3 37 290
15 97 63 80 10 0 15 0.00 M M 6.6 18 170 M M 0 26 200
16 103 65 84 13 0 19 0.00 M M 9.6 23 190 M M 0 32 180
17 98 66 82 11 0 17 0.00 M M 5.7 13 20 M M 0 17 20
18 89 63 76 5 0 11 0.03 M M 8.0 20 270 M M 0 3 25 30
19 84 56 70 -1 0 5 0.00 M M 8.3 18 30 M M 0 30 30
20 84 58 71 -1 0 6 0.00 M M 12.7 28 340 M M 0 41 330
21 81 49 65 -7 0 0 T M M 8.2 22 310 M M 2 34 310
22 92 48 70 -2 0 5 0.00 M M 9.2 24 210 M M 0 33 210
23 95 58 77 5 0 12 0.00 M M 9.1 21 160 M M 0 30 140
24 82 64 73 0 0 8 0.19 M M 6.4 17 90 M M 2 3 26 80
25 77 60 69 -4 0 4 0.06 M M 8.2 24 330 M M 5 3 31 320
26 79 59 69 -4 0 4 0.00 M M 10.8 22 340 M M 6 30 350
27 79 55 67 -6 0 2 0.31 M M 2.8 25 350 M M 3 3 37 360
28 82 58 70 -3 0 5 0.08 M M 5.1 18 300 M M 4 3 25 290
29 84 55 70 -4 0 5 0.00 M M 4.2 12 130 M M 2 17 140
30 84 58 71 -3 0 6 T M M 4.6 15 100 M M 3 20 110
================================================================================
SM 2628 1744 8 249 0.68 M 247.2 M 40
================================================================================
AV 87.6 58.1 8.2 FASTST M M 1 MAX(MPH)
MISC ----> 33 350 45 350
================================================================================
NOTES:
# LAST OF SEVERAL OCCURRENCES
COLUMN 17 PEAK WIND IN M.P.H.
PRELIMINARY LOCAL CLIMATOLOGICAL DATA (WS FORM: F-6) , PAGE 2
STATION: BROKEN BOW
MONTH: JUNE
YEAR: 2021
LATITUDE: 41 26 N
LONGITUDE: 99 39 W
[TEMPERATURE DATA] [PRECIPITATION DATA] SYMBOLS USED IN COLUMN 16
AVERAGE MONTHLY: 72.9 TOTAL FOR MONTH: 0.68 1 = FOG OR MIST
DPTR FM NORMAL: 2.6 DPTR FM NORMAL: -2.84 2 = FOG REDUCING VISIBILITY
HIGHEST: 103 ON 16 GRTST 24HR 0.31 ON 27-27 TO 1/4 MILE OR LESS
LOWEST: 44 ON 1 3 = THUNDER
SNOW, ICE PELLETS, HAIL 4 = ICE PELLETS
TOTAL MONTH: M 5 = HAIL
GRTST 24HR M ON M 6 = FREEZING RAIN OR DRIZZLE
GRTST DEPTH: M ON M 7 = DUSTSTORM OR SANDSTORM:
VSBY 1/2 MILE OR LESS
8 = SMOKE OR HAZE
[NO. OF DAYS WITH] [WEATHER - DAYS WITH] 9 = BLOWING SNOW
X = TORNADO
MAX 32 OR BELOW: 0 0.01 INCH OR MORE: 6
MAX 90 OR ABOVE: 13 0.10 INCH OR MORE: 2
MIN 32 OR BELOW: 0 0.50 INCH OR MORE: 0
MIN 0 OR BELOW: 0 1.00 INCH OR MORE: 0
[HDD (BASE 65) ]
TOTAL THIS MO. 8 CLEAR (SCALE 0-3) 26
DPTR FM NORMAL -24 PTCLDY (SCALE 4-7) 4
TOTAL FM JUL 1 6301 CLOUDY (SCALE 8-10) 0
DPTR FM NORMAL 27
[CDD (BASE 65) ]
TOTAL THIS MO. 249
DPTR FM NORMAL 60 [PRESSURE DATA]
TOTAL FM JAN 1 282 HIGHEST SLP 30.18 ON 1
DPTR FM NORMAL 47 LOWEST SLP 29.57 ON 20
[REMARKS]
#FINAL-06-21#