000
CXUS51 KOKX 011716
CLSBDR
CLIMATE REPORT
NATIONAL WEATHER SERVICE NEW YORK NY
1213 PM EST SUN MAR 1 2020
...................................
...THE BRIDGEPORT CT CLIMATE SUMMARY FOR THE SEASON, FROM
12/1/2019 TO 2/29/2020...
CLIMATE NORMAL PERIOD 1981 TO 2010
CLIMATE RECORD PERIOD 1948 TO 2020
WEATHER OBSERVED NORMAL DEPART LAST YEAR`S
VALUE DATE(S) VALUE FROM VALUE
NORMAL
.............................................................
TEMPERATURE (F)
RECORD
HIGH 76 12/07/1998
LOW -7 01/22/1984
HIGHEST 69 01/12 MM MM
LOWEST 11 02/15 MM MM
AVG. MAXIMUM 43.5 39.7 3.8
AVG. MINIMUM 30.2 25.5 4.7
MEAN 36.8 32.6 4.2
DAYS MAX >= 90 0 0.0 0.0
DAYS MAX <= 32 6 17.2 -11.2
DAYS MIN <= 32 53 67.4 -14.4
DAYS MIN <= 0 0 0.3 -0.3
PRECIPITATION (INCHES)
RECORD
MAXIMUM 19.61 1979
MINIMUM 4.33 1980
TOTALS 12.58 9.22 3.36 13.57
DAILY AVG. 0.14 0.10 0.04
DAYS >= .01 35 31.7 3.3
DAYS >= .10 20 18.9 1.1
DAYS >= .50 9 6.2 2.8
DAYS >= 1.00 2 1.7 0.3
GREATEST
24 HR. TOTAL 1.82 MM
STORM TOTAL MM
(MM/DD(HH)) MM
SNOWFALL (INCHES)
RECORDS
TOTAL 58.7 2011
24 HR TOTAL 18.5 MM
TOTALS 10.1 20.9 -10.8
LIQUID EQUIV 1.01 2.10 -1.09
SINCE 7/1 10.1 21.6 -11.5
LIQUID 7/1 1.01
DAYS >= TRACE 12 11.4 0.6
DAYS >= 1.0 3 5.9 -2.9
GREATEST
SNOW DEPTH 4 01/19
24 HR TOTAL 4.4 MM
STORM TOTAL MM
(MM/DD(HH)) MM
DEGREE_DAYS
HEATING TOTAL 2544 2914 -370
SINCE 7/1 MM 3917 MM
COOLING TOTAL 0 0 0
SINCE 1/1 0 0 0
..............................................................
WIND (MPH)
AVERAGE WIND SPEED 8.7
HIGHEST WIND SPEED/DIRECTION 36/230 DATE 02/07
HIGHEST GUST SPEED/DIRECTION 52/300 DATE 01/16
SKY COVER
POSSIBLE SUNSHINE (PERCENT) MM
AVERAGE SKY COVER 0.50
NUMBER OF DAYS FAIR 35
NUMBER OF DAYS PC 27
NUMBER OF DAYS CLOUDY 29
AVERAGE RH (PERCENT) 67
WEATHER CONDITIONS. NUMBER OF DAYS WITH
0
17
2
0
2
0
5
HAZE 9
- INDICATES NEGATIVE NUMBERS.
R INDICATES RECORD WAS SET OR TIED.
MM INDICATES DATA IS MISSING.
T INDICATES TRACE AMOUNT.
$$