000
CXUS53 KIWX 010810
CF6BEH
PRELIMINARY LOCAL CLIMATOLOGICAL DATA (WS FORM: F-6)
STATION: BENTON HARBOR
MONTH: MARCH
YEAR: 2023
LATITUDE: 42 7 N
LONGITUDE: 86 26 W
TEMPERATURE IN F: :PCPN: SNOW: WIND :SUNSHINE: SKY :PK WND
================================================================================
1 2 3 4 5 6A 6B 7 8 9 10 11 12 13 14 15 16 17 18
12Z AVG MX 2MIN
DY MAX MIN AVG DEP HDD CDD WTR SNW DPTH SPD SPD DIR MIN PSBL S-S WX SPD DR
================================================================================
1 51 35 43 11 22 0 0.15 M M 6.7 15 270 M M 4 18 22 60
2 43 28 36 3 29 0 T M M 6.3 16 290 M M 7 1 27 290
3 37 28 33 0 32 0 0.36 M M 8.6 20 60 M M 5 128 32 60
4 45 30 38 5 27 0 0.07 M M 7.4 14 300 M M 6 18 23 280
5 48 30 39 5 26 0 0.00 M M 6.2 20 110 M M 1 1 27 100
6 44 38 41 7 24 0 0.33 M M 10.7 24 110 M M 8 1 34 100
7 46 30 38 4 27 0 0.00 M M 6.4 15 70 M M 3 22 40
8 48 26 37 3 28 0 0.00 M M 7.7 18 110 M M 1 26 110
9 45 34 40 5 25 0 0.20 M M 9.8 22 100 M M 10 1 31 100
10 38 31 35 0 30 0 0.16 M M 6.5 15 80 M M 10 12 24 70
11 44 30 37 2 28 0 T M M 5.4 13 120 M M 5 18 100
12 36 32 34 -2 31 0 0.10 M M 6.9 22 240 M M 10 18 34 240
13 34 27 31 -5 34 0 0.05 M M 10.5 20 270 M M 10 18 29 330
14 33 22 28 -8 37 0 0.06 M M 5.2 15 300 M M 8 1 26 360
15 47 18 33 -4 32 0 0.00 M M 7.5 16 180 M M 0 26 190
16 50 41 46 9 19 0 0.18 M M 11.5 20 190 M M 5 1 30 200
17 51 28 40 3 25 0 0.40 M M 20.5 31 260 M M 10 1 41 250
18 28 18 23 -15 42 0 T M M 19.9 30 280 M M 10 18 43 290
19 37 25 31 -7 34 0 T M M 15.5 24 230 M M 4 8 32 300
20 50 27 39 1 26 0 0.00 M M 14.2 26 220 M M 1 38 200
21 54 36 45 6 20 0 0.00 M M 9.5 18 190 M M 6 29 190
22 51 41 46 7 19 0 0.43 M M 7.3 16 210 M M 10 18 26 210
23 48 35 42 3 23 0 0.24 M M 5.6 16 360 M M 7 1 32 10
24 48 35 42 2 23 0 0.01 M M 10.6 26 100 M M 2 35 70
25 39 34 37 -3 28 0 0.43 M M 13.9 35 270 M M 9 1 47 280
26 48 29 39 -1 26 0 0.32 M M 5.7 17 240 M M 6 13 25 250
27 43 33 38 -2 27 0 0.00 M M 6.6 14 320 M M 5 26 10
28 44 26 35 -6 30 0 0.00 M M 3.1 12 260 M M 1 18 17 270
29 42 22 32 -9 33 0 0.03 M M 8.1 21 250 M M 3 128 31 250
30 51 18 35 -7 30 0 0.00 M M 8.2 17 140 M M 3 24 150
31 65 50 58 16 7 0 1.70 M M 12.6 33 240 M M 9 138 44 240
================================================================================
SM 1388 937 844 0 5.22 M 284.6 M 179
================================================================================
AV 44.8 30.2 9.2 FASTST M M 6 MAX(MPH)
MISC ----> 35 270 47 280
================================================================================
NOTES:
# LAST OF SEVERAL OCCURRENCES
COLUMN 17 PEAK WIND IN M.P.H.
PRELIMINARY LOCAL CLIMATOLOGICAL DATA (WS FORM: F-6) , PAGE 2
STATION: BENTON HARBOR
MONTH: MARCH
YEAR: 2023
LATITUDE: 42 7 N
LONGITUDE: 86 26 W
[TEMPERATURE DATA] [PRECIPITATION DATA] SYMBOLS USED IN COLUMN 16
AVERAGE MONTHLY: 37.5 TOTAL FOR MONTH: 5.22 1 = FOG OR MIST
DPTR FM NORMAL: 0.4 DPTR FM NORMAL: 3.20 2 = FOG REDUCING VISIBILITY
HIGHEST: 65 ON 31 GRTST 24HR 1.70 ON 31-31 TO 1/4 MILE OR LESS
LOWEST: 18 ON 30,18 3 = THUNDER
SNOW, ICE PELLETS, HAIL 4 = ICE PELLETS
TOTAL MONTH: M 5 = HAIL
GRTST 24HR M ON M 6 = FREEZING RAIN OR DRIZZLE
GRTST DEPTH: M ON M 7 = DUSTSTORM OR SANDSTORM:
VSBY 1/2 MILE OR LESS
8 = SMOKE OR HAZE
[NO. OF DAYS WITH] [WEATHER - DAYS WITH] 9 = BLOWING SNOW
X = TORNADO
MAX 32 OR BELOW: 1 0.01 INCH OR MORE: 18
MAX 90 OR ABOVE: 0 0.10 INCH OR MORE: 13
MIN 32 OR BELOW: 20 0.50 INCH OR MORE: 1
MIN 0 OR BELOW: 0 1.00 INCH OR MORE: 1
[HDD (BASE 65) ]
TOTAL THIS MO. 844 CLEAR (SCALE 0-3) 8
DPTR FM NORMAL -24 PTCLDY (SCALE 4-7) 12
TOTAL FM JUL 1 4823 CLOUDY (SCALE 8-10) 11
DPTR FM NORMAL -501
[CDD (BASE 65) ]
TOTAL THIS MO. 0
DPTR FM NORMAL -2 [PRESSURE DATA]
TOTAL FM JAN 1 0 HIGHEST SLP 30.58 ON 8
DPTR FM NORMAL -2 LOWEST SLP 29.26 ON 31
[REMARKS]
#FINAL-03-23#