844
CXUS55 KCYS 061807
CF6BFF
PRELIMINARY LOCAL CLIMATOLOGICAL DATA (WS FORM: F-6)
STATION: SCOTTSBLUFF NE AIRPORT
MONTH: JANUARY
YEAR: 2021
LATITUDE: 41 52 N
LONGITUDE: 103 36 W
TEMPERATURE IN F: :PCPN: SNOW: WIND :SUNSHINE: SKY :PK WND
================================================================================
1 2 3 4 5 6A 6B 7 8 9 10 11 12 13 14 15 16 17 18
12Z AVG MX 2MIN
DY MAX MIN AVG DEP HDD CDD WTR SNW DPTH SPD SPD DIR MIN PSBL S-S WX SPD DR
================================================================================
1 42 15 29 3 36 0 0.00 0.0 0 6.2 13 300 M M 1 18 300
2 47 12 30 4 35 0 T 0.0 0 7.4 21 290 M M 2 28 300
3 50 17 34 8 31 0 0.00 0.0 0 11.4 29 290 M M 2 41 270
4 53 22 38 12 27 0 0.00 0.0 0 4.8 16 290 M M 1 22 300
5 61 22 42 16 23 0 T 0.0 0 11.3 30 320 M M 5 8 43 300
6 44 17 31 4 34 0 0.00 0.0 0 8.4 18 300 M M 0 23 300
7 41 12 27 0 38 0 0.00 0.0 0 5.4 13 100 M M 2 16 90
8 45 23 34 7 31 0 T 0.0 0 6.7 16 330 M M 8 21 320
9 36 29 33 6 32 0 0.02 0.2 T 2.6 9 30 M M 10 18 11 30
10 43 17 30 3 35 0 T T 0 2.8 10 260 M M 5 1 16 200
11 50 14 32 5 33 0 0.00 0.0 0 8.3 17 300 M M 0 23 300
12 54 18 36 9 29 0 0.00 0.0 0 8.9 18 280 M M 0 26 270
13 58 34 46 19 19 0 0.01 T 0 18.4 56 330 M M 2 18 86 320
14 35 27 31 4 34 0 T T 0 24.2 39 310 M M 2 8 58 310
15 41 23 32 5 33 0 0.00 0.0 0 22.2 39 320 M M 0 56 320
16 44 20 32 5 33 0 0.01 0.0 0 15.1 32 320 M M 6 44 330
17 48 18 33 6 32 0 0.00 0.0 0 7.9 23 350 M M 5 30 350
18 44 15 30 2 35 0 T 0.0 0 15.6 35 320 M M 5 46 320
19 40 16 28 0 37 0 0.00 0.0 0 10.3 23 310 M M 1 31 300
20 55 16 36 8 29 0 0.00 0.0 0 11.6 30 310 M M 0 42 320
21 47 27 37 9 28 0 0.00 0.0 0 8.3 16 60 M M 3 21 290
22 37 25 31 3 34 0 0.05 1.5 0 7.8 18 110 M M 8 1 22 90
23 34 22 28 0 37 0 0.07 0.7 2 9.0 18 120 M M 8 1 22 130
24 37 17 27 -1 38 0 T T 1 9.4 20 180 M M 4 1 25 190
25 25 19 22 -6 43 0 T T T 7.7 17 130 M M 9 18 24 130
26 20 10 15 -13 50 0 0.01 0.8 1 9.9 16 120 M M 8 8 21 120
27 43 4 24 -4 41 0 0.00 0.0 T 8.2 17 190 M M 0 23 180
28 43 12 28 0 37 0 0.00 0.0 0 2.4 8 100 M M 0 11 140
29 52 16 34 6 31 0 0.00 0.0 0 3.7 13 290 M M 0 16 280
30 49 24 37 9 28 0 0.00 0.0 0 12.7 26 310 M M 4 37 320
31 51 19 35 7 30 0 0.00 0.0 0 6.8 16 320 M M 1 22 320
================================================================================
SM 1369 582 1033 0 0.17 3.2 295.4 M 102
================================================================================
AV 44.2 18.8 9.5 FASTST M M 3 MAX(MPH)
MISC ----> 56 330 86 320
================================================================================
NOTES:
# LAST OF SEVERAL OCCURRENCES
COLUMN 17 PEAK WIND IN M.P.H.
PRELIMINARY LOCAL CLIMATOLOGICAL DATA (WS FORM: F-6) , PAGE 2
STATION: SCOTTSBLUFF NE AIRPORT
MONTH: JANUARY
YEAR: 2021
LATITUDE: 41 52 N
LONGITUDE: 103 36 W
[TEMPERATURE DATA] [PRECIPITATION DATA] SYMBOLS USED IN COLUMN 16
AVERAGE MONTHLY: 31.5 TOTAL FOR MONTH: 0.17 1 = FOG OR MIST
DPTR FM NORMAL: 4.3 DPTR FM NORMAL: -0.24 2 = FOG REDUCING VISIBILITY
HIGHEST: 61 ON 5 GRTST 24HR 0.07 ON 23-23 TO 1/4 MILE OR LESS
LOWEST: 4 ON 27 3 = THUNDER
SNOW, ICE PELLETS, HAIL 4 = ICE PELLETS
TOTAL MONTH: 3.2 INCHES 5 = HAIL
GRTST 24HR 1.5 ON 22-22 6 = FREEZING RAIN OR DRIZZLE
GRTST DEPTH: 2 ON 23 7 = DUSTSTORM OR SANDSTORM:
VSBY 1/2 MILE OR LESS
8 = SMOKE OR HAZE
[NO. OF DAYS WITH] [WEATHER - DAYS WITH] 9 = BLOWING SNOW
X = TORNADO
MAX 32 OR BELOW: 2 0.01 INCH OR MORE: 6
MAX 90 OR ABOVE: 0 0.10 INCH OR MORE: 0
MIN 32 OR BELOW: 30 0.50 INCH OR MORE: 0
MIN 0 OR BELOW: 0 1.00 INCH OR MORE: 0
[HDD (BASE 65) ]
TOTAL THIS MO. 1033 CLEAR (SCALE 0-3) 17
DPTR FM NORMAL -137 PTCLDY (SCALE 4-7) 9
TOTAL FM JUL 1 3507 CLOUDY (SCALE 8-10) 5
DPTR FM NORMAL -435
[CDD (BASE 65) ]
TOTAL THIS MO. 0
DPTR FM NORMAL 0 [PRESSURE DATA]
TOTAL FM JAN 1 0 HIGHEST SLP 30.52 ON 19
DPTR FM NORMAL 0 LOWEST SLP 29.57 ON 30
[REMARKS]
#FINAL-01-21#