000
CXUS55 KBYZ 011057
CF6BHK
PRELIMINARY LOCAL CLIMATOLOGICAL DATA (WS FORM: F-6)
STATION: BAKER MT
MONTH: MARCH
YEAR: 2020
LATITUDE: 46 20 N
LONGITUDE: 104 15 W
TEMPERATURE IN F: :PCPN: SNOW: WIND :SUNSHINE: SKY :PK WND
================================================================================
1 2 3 4 5 6A 6B 7 8 9 10 11 12 13 14 15 16 17 18
12Z AVG MX 2MIN
DY MAX MIN AVG DEP HDD CDD WTR SNW DPTH SPD SPD DIR MIN PSBL S-S WX SPD DR
================================================================================
1 33 19 26 0 39 0 0.00 M M 15.9 31 310 M M 6 40 310
2 42 20 31 5 34 0 T M M 17.2 31 300 M M 5 1 41 300
3 46 25 36 9 29 0 0.13 M M 13.2 29 310 M M 5 12 37 310
4 56 28 42 15 23 0 0.00 M M 15.4 46 330 M M 3 58 320
5 44 26 35 7 30 0 0.00 M M 12.7 22 290 M M 0 30 290
6 66 26 46 18 19 0 0.00 M M 9.3 18 180 M M 0 23 150
7 69 30 50 22 15 0 0.00 M M 4.5 12 180 M M 0 16 270
8 44 17 31 2 34 0 T M M 13.9 26 330 M M 6 18 33 310
9 47 18 33 4 32 0 0.00 M M 5.4 15 360 M M 7 17 360
10 49 26 38 9 27 0 0.00 M M 9.2 25 290 M M 4 33 300
11 55 34 45 15 20 0 0.08 M M 12.5 25 290 M M 6 1 33 280
12 37 25 31 1 34 0 T M M 13.4 24 310 M M 7 1 33 320
13 34 19 27 -4 38 0 T M M 14.0 32 110 M M 8 41 120
14 26 21 24 -7 41 0 T M M 27.9 37 130 M M 10 1 45 130
15 31 20 26 -5 39 0 T M M 12.6 22 130 M M 10 16 27 120
16 24 11 18 -14 47 0 T M M 11.0 18 280 M M 7 1 24 270
17 46 8 27 -5 38 0 0.00 M M 10.0 26 150 M M 2 30 150
18 39 24 32 0 33 0 T M M 8.9 16 80 M M 10 18 19 80
19 26 13 20 -13 45 0 T M M 10.3 18 10 M M 10 18 22 20
20 30 7 19 -14 46 0 0.00 M M 14.4 25 150 M M 5 32 130
21 49 14 32 -2 33 0 0.00 M M 8.3 18 140 M M 0 30 270
22 42 19 31 -3 34 0 0.01 M M 5.7 17 300 M M 0 1 21 300
23 60 22 41 7 24 0 0.00 M M 7.9 16 260 M M 0 20 280
24 55 30 43 8 22 0 T M M 14.0 26 300 M M 0 34 290
25 40 23 32 -3 33 0 0.00 M M 7.4 14 160 M M 0 19 180
26 49 20 35 0 30 0 T M M 5.8 16 180 M M 0 1 23 280
27 54 26 40 4 25 0 0.00 M M 7.4 15 220 M M 0 19 210
28 56 21 39 3 26 0 0.00 M M 6.9 22 340 M M 0 30 320
29 61 23 42 6 23 0 0.00 M M 4.3 15 190 M M 0 18 210
30 66 31 49 12 16 0 0.00 M M 6.9 15 150 M M 0 18 220
31 57 34 46 9 19 0 0.03 M M 11.9 31 330 M M 3 1 39 320
================================================================================
SM 1433 680 948 0 0.25 M 338.2 M 114
================================================================================
AV 46.2 21.9 10.9 FASTST M M 4 MAX(MPH)
MISC ----> # 46 330 # 58 320
================================================================================
NOTES:
# LAST OF SEVERAL OCCURRENCES
COLUMN 17 PEAK WIND IN M.P.H.
PRELIMINARY LOCAL CLIMATOLOGICAL DATA (WS FORM: F-6) , PAGE 2
STATION: BAKER MT
MONTH: MARCH
YEAR: 2020
LATITUDE: 46 20 N
LONGITUDE: 104 15 W
[TEMPERATURE DATA] [PRECIPITATION DATA] SYMBOLS USED IN COLUMN 16
AVERAGE MONTHLY: 34.1 TOTAL FOR MONTH: 0.25 1 = FOG OR MIST
DPTR FM NORMAL: 2.5 DPTR FM NORMAL: -0.47 2 = FOG REDUCING VISIBILITY
HIGHEST: 69 ON 7 GRTST 24HR 0.13 ON 3- 3 TO 1/4 MILE OR LESS
LOWEST: 7 ON 20 3 = THUNDER
SNOW, ICE PELLETS, HAIL 4 = ICE PELLETS
TOTAL MONTH: M 5 = HAIL
GRTST 24HR M ON M 6 = FREEZING RAIN OR DRIZZLE
GRTST DEPTH: M ON M 7 = DUSTSTORM OR SANDSTORM:
VSBY 1/2 MILE OR LESS
8 = SMOKE OR HAZE
[NO. OF DAYS WITH] [WEATHER - DAYS WITH] 9 = BLOWING SNOW
X = TORNADO
MAX 32 OR BELOW: 5 0.01 INCH OR MORE: 4
MAX 90 OR ABOVE: 0 0.10 INCH OR MORE: 1
MIN 32 OR BELOW: 29 0.50 INCH OR MORE: 0
MIN 0 OR BELOW: 0 1.00 INCH OR MORE: 0
[HDD (BASE 65) ]
TOTAL THIS MO. 948 CLEAR (SCALE 0-3) 16
DPTR FM NORMAL -86 PTCLDY (SCALE 4-7) 11
TOTAL FM JUL 1 6993 CLOUDY (SCALE 8-10) 4
DPTR FM NORMAL -195
[CDD (BASE 65) ]
TOTAL THIS MO. 0
DPTR FM NORMAL 0 [PRESSURE DATA]
TOTAL FM JAN 1 0 HIGHEST SLP 30.67 ON 20
DPTR FM NORMAL 0 LOWEST SLP 29.53 ON 8
[REMARKS]
#FINAL-03-20#