611
CXUS55 KVEF 151340
CF6BIH
PRELIMINARY LOCAL CLIMATOLOGICAL DATA (WS FORM: F-6)
STATION: BISHOP CA
MONTH: OCTOBER
YEAR: 2020
LATITUDE: 37 22 N
LONGITUDE: 118 22 W
TEMPERATURE IN F: :PCPN: SNOW: WIND :SUNSHINE: SKY :PK WND
================================================================================
1 2 3 4 5 6A 6B 7 8 9 10 11 12 13 14 15 16 17 18
12Z AVG MX 2MIN
DY MAX MIN AVG DEP HDD CDD WTR SNW DPTH SPD SPD DIR MIN PSBL S-S WX SPD DR
================================================================================
1 96 44 70 8 0 5 0.00 0.0 0 5.9 14 150 M M 0 18 160
2 96 44 70 8 0 5 0.00 0.0 0 5.5 13 350 M M 0 13 310
3 94 43 69 7 0 4 0.00 0.0 0 5.2 10 290 M M 0 8 11 230
4 93 41 67 6 0 2 0.00 0.0 0 6.2 21 160 M M 0 8 25 160
5 91 43 67 6 0 2 0.00 0.0 0 6.6 14 160 M M 3 8 19 150
6 89 45 67 7 0 2 0.00 0.0 0 7.2 18 150 M M 0 8 23 150
7 90 44 67 7 0 2 0.00 0.0 0 8.1 22 150 M M 0 8 28 150
8 85 43 64 4 1 0 0.00 0.0 0 4.6 10 330 M M 0 8 12 140
9 88 40 64 5 1 0 0.00 0.0 0 7.3 16 160 M M 0 8 21 160
10 84 43 64 5 1 0 0.00 0.0 0 4.6 14 10 M M 0 8 17 10
11 88 42 65 6 0 0 0.00 0.0 0 8.7 20 340 M M 0 8 27 340
12 86 38 62 4 3 0 0.00 0.0 0 4.0 9 330 M M 0 11 160
13 88 40 64 6 1 0 0.00 0.0 0 4.9 10 340 M M 0 8 11 300
14 93 42 68 10 0 3 0.00 0.0 0 6.2 16 330 M M 0 8 23 290
15 90 54 72 15 0 7 0.00 0.0 0 11.3 24 10 M M 2 8 34 360
16 84 50 67 10 0 2 0.00 0.0 0 7.3 15 350 M M 0 20 360
17 88 38 63 7 2 0 0.00 0.0 0 6.0 12 160 M M 1 8 16 150
18 89 42 66 10 0 1 0.00 0.0 0 4.4 10 310 M M 0 8 11 310
19 82 41 62 6 3 0 0.00 0.0 0 5.4 12 300 M M 6 8 13 300
20 85 38 62 7 3 0 0.00 0.0 0 4.9 13 290 M M 1 8 15 290
21 81 37 59 4 6 0 0.00 0.0 0 4.6 10 350 M M 0 8 11 280
22 83 37 60 5 5 0 0.00 0.0 0 7.9 21 350 M M 0 8 29 350
23 77 39 58 4 7 0 0.00 0.0 0 6.9 17 340 M M 0 22 340
24 78 37 58 4 7 0 0.00 0.0 0 5.5 13 160 M M 0 8 16 160
25 65 31 48 -6 17 0 0.00 0.0 0 19.6 40 350 M M 0 8 52 360
26 62 27 45 -8 20 0 0.00 0.0 0 14.9 31 360 M M 0 40 350
27 74 39 57 4 8 0 0.00 0.0 0 14.9 25 350 M M 0 33 360
28 82 38 60 8 5 0 0.00 0.0 0 9.0 16 350 M M 0 8 22 330
29 82 30 56 4 9 0 0.00 0.0 0 5.4 10 180 M M 0 12 160
30 78 30 54 2 11 0 0.00 0.0 0 5.5 10 320 M M 0 12 160
31 82 30 56 5 9 0 0.00 0.0 0 5.1 12 320 M M 0 12 320
================================================================================
SM 2623 1230 119 35 0.00 0.0 223.6 M 13
================================================================================
AV 84.6 39.7 7.2 FASTST M M 0 MAX(MPH)
MISC ----> 40 350 52 360
================================================================================
NOTES:
# LAST OF SEVERAL OCCURRENCES
COLUMN 17 PEAK WIND IN M.P.H.
PRELIMINARY LOCAL CLIMATOLOGICAL DATA (WS FORM: F-6) , PAGE 2
STATION: BISHOP CA
MONTH: OCTOBER
YEAR: 2020
LATITUDE: 37 22 N
LONGITUDE: 118 22 W
[TEMPERATURE DATA] [PRECIPITATION DATA] SYMBOLS USED IN COLUMN 16
AVERAGE MONTHLY: 62.1 TOTAL FOR MONTH: 0.00 1 = FOG OR MIST
DPTR FM NORMAL: 5.3 DPTR FM NORMAL: -0.30 2 = FOG REDUCING VISIBILITY
HIGHEST: 96 ON 2, 1 GRTST 24HR T ON 18-18 TO 1/4 MILE OR LESS
LOWEST: 27 ON 26 3 = THUNDER
SNOW, ICE PELLETS, HAIL 4 = ICE PELLETS
TOTAL MONTH: 0.0 INCH 5 = HAIL
GRTST 24HR 0.0 6 = FREEZING RAIN OR DRIZZLE
GRTST DEPTH: 0 7 = DUSTSTORM OR SANDSTORM:
VSBY 1/2 MILE OR LESS
8 = SMOKE OR HAZE
[NO. OF DAYS WITH] [WEATHER - DAYS WITH] 9 = BLOWING SNOW
X = TORNADO
MAX 32 OR BELOW: 0 0.01 INCH OR MORE: 0
MAX 90 OR ABOVE: 8 0.10 INCH OR MORE: 0
MIN 32 OR BELOW: 5 0.50 INCH OR MORE: 0
MIN 0 OR BELOW: 0 1.00 INCH OR MORE: 0
[HDD (BASE 65) ]
TOTAL THIS MO. 119 CLEAR (SCALE 0-3) 30
DPTR FM NORMAL -145 PTCLDY (SCALE 4-7) 1
TOTAL FM JUL 1 123 CLOUDY (SCALE 8-10) 0
DPTR FM NORMAL -183
[CDD (BASE 65) ]
TOTAL THIS MO. 35
DPTR FM NORMAL 27 [PRESSURE DATA]
TOTAL FM JAN 1 1598 HIGHEST SLP 30.34 ON 26
DPTR FM NORMAL 494 LOWEST SLP 29.68 ON 25
[REMARKS]
#FINAL-10-20#