000
CXUS55 KVEF 011756
CLMBIH
CLIMATE REPORT
NATIONAL WEATHER SERVICE LAS VEGAS, NV
1056 AM PDT WED NOV 01 2023
...................................
...THE BISHOP CA CLIMATE SUMMARY FOR THE MONTH OF OCTOBER 2023...
CLIMATE NORMAL PERIOD: 1991 TO 2020
CLIMATE RECORD PERIOD: 1943 TO 2023
WEATHER OBSERVED NORMAL DEPART LAST YEAR`S
VALUE DATE(S) VALUE FROM VALUE DATE(S)
NORMAL
................................................................
TEMPERATURE (F)
RECORD
HIGH 97 10/01/1980
LOW 13 10/31/2019
HIGHEST 88 10/17 89 10/05
10/18
10/19
10/06
10/07
LOWEST 22 10/31 24 10/26
AVG. MAXIMUM 77.2 77.6 -0.4 80.1
AVG. MINIMUM 38.1 37.4 0.7 37.5
MEAN 57.6 57.5 0.1 58.8
DAYS MAX >= 90 0 1.4 -1.4 0
DAYS MAX <= 32 0 0.0 0.0 0
DAYS MIN <= 32 5 6.9 -1.9 8
DAYS MIN <= 0 0 0.0 0.0 0
PRECIPITATION (INCHES)
RECORD
MAXIMUM 2.93 1945
MINIMUM 0.00 2020
TOTALS 0.18 0.35 -0.17 T
DAILY AVG. 0.01 0.01 -0.00 T
DAYS >= .01 1 1.4 -0.4 0
DAYS >= .10 1 0.8 0.2 0
DAYS >= .50 0 0.2 -0.2 0
DAYS >= 1.00 0 0.1 -0.1 0
GREATEST
24 HR. TOTAL 0.43 09/30 TO 10/01
SNOWFALL (INCHES)
RECORDS
TOTAL 1.8 1978
24 HR TOTAL 1.8
TOTALS 0.0 MM MM 0.0
SINCE 7/1 0.0
SNOWDEPTH AVG. 0
DAYS >= TRACE 0
DAYS >= 1.0 0
GREATEST
SNOW DEPTH 0
24 HR TOTAL 0.0
STORM TOTAL 0.0
DEGREE DAYS
HEATING TOTAL 222 245 -23 191
SINCE 7/1 232 275 -43 MM
COOLING TOTAL 2 12 -10 7
SINCE 1/1 1021 1211 -190 MM
FREEZE DATES
RECORD
EARLIEST 09/11/1952
LATEST 06/16/1944
EARLIEST 10/27 MM
LATEST 05/08
................................................................
WIND (MPH)
AVERAGE WIND SPEED 7.0
HIGHEST WIND SPEED/DIRECTION 33/360 DATE 10/28
HIGHEST GUST SPEED/DIRECTION 47/350 DATE 10/28
SKY COVER
POSSIBLE SUNSHINE (PERCENT) MM
AVERAGE SKY COVER 0.05
NUMBER OF DAYS FAIR 29
NUMBER OF DAYS PC 2
NUMBER OF DAYS CLOUDY 0
AVERAGE RH (PERCENT) 45
WEATHER CONDITIONS. NUMBER OF DAYS WITH
THUNDERSTORM 1 MIXED PRECIP 0
HEAVY RAIN 0 RAIN 1
LIGHT RAIN 2 FREEZING RAIN 0
LT FREEZING RAIN 0 HAIL 0
HEAVY SNOW 0 SNOW 0
LIGHT SNOW 0 SLEET 0
FOG 1 FOG W/VIS <= 1/4 MILE 0
HAZE 1
- INDICATES NEGATIVE NUMBERS.
R INDICATES RECORD WAS SET OR TIED.
MM INDICATES DATA IS MISSING.
T INDICATES TRACE AMOUNT.
$$