189
CXUS53 KBIS 031708
CLSBIS
CLIMATE REPORT
NATIONAL WEATHER SERVICE BISMARCK ND
1042 AM CST TUE DEC 3 2019
...................................
...THE BISMARCK ND CLIMATE SUMMARY FOR THE SEASON, FROM
9/1/2019 TO 11/30/2019...
CLIMATE NORMAL PERIOD 1981 TO 2010
CLIMATE RECORD PERIOD 1875 TO 2019
WEATHER OBSERVED NORMAL DEPART LAST YEAR`S
VALUE DATE(S) VALUE FROM VALUE DATE(S)
NORMAL
................................................................
TEMPERATURE (F)
RECORD
HIGH 105 09/08/1959
09/07/1931
LOW -30 11/29/1985
HIGHEST 88 09/16 MM MM 88 09/07
LOWEST -7 11/11 MM MM -11 11/17
AVG. MAXIMUM 52.1 56.4 -4.3 51.9
AVG. MINIMUM 33.7 32.0 1.7 31.8
MEAN 42.9 44.2 -1.3 41.8
DAYS MAX >= 90 0 1.8 -1.8 0
DAYS MAX <= 32 14 9.5 4.5 17
DAYS MIN <= 32 44 44.4 -0.4 43
DAYS MIN <= 0 2 2.0 0.0 1
PRECIPITATION (INCHES)
RECORD
MAXIMUM 9.09 2013
MINIMUM 1.12 2014
TOTALS 10.13R 3.55 6.58 4.89
DAILY AVG. 0.11 0.04 0.07 0.06
DAYS >= .01 33 21.1 11.9 28
DAYS >= .10 17 8.1 8.9 16
DAYS >= .50 6 1.9 4.1 3
DAYS >= 1.00 4 0.5 3.5 0
GREATEST
SNOWFALL (INCHES)
RECORDS
TOTAL 19.0 2016
TOTALS 30.2R 11.2
DEGREE_DAYS
HEATING TOTAL 2032
COOLING TOTAL 41
.................................................................
WIND (MPH)
HIGHEST WIND SPEED/DIRECTION 36/320 DATE 10/11
HIGHEST GUST SPEED/DIRECTION 53/320 DATE 10/11
- INDICATES NEGATIVE NUMBERS.
R INDICATES RECORD WAS SET OR TIED.
MM INDICATES DATA IS MISSING.
T INDICATES TRACE AMOUNT.
...................................
$$