000
CXUS51 KRLX 011133
CF6BKW
PRELIMINARY LOCAL CLIMATOLOGICAL DATA (WS FORM: F-6)
STATION: BECKLEY WV
MONTH: APRIL
YEAR: 2021
LATITUDE: 37 46 N
LONGITUDE: 81 7 W
TEMPERATURE IN F: :PCPN: SNOW: WIND :SUNSHINE: SKY :PK WND
================================================================================
1 2 3 4 5 6A 6B 7 8 9 10 11 12 13 14 15 16 17 18
12Z AVG MX 2MIN
DY MAX MIN AVG DEP HDD CDD WTR SNW DPTH SPD SPD DIR MIN PSBL S-S WX SPD DR
================================================================================
1 35 23 29 -18 36 0 0.01 T 0 15.4 25 330 M M 9 18 36 340
2 38 21 30 -18 35 0 T T T 11.4 20 310 M M 4 8 29 340
3 55 21 38 -10 27 0 0.00 0.0 0 3.3 13 270 M M 0 17 270
4 66 37 52 4 13 0 0.00 0.0 0 8.9 20 290 M M 1 28 330
5 71 39 55 6 10 0 0.00 0.0 0 5.0 15 220 M M 0 20 260
6 74 45 60 11 5 0 0.00 0.0 0 4.8 17 330 M M 0 23 320
7 77 47 62 12 3 0 0.00 0.0 0 3.2 16 300 M M 2 20 310
8 75 56 66 16 0 1 0.01 0.0 0 10.5 24 170 M M 2 33 160
9 75 53 64 14 1 0 0.12 0.0 0 8.1 20 260 M M 3 1 26 260
10 72 55 64 14 1 0 0.32 0.0 0 11.2 24 170 M M 6 1 31 150
11 63 50 57 6 8 0 0.00 0.0 0 8.4 24 230 M M 5 1 34 220
12 60 43 52 1 13 0 0.00 0.0 0 7.7 21 320 M M 7 30 300
13 67 40 54 2 11 0 0.00 0.0 0 4.1 13 260 M M 4 18 300
14 69 45 57 5 8 0 0.29 0.0 0 4.1 21 10 M M 6 1 25 10
15 53 41 47 -5 18 0 0.00 0.0 0 10.2 21 270 M M 10 29 270
16 56 37 47 -5 18 0 0.00 0.0 0 8.6 21 260 M M 5 25 280
17 55 35 45 -8 20 0 T 0.0 0 5.0 15 320 M M 6 19 330
18 58 43 51 -2 14 0 0.00 0.0 0 5.2 15 280 M M 9 20 240
19 60 38 49 -4 16 0 0.00 0.0 0 5.9 14 350 M M 6 23 300
20 71 40 56 2 9 0 0.01 0.0 0 8.2 21 260 M M 4 28 210
21 56 28 42 -12 23 0 0.08 0.8 0 11.0 23 310 M M 8 18 33 300
22 44 28 36 -18 29 0 T T T 8.5 25 280 M M 5 8 35 280
23 55 26 41 -13 24 0 0.00 0.0 0 4.8 16 260 M M 3 21 260
24 50 38 44 -11 21 0 0.55 0.0 0 7.5 18 120 M M 6 1 26 110
25 56 43 50 -5 15 0 0.03 0.0 0 7.8 16 310 M M 8 12 24 310
26 72 35 54 -1 11 0 0.00 0.0 0 3.4 10 290 M M 0 1 14 360
27 84 53 69 13 0 4 0.00 0.0 0 8.4 18 270 M M 0 25 280
28 81 60 71 15 0 6 0.23 0.0 0 8.4 24 270 M M 5 1 36 270
29 73 56 65 9 0 0 0.38 0.0 0 11.2 23 260 M M 7 1 31 260
30 65 46 56 0 9 0 0.01 0.0 0 15.7 31 280 M M 6 1 45 260
================================================================================
SM 1886 1222 398 11 2.04 0.8 235.9 M 137
================================================================================
AV 62.9 40.7 7.9 FASTST M M 5 MAX(MPH)
MISC ----> 31 280 45 260
================================================================================
NOTES:
# LAST OF SEVERAL OCCURRENCES
COLUMN 17 PEAK WIND IN M.P.H.
PRELIMINARY LOCAL CLIMATOLOGICAL DATA (WS FORM: F-6) , PAGE 2
STATION: BECKLEY WV
MONTH: APRIL
YEAR: 2021
LATITUDE: 37 46 N
LONGITUDE: 81 7 W
[TEMPERATURE DATA] [PRECIPITATION DATA] SYMBOLS USED IN COLUMN 16
AVERAGE MONTHLY: 51.8 TOTAL FOR MONTH: 2.04 1 = FOG OR MIST
DPTR FM NORMAL: -0.3 DPTR FM NORMAL: -1.32 2 = FOG REDUCING VISIBILITY
HIGHEST: 84 ON 27 GRTST 24HR 0.58 ON 24-25 TO 1/4 MILE OR LESS
LOWEST: 21 ON 3, 2 3 = THUNDER
SNOW, ICE PELLETS, HAIL 4 = ICE PELLETS
TOTAL MONTH: 0.8 INCH 5 = HAIL
GRTST 24HR 0.8 ON 21-21 6 = FREEZING RAIN OR DRIZZLE
GRTST DEPTH: T 7 = DUSTSTORM OR SANDSTORM:
VSBY 1/2 MILE OR LESS
8 = SMOKE OR HAZE
[NO. OF DAYS WITH] [WEATHER - DAYS WITH] 9 = BLOWING SNOW
X = TORNADO
MAX 32 OR BELOW: 0 0.01 INCH OR MORE: 12
MAX 90 OR ABOVE: 0 0.10 INCH OR MORE: 6
MIN 32 OR BELOW: 6 0.50 INCH OR MORE: 1
MIN 0 OR BELOW: 0 1.00 INCH OR MORE: 0
[HDD (BASE 65) ]
TOTAL THIS MO. 398 CLEAR (SCALE 0-3) 9
DPTR FM NORMAL 2 PTCLDY (SCALE 4-7) 18
TOTAL FM JUL 1 4687 CLOUDY (SCALE 8-10) 3
DPTR FM NORMAL -421
[CDD (BASE 65) ]
TOTAL THIS MO. 11
DPTR FM NORMAL 2 [PRESSURE DATA]
TOTAL FM JAN 1 11 HIGHEST SLP 30.52 ON 3
DPTR FM NORMAL 1 LOWEST SLP 29.50 ON 11
[REMARKS]
#FINAL-04-21#