000
CXUS51 KRNK 010939
CF6BLF
PRELIMINARY LOCAL CLIMATOLOGICAL DATA (WS FORM: F-6)
STATION: BLUEFIELD WV
MONTH: OCTOBER
YEAR: 2020
LATITUDE: 37 17 N
LONGITUDE: 81 12 W
TEMPERATURE IN F: :PCPN: SNOW: WIND :SUNSHINE: SKY :PK WND
================================================================================
1 2 3 4 5 6A 6B 7 8 9 10 11 12 13 14 15 16 17 18
12Z AVG MX 2MIN
DY MAX MIN AVG DEP HDD CDD WTR SNW DPTH SPD SPD DIR MIN PSBL S-S WX SPD DR
================================================================================
1 60 45 53 -8 12 0 0.00 0.0 0 7.4 15 250 M M 7 20 280
2 54 38 46 -14 19 0 0.00 0.0 0 5.0 14 290 M M 2 22 290
3 60 35 48 -12 17 0 0.00 0.0 0 3.0 10 270 M M 1 13 270
4 63 45 54 -6 11 0 T 0.0 0 5.7 13 250 M M 4 18 150
5 59 44 52 -7 13 0 T 0.0 0 3.8 12 310 M M 5 16 140
6 68 46 57 -2 8 0 0.00 0.0 0 6.7 20 260 M M 1 27 280
7 70 52 61 2 4 0 0.00 0.0 0 10.3 18 260 M M 0 29 300
8 69 51 60 2 5 0 0.00 0.0 0 6.0 13 290 M M 3 20 320
9 65 46 56 -2 9 0 0.00 0.0 0 3.4 9 150 M M 1 14 120
10 61 54 58 0 7 0 0.47 0.0 0 2.3 14 160 M M 9 1 23 180
11 62 57 60 2 5 0 0.45 0.0 0 6.3 13 120 M M 10 1 23 150
12 66 58 62 5 3 0 0.03 0.0 0 3.0 7 130 M M 9 12 11 180
13 61 45 53 -4 12 0 0.04 0.0 0 7.6 16 300 M M 5 1 22 310
14 71 42 57 0 8 0 0.00 0.0 0 6.0 13 170 M M 0 19 150
15 70 48 59 2 6 0 0.00 0.0 0 7.8 24 240 M M 2 32 240
16 53 35 44 -12 21 0 T 0.0 0 5.7 14 280 M M 6 18 280
17 54 31 43 -13 22 0 0.00 0.0 0 4.8 14 160 M M 0 25 130
18 62 42 52 -4 13 0 0.00 0.0 0 5.1 12 160 M M 1 19 160
19 71 46 59 3 6 0 0.00 0.0 0 4.8 14 280 M M 4 19 290
20 73 49 61 6 4 0 0.00 0.0 0 3.3 13 290 M M 1 17 260
21 76 56 66 11 0 1 0.00 0.0 0 4.0 12 250 M M 0 16 170
22 74 56 65 10 0 0 0.00 0.0 0 2.6 9 180 M M 1 14 140
23 74 58 66 11 0 1 0.00 0.0 0 4.7 10 240 M M 2 17 190
24 65 54 60 6 5 0 0.13 0.0 0 4.8 12 310 M M 9 12 16 350
25 59 50 55 1 10 0 0.20 0.0 0 4.6 12 110 M M 10 1 18 110
26 69 49 59 5 6 0 0.00 0.0 0 4.4 13 160 M M 8 1 22 170
27 64 53 59 5 6 0 0.01 0.0 0 3.2 12 270 M M 7 12 16 290
28 63 56 60 7 5 0 0.24 0.0 0 3.6 10 240 M M 8 12 17 180
29 68 53 61 8 4 0 1.57 0.0 0 10.0 29 250 M M 9 1 38 240
30 53 35 44 -9 21 0 T 0.0 0 8.8 20 300 M M 10 1 33 290
31 50 30 40 -12 25 0 0.00 0.0 0 5.5 15 150 M M 0 22 140
================================================================================
SM 1987 1459 287 2 3.14 0.0 164.2 M 135
================================================================================
AV 64.1 47.1 5.3 FASTST M M 4 MAX(MPH)
MISC ----> 29 250 38 240
================================================================================
NOTES:
# LAST OF SEVERAL OCCURRENCES
COLUMN 17 PEAK WIND IN M.P.H.
PRELIMINARY LOCAL CLIMATOLOGICAL DATA (WS FORM: F-6) , PAGE 2
STATION: BLUEFIELD WV
MONTH: OCTOBER
YEAR: 2020
LATITUDE: 37 17 N
LONGITUDE: 81 12 W
[TEMPERATURE DATA] [PRECIPITATION DATA] SYMBOLS USED IN COLUMN 16
AVERAGE MONTHLY: 55.6 TOTAL FOR MONTH: 3.14 1 = FOG OR MIST
DPTR FM NORMAL: -0.8 DPTR FM NORMAL: 0.64 2 = FOG REDUCING VISIBILITY
HIGHEST: 76 ON 21 GRTST 24HR 1.66 ON 28-29 TO 1/4 MILE OR LESS
LOWEST: 30 ON 31 3 = THUNDER
SNOW, ICE PELLETS, HAIL 4 = ICE PELLETS
TOTAL MONTH: 0.0 INCH 5 = HAIL
GRTST 24HR 0.0 6 = FREEZING RAIN OR DRIZZLE
GRTST DEPTH: 0 7 = DUSTSTORM OR SANDSTORM:
VSBY 1/2 MILE OR LESS
8 = SMOKE OR HAZE
[NO. OF DAYS WITH] [WEATHER - DAYS WITH] 9 = BLOWING SNOW
X = TORNADO
MAX 32 OR BELOW: 0 0.01 INCH OR MORE: 9
MAX 90 OR ABOVE: 0 0.10 INCH OR MORE: 6
MIN 32 OR BELOW: 2 0.50 INCH OR MORE: 1
MIN 0 OR BELOW: 0 1.00 INCH OR MORE: 1
[HDD (BASE 65) ]
TOTAL THIS MO. 287 CLEAR (SCALE 0-3) 15
DPTR FM NORMAL 2 PTCLDY (SCALE 4-7) 8
TOTAL FM JUL 1 434 CLOUDY (SCALE 8-10) 8
DPTR FM NORMAL 68
[CDD (BASE 65) ]
TOTAL THIS MO. 2
DPTR FM NORMAL -17 [PRESSURE DATA]
TOTAL FM JAN 1 573 HIGHEST SLP 30.43 ON 31
DPTR FM NORMAL -278 LOWEST SLP 29.43 ON 29
[REMARKS]
#FINAL-10-20#