000
CXUS51 KRNK 021240 CCA
CF6BLF
PRELIMINARY LOCAL CLIMATOLOGICAL DATA (WS FORM: F-6)...CORRECTED
STATION: BLUEFIELD WV
MONTH: DECEMBER
YEAR: 2023
LATITUDE: 37 17 N
LONGITUDE: 81 12 W
TEMPERATURE IN F: :PCPN: SNOW: WIND :SUNSHINE: SKY :PK WND
================================================================================
1 2 3 4 5 6A 6B 7 8 9 10 11 12 13 14 15 16 17 18
12Z AVG MX 2MIN
DY MAX MIN AVG DEP HDD CDD WTR SNW DPTH SPD SPD DIR MIN PSBL S-S WX SPD DR
================================================================================
1 57 39 48 9 17 0 0.07 0.0 0 5.1 15 220 M M 8 1 29 180
2 58 52 55 17 10 0 0.36 0.0 0 6.1 17 230 M M 8 12 24 250
3 57 41 49 11 16 0 0.08 0.0 0 9.2 23 240 M M 6 12 41 250
4 47 34 41 3 24 0 0.08 T 0 5.5 18 250 M M 4 14 32 280
5 40 32 36 -2 29 0 0.10 T T 4.6 12 240 M M 9 1 18 260
6 33 28 31 -7 34 0 0.05 0.1 0 8.3 16 310 M M 10 1 25 310
7 47 25 36 -1 29 0 0.00 0.0 0 10.4 18 260 M M 1 27 240
8 59 38 49 12 16 0 0.00 0.0 0 4.1 14 250 M M 0 19 270
9 59 44 52 15 13 0 0.20 0.0 0 6.6 13 180 M M 5 1 26 200
10 56 28 42 5 23 0 1.14 2.0 2 6.9 18 300 M M 9 1 31 350
11 27 21 24 -12 41 0 T 0.1 2 7.1 20 280 M M 9 1 32 260
12 43 21 32 -4 33 0 0.00 0.0 T 7.4 16 290 M M 0 20 290
13 45 28 37 1 28 0 0.00 0.0 0 5.7 13 310 M M 0 19 310
14 47 27 37 1 28 0 0.00 0.0 0 4.8 10 10 M M 0 18 360
15 53 31 42 6 23 0 0.00 0.0 0 2.3 9 160 M M 0 13 130
16 50 30 40 5 25 0 0.00 0.0 0 6.1 16 130 M M 0 32 140
17 45 41 43 8 22 0 0.28 0.0 0 6.4 16 320 M M 9 12 33 120
18 42 21 32 -3 33 0 0.16 1.0 1 14.1 23 280 M M 10 12 40 310
19 24 17 21 -14 44 0 0.01 1.4 2 7.7 18 310 M M 7 1 34 310
20 48 15 32 -3 33 0 0.00 0.0 1 1.2 6 270 M M 0 11 270
21 48 32 40 6 25 0 0.00 0.0 T 4.0 8 270 M M 0 11 250
22 54 33 44 10 21 0 0.00 0.0 0 3.4 9 260 M M 1 13 240
23 53 36 45 11 20 0 0.00 0.0 0 3.5 14 240 M M 4 19 240
24 58 42 50 16 15 0 0.00 0.0 0 3.9 14 160 M M 5 22 140
25 52 45 49 15 16 0 0.07 0.0 0 8.0 20 120 M M 7 1 43 110
26 49 45 47 13 18 0 1.00 0.0 0 10.4 23 140 M M 10 1 49 120
27 51 39 45 12 20 0 0.09 0.0 0 5.5 16 140 M M 9 12 30 120
28 43 32 38 5 27 0 0.00 0.0 0 4.6 12 270 M M 6 12 16 250
29 33 28 31 -2 34 0 0.01 T 0 6.7 14 280 M M 10 1 21 270
30 31 28 30 -3 35 0 0.01 0.3 T 9.2 17 290 M M 10 1 28 280
31 42 29 36 3 29 0 0.00 0.0 0 9.3 16 260 M M 7 25 260
================================================================================
SM 1451 1002 781 0 3.71 4.9 198.1 M 164
================================================================================
AV 46.8 32.3 6.4 FASTST M M 5 MAX(MPH)
MISC ----> # 23 240 49 120
================================================================================
NOTES:
# LAST OF SEVERAL OCCURRENCES
COLUMN 17 PEAK WIND IN M.P.H.
PRELIMINARY LOCAL CLIMATOLOGICAL DATA (WS FORM: F-6) , PAGE 2
STATION: BLUEFIELD WV
MONTH: DECEMBER
YEAR: 2023
LATITUDE: 37 17 N
LONGITUDE: 81 12 W
[TEMPERATURE DATA] [PRECIPITATION DATA] SYMBOLS USED IN COLUMN 16
AVERAGE MONTHLY: 39.6 TOTAL FOR MONTH: 3.71 1 = FOG OR MIST
DPTR FM NORMAL: 4.1 DPTR FM NORMAL: 0.70 2 = FOG REDUCING VISIBILITY
HIGHEST: 59 ON 9, 8 GRTST 24HR 1.14 ON 10-10 TO 1/4 MILE OR LESS
LOWEST: 15 ON 20 3 = THUNDER
SNOW, ICE PELLETS, HAIL 4 = ICE PELLETS
TOTAL MONTH: 4.9 INCHES 5 = HAIL
GRTST 24HR 2.0 ON 10-10 6 = FREEZING RAIN OR DRIZZLE
GRTST DEPTH: 2 ON 19,11 7 = DUSTSTORM OR SANDSTORM:
VSBY 1/2 MILE OR LESS
8 = SMOKE OR HAZE
[NO. OF DAYS WITH] [WEATHER - DAYS WITH] 9 = BLOWING SNOW
X = TORNADO
MAX 32 OR BELOW: 3 0.01 INCH OR MORE: 16
MAX 90 OR ABOVE: 0 0.10 INCH OR MORE: 7
MIN 32 OR BELOW: 18 0.50 INCH OR MORE: 2
MIN 0 OR BELOW: 0 1.00 INCH OR MORE: 2
[HDD (BASE 65) ]
TOTAL THIS MO. 781 CLEAR (SCALE 0-3) 10
DPTR FM NORMAL -132 PTCLDY (SCALE 4-7) 9
TOTAL FM JUL 1 1813 CLOUDY (SCALE 8-10) 12
DPTR FM NORMAL -225
[CDD (BASE 65) ]
TOTAL THIS MO. 0
DPTR FM NORMAL 0 [PRESSURE DATA]
TOTAL FM JAN 1 404 HIGHEST SLP 30.75 ON 14
DPTR FM NORMAL -133 LOWEST SLP 29.56 ON 18
[REMARKS]
#FINAL-12-23#