000
CXUS55 KSEW 011030
CF6BLI
PRELIMINARY LOCAL CLIMATOLOGICAL DATA (WS FORM: F-6)
STATION: BELLINGHAM WA AIRPORT
MONTH: JANUARY
YEAR: 2024
LATITUDE: 48 47 N
LONGITUDE: 122 32 W
TEMPERATURE IN F: :PCPN: SNOW: WIND :SUNSHINE: SKY :PK WND
================================================================================
1 2 3 4 5 6A 6B 7 8 9 10 11 12 13 14 15 16 17 18
12Z AVG MX 2MIN
DY MAX MIN AVG DEP HDD CDD WTR SNW DPTH SPD SPD DIR MIN PSBL S-S WX SPD DR
================================================================================
1 44 32 38 -1 27 0 0.00 M M 0.6 7 180 M M 8 12 9 180
2 45 36 41 2 24 0 0.09 M M 3.5 10 110 M M 9 13 10
3 51 34 43 4 22 0 0.05 M M 4.6 14 160 M M 9 1 21 180
4 48 40 44 5 21 0 0.08 M M 10.8 21 150 M M 8 1 31 200
5 47 42 45 5 20 0 0.07 M M 15.0 30 160 M M 10 1 47 160
6 45 31 38 -2 27 0 0.27 M M 3.9 24 160 M M 8 1 43 170
7 41 29 35 -5 30 0 0.00 M M 1.0 6 20 M M 6 12 7 40
8 48 29 39 -1 26 0 1.04 M M 7.0 24 170 M M 9 1 42 160
9 46 39 43 3 22 0 0.26 M M 10.3 29 180 M M 8 1 46 180
10 40 34 37 -3 28 0 0.23 M M 5.4 12 180 M M 10 1 18 190
11 39 9 24 -16 41 0 0.05 M M 19.2 36 30 M M 7 1 62 40
12 10 3 7 -33 58 0 0.00 M M 23.4 38 30 M M 0 60 30
13 19 7 13 -27 52 0 0.00 M M 11.9 22 30 M M 0 31 40
14 27 12 20 -20 45 0 0.00 M M 7.2 14 40 M M 0 19 20
15 32 16 24 -16 41 0 0.00 M M 6.8 14 40 M M 0 18 30
16 35 18 27 -13 38 0 0.02 M M 4.8 10 30 M M 2 1 15 30
17 30 27 29 -11 36 0 0.72 M M 10.8 23 30 M M 10 12 40 10
18 34 29 32 -8 33 0 0.11 M M 15.6 24 40 M M 8 68 35 30
19 34 31 33 -7 32 0 0.24 M M 6.8 17 40 M M 9 16 25 40
20 40 30 35 -5 30 0 T M M 3.5 12 20 M M 6 1 16 10
21 47 35 41 1 24 0 0.24 M M 5.4 17 130 M M 10 1 26 150
22 48 39 44 3 21 0 0.73 M M 4.1 10 170 M M 10 1 17 180
23 50 37 44 3 21 0 0.46 M M 4.7 13 130 M M 9 1 20 170
24 51 37 44 3 21 0 M M M M M M M M 8 M M
25 51 37 44 3 21 0 M M M M M M M M 10 1 M M
26 52 41 47 6 18 0 0.36 M M 5.4 17 160 M M 10 1 24 180
27 58 45 52 11 13 0 0.72 M M 9.3 25 170 M M 10 1 37 150
28 62 49 56 15 9 0 0.76 M M 6.3 20 140 M M 10 12 28 130
29 69 48 59 18 6 0 T M M 7.8 35 170 M M 3 57 160
30 59 51 55 14 10 0 T M M 6.2 15 190 M M 9 31 190
31 55 49 52 11 13 0 0.22 M M 4.6 13 50 M M 9 1 17 50
================================================================================
SM 1357 996 830 0 6.72 M 225.9 M 225
================================================================================
AV 43.8 32.1 7.8 FASTST M M 7 MAX(MPH)
MISC ----> 38 30 62 40
================================================================================
NOTES:
# LAST OF SEVERAL OCCURRENCES
COLUMN 17 PEAK WIND IN M.P.H.
PRELIMINARY LOCAL CLIMATOLOGICAL DATA (WS FORM: F-6) , PAGE 2
STATION: BELLINGHAM WA AIRPORT
MONTH: JANUARY
YEAR: 2024
LATITUDE: 48 47 N
LONGITUDE: 122 32 W
[TEMPERATURE DATA] [PRECIPITATION DATA] SYMBOLS USED IN COLUMN 16
AVERAGE MONTHLY: 38.0 TOTAL FOR MONTH: 6.72 1 = FOG OR MIST
DPTR FM NORMAL: -2.2 DPTR FM NORMAL: 2.23 2 = FOG REDUCING VISIBILITY
HIGHEST: 69 ON 29 GRTST 24HR 1.82 ON 18-19 TO 1/4 MILE OR LESS
LOWEST: 3 ON 12 3 = THUNDER
SNOW, ICE PELLETS, HAIL 4 = ICE PELLETS
TOTAL MONTH: M 5 = HAIL
GRTST 24HR M ON M 6 = FREEZING RAIN OR DRIZZLE
GRTST DEPTH: M ON M 7 = DUSTSTORM OR SANDSTORM:
VSBY 1/2 MILE OR LESS
8 = SMOKE OR HAZE
[NO. OF DAYS WITH] [WEATHER - DAYS WITH] 9 = BLOWING SNOW
X = TORNADO
MAX 32 OR BELOW: 5 0.01 INCH OR MORE: 20
MAX 90 OR ABOVE: 0 0.10 INCH OR MORE: 14
MIN 32 OR BELOW: 14 0.50 INCH OR MORE: 5
MIN 0 OR BELOW: 0 1.00 INCH OR MORE: 1
[HDD (BASE 65) ]
TOTAL THIS MO. 830 CLEAR (SCALE 0-3) 6
DPTR FM NORMAL 60 PTCLDY (SCALE 4-7) 6
TOTAL FM JUL 1 2832 CLOUDY (SCALE 8-10) 19
DPTR FM NORMAL -88
[CDD (BASE 65) ]
TOTAL THIS MO. 0
DPTR FM NORMAL 0 [PRESSURE DATA]
TOTAL FM JAN 1 0 HIGHEST SLP 30.47 ON 15
DPTR FM NORMAL 0 LOWEST SLP 29.39 ON 9
[REMARKS]
#FINAL-01-24#