602
CXUS55 KSEW 010930
CF6BLI
PRELIMINARY LOCAL CLIMATOLOGICAL DATA (WS FORM: F-6)
STATION: BELLINGHAM WA AIRPORT
MONTH: AUGUST
YEAR: 2020
LATITUDE: 48 47 N
LONGITUDE: 122 32 W
TEMPERATURE IN F: :PCPN: SNOW: WIND :SUNSHINE: SKY :PK WND
================================================================================
1 2 3 4 5 6A 6B 7 8 9 10 11 12 13 14 15 16 17 18
12Z AVG MX 2MIN
DY MAX MIN AVG DEP HDD CDD WTR SNW DPTH SPD SPD DIR MIN PSBL S-S WX SPD DR
================================================================================
1 73 60 67 3 0 2 0.00 0.0 0 8.2 15 190 M M 0 20 200
2 74 56 65 2 0 0 T 0.0 0 7.4 14 170 M M 3 19 170
3 76 59 68 5 0 3 0.00 0.0 0 6.1 14 190 M M 4 21 190
4 80 58 69 6 0 4 0.00 0.0 0 3.4 9 310 M M 3 18 15 300
5 73 59 66 3 0 1 0.00 0.0 0 10.8 21 190 M M 1 30 180
6 70 57 64 1 1 0 0.43 0.0 0 11.0 16 170 M M 9 1 24 190
7 69 58 64 1 1 0 0.05 0.0 0 6.3 16 180 M M 8 23 180
8 70 54 62 -1 3 0 T 0.0 0 3.3 10 320 M M 6 1 15 330
9 74 54 64 1 1 0 0.00 0.0 0 4.0 10 230 M M 1 16 310
10 74 52 63 0 2 0 0.00 0.0 0 2.7 10 310 M M 1 14 290
11 69 50 60 -3 5 0 0.00 0.0 0 7.3 14 190 M M 2 1 21 190
12 68 52 60 -3 5 0 0.00 0.0 0 5.7 14 190 M M 4 18 170
13 70 46 58 -5 7 0 0.00 0.0 0 4.5 13 190 M M 0 18 190
14 76 47 62 -1 3 0 0.00 0.0 0 1.9 8 310 M M 0 12 300
15 83 51 67 4 0 2 0.00 0.0 0 3.7 12 290 M M 0 15 30
16 90 54 72 9 0 7 0.00 0.0 0 3.0 10 190 M M 1 1 14 190
17 79 62 71 8 0 6 0.00 0.0 0 7.9 16 180 M M 0 24 190
18 73 59 66 3 0 1 0.00 0.0 0 8.4 16 190 M M 1 24 180
19 76 53 65 3 0 0 0.00 0.0 0 3.3 10 200 M M 0 14 200
20 81 62 72 10 0 7 0.13 0.0 0 6.0 18 150 M M 9 1 25 160
21 71 61 66 4 0 1 0.60 0.0 0 11.2 28 160 M M 8 40 150
22 72 53 63 1 2 0 0.00 0.0 0 3.9 13 190 M M 1 1 22 190
23 70 48 59 -4 6 0 0.00 0.0 0 2.6 10 310 M M 1 1 14 320
24 72 54 63 1 2 0 0.02 0.0 0 2.8 10 290 M M 4 13 300
25 72 52 62 0 3 0 0.00 0.0 0 2.7 8 200 M M 4 12 190
26 72 51 62 1 3 0 0.00 0.0 0 4.3 10 200 M M 2 14 190
27 74 54 64 3 1 0 0.00 0.0 0 5.5 10 180 M M 0 1 17 190
28 69 49 59 -2 6 0 0.00 0.0 0 5.3 14 200 M M 2 1 19 190
29 70 54 62 1 3 0 0.00 0.0 0 5.7 16 320 M M 4 24 340
30 69 50 60 -1 5 0 0.05 0.0 0 4.0 13 190 M M 5 1 34 210
31 67 52 60 -1 5 0 0.00 0.0 0 3.0 10 190 M M 6 13 180
================================================================================
SM 2276 1681 64 34 1.28 0.0 165.9 M 90
================================================================================
AV 73.4 54.2 5.4 FASTST M M 3 MAX(MPH)
MISC ----> # 28 160 # 40 150
================================================================================
NOTES:
# LAST OF SEVERAL OCCURRENCES
COLUMN 17 PEAK WIND IN M.P.H.
PRELIMINARY LOCAL CLIMATOLOGICAL DATA (WS FORM: F-6) , PAGE 2
STATION: BELLINGHAM WA AIRPORT
MONTH: AUGUST
YEAR: 2020
LATITUDE: 48 47 N
LONGITUDE: 122 32 W
[TEMPERATURE DATA] [PRECIPITATION DATA] SYMBOLS USED IN COLUMN 16
AVERAGE MONTHLY: 63.8 TOTAL FOR MONTH: 1.28 1 = FOG OR MIST
DPTR FM NORMAL: 1.3 DPTR FM NORMAL: 0.05 2 = FOG REDUCING VISIBILITY
HIGHEST: 90 ON 16 GRTST 24HR 0.60 ON 21-21 TO 1/4 MILE OR LESS
LOWEST: 46 ON 13 3 = THUNDER
SNOW, ICE PELLETS, HAIL 4 = ICE PELLETS
TOTAL MONTH: 0.0 INCH 5 = HAIL
GRTST 24HR 0.0 6 = FREEZING RAIN OR DRIZZLE
GRTST DEPTH: 0 7 = DUSTSTORM OR SANDSTORM:
VSBY 1/2 MILE OR LESS
8 = SMOKE OR HAZE
[NO. OF DAYS WITH] [WEATHER - DAYS WITH] 9 = BLOWING SNOW
X = TORNADO
MAX 32 OR BELOW: 0 0.01 INCH OR MORE: 6
MAX 90 OR ABOVE: 1 0.10 INCH OR MORE: 3
MIN 32 OR BELOW: 0 0.50 INCH OR MORE: 1
MIN 0 OR BELOW: 0 1.00 INCH OR MORE: 0
[HDD (BASE 65) ]
TOTAL THIS MO. 64 CLEAR (SCALE 0-3) 18
DPTR FM NORMAL -32 PTCLDY (SCALE 4-7) 11
TOTAL FM JUL 1 141 CLOUDY (SCALE 8-10) 2
DPTR FM NORMAL -56
[CDD (BASE 65) ]
TOTAL THIS MO. 34
DPTR FM NORMAL 17 [PRESSURE DATA]
TOTAL FM JAN 1 73 HIGHEST SLP M ON M
DPTR FM NORMAL 33 LOWEST SLP 29.70 ON 21
[REMARKS]
#FINAL-08-20#