000
CXUS53 KIND 010600
CF6BMG
PRELIMINARY LOCAL CLIMATOLOGICAL DATA (WS FORM: F-6)
STATION: BLOOMINGTON IN
MONTH: APRIL
YEAR: 2023
LATITUDE: 39 7 N
LONGITUDE: 86 37 W
TEMPERATURE IN F: :PCPN: SNOW: WIND :SUNSHINE: SKY :PK WND
================================================================================
1 2 3 4 5 6A 6B 7 8 9 10 11 12 13 14 15 16 17 18
12Z AVG MX 2MIN
DY MAX MIN AVG DEP HDD CDD WTR SNW DPTH SPD SPD DIR MIN PSBL S-S WX SPD DR
================================================================================
1 59 40 50 1 15 0 T M M 13.2 33 280 M M M 8 49 240
2 60 31 46 -4 19 0 0.00 M M 5.9 17 150 M M 3 25 150
3 76 44 60 10 5 0 T M M 11.3 25 200 M M 3 33 170
4 82 58 70 20 0 5 T M M 10.7 23 200 M M 6 13 32 180
5 78 48 63 12 2 0 1.35 M M 12.4 28 280 M M 6 138 43 290
6 55 36 46 -5 19 0 0.00 M M 5.4 14 350 M M 5 19 350
7 61 36 49 -3 16 0 0.00 M M 7.5 15 30 M M 0 24 70
8 64 35 50 -2 15 0 0.00 M M 8.8 18 110 M M 0 32 100
9 68 33 51 -1 14 0 0.00 M M 5.5 17 100 M M 0 23 70
10 72 36 54 1 11 0 0.00 M M 2.3 10 120 M M 0 14 150
11 76 37 57 4 8 0 0.00 M M 4.4 16 220 M M 0 25 230
12 78 46 62 9 3 0 0.00 M M 5.9 16 230 M M 0 23 230
13 81 41 61 7 4 0 0.00 M M 2.8 12 130 M M 0 17 170
14 80 53 67 13 0 2 0.01 M M 3.7 13 240 M M 4 3 17 240
15 80 56 68 14 0 3 0.00 M M 7.8 18 240 M M 3 26 200
16 69 41 55 0 10 0 0.17 M M 10.9 23 240 M M 9 1 35 240
17 58 39 49 -6 16 0 0.02 M M 14.3 26 250 M M 7 1 42 260
18 67 30 49 -6 16 0 0.00 M M 2.9 10 250 M M 1 15 290
19 82 43 63 7 2 0 0.00 M M 9.1 22 200 M M 0 35 220
20 85 53 69 13 0 4 0.00 M M 12.1 25 200 M M 2 37 200
21 67 48 58 2 7 0 0.50 M M 4.6 17 240 M M 8 1 26 260
22 54 39 47 -10 18 0 0.00 M M 8.0 21 280 M M 5 1 35 280
23 48 35 42 -15 23 0 0.00 M M 5.8 15 260 M M 9 24 280
24 56 26 41 -16 24 0 0.00 M M 2.6 13 280 M M 1 22 340
25 64 35 50 -8 15 0 0.00 M M 5.4 18 220 M M 6 27 210
26 64 42 53 -5 12 0 0.00 M M 5.7 14 30 M M 5 19 10
27 68 37 53 -5 12 0 0.53 M M 6.5 15 50 M M 3 1 20 50
28 59 44 52 -6 13 0 0.04 M M 6.0 17 90 M M 8 1 24 90
29 70 40 55 -4 10 0 0.44 M M 5.6 22 220 M M 5 123 35 200
30 52 43 48 -11 17 0 0.24 M M 9.6 26 280 M M 9 138 40 280
================================================================================
SM 2033 1225 326 14 3.30 M 216.7 M 108
================================================================================
AV 67.8 40.8 7.2 FASTST M M 4 MAX(MPH)
MISC ----> 33 280 49 240
================================================================================
NOTES:
# LAST OF SEVERAL OCCURRENCES
COLUMN 17 PEAK WIND IN M.P.H.
PRELIMINARY LOCAL CLIMATOLOGICAL DATA (WS FORM: F-6) , PAGE 2
STATION: BLOOMINGTON IN
MONTH: APRIL
YEAR: 2023
LATITUDE: 39 7 N
LONGITUDE: 86 37 W
[TEMPERATURE DATA] [PRECIPITATION DATA] SYMBOLS USED IN COLUMN 16
AVERAGE MONTHLY: 54.3 TOTAL FOR MONTH: 3.30 1 = FOG OR MIST
DPTR FM NORMAL: 0.0 DPTR FM NORMAL: -1.64 2 = FOG REDUCING VISIBILITY
HIGHEST: 85 ON 20 GRTST 24HR 1.35 ON 5- 5 TO 1/4 MILE OR LESS
LOWEST: 26 ON 24 3 = THUNDER
SNOW, ICE PELLETS, HAIL 4 = ICE PELLETS
TOTAL MONTH: M 5 = HAIL
GRTST 24HR M ON M 6 = FREEZING RAIN OR DRIZZLE
GRTST DEPTH: M ON M 7 = DUSTSTORM OR SANDSTORM:
VSBY 1/2 MILE OR LESS
8 = SMOKE OR HAZE
[NO. OF DAYS WITH] [WEATHER - DAYS WITH] 9 = BLOWING SNOW
X = TORNADO
MAX 32 OR BELOW: 0 0.01 INCH OR MORE: 9
MAX 90 OR ABOVE: 0 0.10 INCH OR MORE: 6
MIN 32 OR BELOW: 3 0.50 INCH OR MORE: 3
MIN 0 OR BELOW: 0 1.00 INCH OR MORE: 1
[HDD (BASE 65) ]
TOTAL THIS MO. 326 CLEAR (SCALE 0-3) 14
DPTR FM NORMAL -11 PTCLDY (SCALE 4-7) 11
TOTAL FM JUL 1 4343 CLOUDY (SCALE 8-10) 5
DPTR FM NORMAL -606
[CDD (BASE 65) ]
TOTAL THIS MO. 14
DPTR FM NORMAL -3 [PRESSURE DATA]
TOTAL FM JAN 1 14 HIGHEST SLP M ON M
DPTR FM NORMAL -6 LOWEST SLP 29.43 ON 1
[REMARKS]
#FINAL-04-23#