000
CXUS53 KIND 010700
CF6BMG
PRELIMINARY LOCAL CLIMATOLOGICAL DATA (WS FORM: F-6)
STATION: BLOOMINGTON IN
MONTH: FEBRUARY
YEAR: 2024
LATITUDE: 39 7 N
LONGITUDE: 86 37 W
TEMPERATURE IN F: :PCPN: SNOW: WIND :SUNSHINE: SKY :PK WND
================================================================================
1 2 3 4 5 6A 6B 7 8 9 10 11 12 13 14 15 16 17 18
12Z AVG MX 2MIN
DY MAX MIN AVG DEP HDD CDD WTR SNW DPTH SPD SPD DIR MIN PSBL S-S WX SPD DR
================================================================================
1 57 33 45 14 20 0 0.00 M M 7.8 17 230 M M 0 24 220
2 50 34 42 11 23 0 0.00 M M 7.5 16 90 M M 5 18 21 100
3 53 29 41 10 24 0 0.00 M M 8.3 15 100 M M 0 23 120
4 56 33 45 14 20 0 0.00 M M 8.1 15 40 M M 0 22 40
5 57 27 42 10 23 0 0.00 M M 8.4 15 350 M M 0 27 10
6 50 27 39 7 26 0 0.00 M M 5.0 14 70 M M 3 18 20 70
7 57 26 42 10 23 0 0.00 M M 3.7 10 150 M M 0 18 14 340
8 64 43 54 22 11 0 0.00 M M 13.0 25 200 M M 3 36 190
9 66 55 61 29 4 0 0.00 M M 13.2 22 210 M M 5 32 230
10 58 37 48 16 17 0 0.56 M M 6.3 18 340 M M 4 13 25 350
11 50 32 41 8 24 0 0.00 M M 6.7 13 40 M M 0 17 30
12 49 28 39 6 26 0 0.00 M M 8.3 16 350 M M 1 22 340
13 51 31 41 8 24 0 0.00 M M 5.4 17 270 M M 4 28 340
14 54 33 44 11 21 0 0.00 M M 4.6 12 100 M M 3 16 100
15 54 30 42 8 23 0 0.00 M M 8.5 21 280 M M 2 35 280
16 36 23 30 -4 35 0 0.22 M M 8.0 17 340 M M 7 12 24 20
17 24 12 18 -16 47 0 0.00 M M 7.9 14 270 M M 2 20 270
18 37 13 25 -9 40 0 0.00 M M 9.5 18 230 M M 0 25 220
19 50 16 33 -2 32 0 0.00 M M 2.1 9 190 M M 0 14 200
20 59 23 41 6 24 0 0.00 M M 3.6 15 200 M M 0 22 190
21 68 29 49 14 16 0 0.00 M M 7.3 20 190 M M 1 29 220
22 61 38 50 14 15 0 0.02 M M 7.7 21 220 M M 7 1238 31 230
23 54 32 43 7 22 0 0.00 M M 5.8 20 280 M M 4 12 28 290
24 48 24 36 0 29 0 T M M 8.1 21 350 M M 7 30 350
25 60 26 43 7 22 0 0.00 M M 8.3 21 190 M M 2 29 210
26 76 30 53 16 12 0 0.00 M M 5.8 16 190 M M 0 30 210
27 70 63 67 30 0 2 T M M 14.2 20 190 M M 8 38 200
28 71 27 49 11 16 0 0.19 M M 13.5 29 220 M M 5 136 47 240
29 45 17 31 -7 34 0 0.00 M M 2.4 10 130 M M 0 17 150
================================================================================
SM 1585 871 653 2 0.99 M 219.0 M 73
================================================================================
AV 54.7 30.0 7.6 FASTST M M 3 MAX(MPH)
MISC ----> 29 220 47 240
================================================================================
NOTES:
# LAST OF SEVERAL OCCURRENCES
COLUMN 17 PEAK WIND IN M.P.H.
PRELIMINARY LOCAL CLIMATOLOGICAL DATA (WS FORM: F-6) , PAGE 2
STATION: BLOOMINGTON IN
MONTH: FEBRUARY
YEAR: 2024
LATITUDE: 39 7 N
LONGITUDE: 86 37 W
[TEMPERATURE DATA] [PRECIPITATION DATA] SYMBOLS USED IN COLUMN 16
AVERAGE MONTHLY: 42.3 TOTAL FOR MONTH: 0.99 1 = FOG OR MIST
DPTR FM NORMAL: 8.5 DPTR FM NORMAL: -1.68 2 = FOG REDUCING VISIBILITY
HIGHEST: 76 ON 26 GRTST 24HR 0.56 ON 10-10 TO 1/4 MILE OR LESS
LOWEST: 12 ON 17 3 = THUNDER
SNOW, ICE PELLETS, HAIL 4 = ICE PELLETS
TOTAL MONTH: M 5 = HAIL
GRTST 24HR M ON M 6 = FREEZING RAIN OR DRIZZLE
GRTST DEPTH: M ON M 7 = DUSTSTORM OR SANDSTORM:
VSBY 1/2 MILE OR LESS
8 = SMOKE OR HAZE
[NO. OF DAYS WITH] [WEATHER - DAYS WITH] 9 = BLOWING SNOW
X = TORNADO
MAX 32 OR BELOW: 1 0.01 INCH OR MORE: 4
MAX 90 OR ABOVE: 0 0.10 INCH OR MORE: 3
MIN 32 OR BELOW: 20 0.50 INCH OR MORE: 1
MIN 0 OR BELOW: 0 1.00 INCH OR MORE: 0
[HDD (BASE 65) ]
TOTAL THIS MO. 653 CLEAR (SCALE 0-3) 17
DPTR FM NORMAL -222 PTCLDY (SCALE 4-7) 12
TOTAL FM JUL 1 3341 CLOUDY (SCALE 8-10) 0
DPTR FM NORMAL -647
[CDD (BASE 65) ]
TOTAL THIS MO. 2
DPTR FM NORMAL 2 [PRESSURE DATA]
TOTAL FM JAN 1 2 HIGHEST SLP M ON M
DPTR FM NORMAL 2 LOWEST SLP 29.35 ON 28
[REMARKS]
#FINAL-02-24#