000
CXUS53 KILX 010901
CF6BMI
PRELIMINARY LOCAL CLIMATOLOGICAL DATA (WS FORM: F-6)
STATION: BLOOMINGTON IL AIRPORT
MONTH: AUGUST
YEAR: 2023
LATITUDE: 40 28 N
LONGITUDE: 88 56 W
TEMPERATURE IN F: :PCPN: SNOW: WIND :SUNSHINE: SKY :PK WND
================================================================================
1 2 3 4 5 6A 6B 7 8 9 10 11 12 13 14 15 16 17 18
12Z AVG MX 2MIN
DY MAX MIN AVG DEP HDD CDD WTR SNW DPTH SPD SPD DIR MIN PSBL S-S WX SPD DR
================================================================================
1 83 62 73 M 0 8 0.00 M M 8.6 12 140 M M 0 M M
2 74 63 69 M 0 4 0.00 M M 9.4 16 170 M M 5 M M
3 84 62 73 M 0 8 0.00 M M 4.6 8 360 M M 5 1 M M
4 88 65 77 M 0 12 T M M 5.7 10 60 M M 2 1 M M
5 75 67 71 M 0 6 2.38 M M 12.9 24 20 M M 8 1 33 50
6 75 66 71 M 0 6 0.17 M M 7.3 13 360 M M 8 1 M M
7 77 64 71 M 0 6 0.04 M M 10.2 20 330 M M 7 1 24 330
8 81 60 71 M 0 6 0.79 M M 7.7 15 260 M M 2 13 35 190
9 78 61 70 M 0 5 0.12 M M 5.2 12 210 M M 4 12 M M
10 82 66 74 M 0 9 0.01 M M 6.5 12 220 M M 5 1 M M
11 84 65 75 M 0 10 0.10 M M 9.5 22 200 M M 2 13 31 200
12 85 67 76 M 0 11 T M M 9.6 16 330 M M 2 3 30 250
13 82 64 73 M 0 8 0.02 M M 6.4 9 50 M M 4 M M
14 78 63 71 M 0 6 0.05 M M 9.9 20 270 M M 8 1 25 280
15 77 61 69 M 0 4 0.00 M M 11.7 17 330 M M 5 22 330
16 78 57 68 M 0 3 0.00 M M 6.5 12 210 M M 0 M M
17 81 61 71 M 0 6 0.06 M M 13.7 21 210 M M 3 3 30 300
18 76 55 66 M 0 1 0.00 M M 5.4 10 140 M M 1 M M
19 82 58 70 M 0 5 0.00 M M 12.8 18 160 M M 0 25 160
20 89 67 78 M 0 13 0.00 M M 6.7 9 60 M M 2 M M
21 89 70 80 M 0 15 0.00 M M 9.1 12 50 M M 7 1 M M
22 90 66 78 M 0 13 0.00 M M 6.3 8 50 M M 2 1 M M
23 93 73 83 M 0 18 0.00 M M 9.8 17 240 M M 1 1 24 240
24 95 76 86 M 0 21 0.00 M M 11.7 20 240 M M 0 1 23 220
25 90 74 82 M 0 17 T M M 7.7 18 240 M M 2 12 28 240
26 84 65 75 M 0 10 0.00 M M 9.4 18 50 M M 4 22 50
27 79 58 69 M 0 4 0.00 M M 10.6 14 50 M M 5 20 60
28 79 55 67 M 0 2 0.00 M M 4.8 9 20 M M 0 M M
29 83 56 70 M 0 5 0.35 M M 7.4 24 340 M M 2 1 32 340
30 74 52 63 M 2 0 0.00 M M 9.6 15 30 M M 2 1 M M
31 76 48 62 M 3 0 0.00 M M 7.1 10 70 M M 0 M M
================================================================================
SM 2541 1947 5 242 4.09 M 263.8 M 98
================================================================================
AV 82.0 62.8 8.5 FASTST M M 3 MAX(MPH)
MISC ----> # 24 20 35 190
================================================================================
NOTES:
# LAST OF SEVERAL OCCURRENCES
COLUMN 17 PEAK WIND IN M.P.H.
PRELIMINARY LOCAL CLIMATOLOGICAL DATA (WS FORM: F-6) , PAGE 2
STATION: BLOOMINGTON IL AIRPORT
MONTH: AUGUST
YEAR: 2023
LATITUDE: 40 28 N
LONGITUDE: 88 56 W
[TEMPERATURE DATA] [PRECIPITATION DATA] SYMBOLS USED IN COLUMN 16
AVERAGE MONTHLY: 72.4 TOTAL FOR MONTH: 4.09 1 = FOG OR MIST
DPTR FM NORMAL: 0.0 DPTR FM NORMAL: M 2 = FOG REDUCING VISIBILITY
HIGHEST: 95 ON 24 GRTST 24HR 2.38 ON 5- 5 TO 1/4 MILE OR LESS
LOWEST: 48 ON 31 3 = THUNDER
SNOW, ICE PELLETS, HAIL 4 = ICE PELLETS
TOTAL MONTH: M 5 = HAIL
GRTST 24HR M ON M 6 = FREEZING RAIN OR DRIZZLE
GRTST DEPTH: M ON M 7 = DUSTSTORM OR SANDSTORM:
VSBY 1/2 MILE OR LESS
8 = SMOKE OR HAZE
[NO. OF DAYS WITH] [WEATHER - DAYS WITH] 9 = BLOWING SNOW
X = TORNADO
MAX 32 OR BELOW: 0 0.01 INCH OR MORE: 11
MAX 90 OR ABOVE: 4 0.10 INCH OR MORE: 6
MIN 32 OR BELOW: 0 0.50 INCH OR MORE: 2
MIN 0 OR BELOW: 0 1.00 INCH OR MORE: 1
[HDD (BASE 65) ]
TOTAL THIS MO. 5 CLEAR (SCALE 0-3) 17
DPTR FM NORMAL M PTCLDY (SCALE 4-7) 11
TOTAL FM JUL 1 5 CLOUDY (SCALE 8-10) 3
DPTR FM NORMAL M
[CDD (BASE 65) ]
TOTAL THIS MO. 242
DPTR FM NORMAL M [PRESSURE DATA]
TOTAL FM JAN 1 823 HIGHEST SLP M ON M
DPTR FM NORMAL M LOWEST SLP M ON M
[REMARKS]
#FINAL-08-23#