000
CXUS55 KOHX 041320
CF6BNA
PRELIMINARY LOCAL CLIMATOLOGICAL DATA (WS FORM: F-6)
STATION: NASHVILLE
MONTH: SEPTEMBER
YEAR: 2021
LATITUDE: 36 7 N
LONGITUDE: 86 41 W
TEMPERATURE IN F: :PCPN: SNOW: WIND :SUNSHINE: SKY :PK WND
================================================================================
1 2 3 4 5 6A 6B 7 8 9 10 11 12 13 14 15 16 17 18
12Z AVG MX 2MIN
DY MAX MIN AVG DEP HDD CDD WTR SNW DPTH SPD SPD DIR MIN PSBL S-S WX SPD DR
================================================================================
1 86 69 78 1 0 13 0.00 0.0 0 7.4 15 10 M M 7 1 22 320
2 84 64 74 -3 0 9 0.00 0.0 0 6.6 15 20 M M 1 23 50
3 86 59 73 -4 0 8 0.00 0.0 0 1.5 8 20 M M 6 12 210
4 88 64 76 -1 0 11 0.00 0.0 0 5.1 14 200 M M 5 21 240
5 78 67 73 -3 0 8 0.04 0.0 0 4.4 10 290 M M 8 18 17 300
6 85 62 74 -2 0 9 0.00 0.0 0 4.5 15 20 M M 2 18 20 20
7 87 58 73 -3 0 8 0.00 0.0 0 2.3 10 170 M M 1 18 17 160
8 87 63 75 -1 0 10 0.01 0.0 0 6.0 16 330 M M 4 22 340
9 83 59 71 -4 0 6 0.00 0.0 0 5.9 16 10 M M 1 24 360
10 83 56 70 -5 0 5 0.00 0.0 0 2.1 10 80 M M 2 14 70
11 86 57 72 -3 0 7 0.00 0.0 0 5.4 15 180 M M 2 18 170
12 88 64 76 2 0 11 0.00 0.0 0 5.7 14 190 M M 1 23 180
13 91 68 80 6 0 15 0.00 0.0 0 3.2 10 190 M M 2 17 230
14 91 69 80 6 0 15 0.03 0.0 0 4.3 15 200 M M 5 18 20 200
15 82 71 77 3 0 12 0.28 0.0 0 4.5 12 310 M M 8 1 16 250
16 86 68 77 4 0 12 0.00 0.0 0 4.9 12 100 M M 4 16 110
17 79 70 75 2 0 10 0.36 0.0 0 4.1 12 130 M M 7 13 16 140
18 76 71 74 2 0 9 0.64 0.0 0 4.5 14 40 M M 9 138 20 30
19 74 71 73 1 0 8 0.80 0.0 0 4.5 14 120 M M 9 1 18 130
20 74 68 71 -1 0 6 1.57 0.0 0 6.0 14 130 M M 9 18 19 130
21 83 67 75 4 0 10 0.55 0.0 0 3.7 17 340 M M 8 13 24 340
22 71 52 62 -9 3 0 0.19 0.0 0 9.6 25 320 M M 7 18 32 320
23 73 50 62 -9 3 0 0.00 0.0 0 4.8 14 330 M M 1 22 310
24 76 49 63 -7 2 0 0.00 0.0 0 2.4 9 100 M M 3 12 13 100
25 78 53 66 -4 0 1 T 0.0 0 4.0 12 270 M M 3 18 17 280
26 82 57 70 0 0 5 0.00 0.0 0 2.5 8 290 M M 4 128 11 190
27 84 56 70 1 0 5 0.00 0.0 0 5.5 14 190 M M 0 18 18 190
28 87 60 74 5 0 9 0.00 0.0 0 3.0 10 210 M M 2 16 290
29 87 64 76 8 0 11 0.00 0.0 0 2.0 8 90 M M 4 18 12 80
30 86 66 76 8 0 11 0.00 0.0 0 2.3 8 100 M M 7 18 12 80
================================================================================
SM 2481 1872 8 244 4.47 0.0 132.7 M 132
================================================================================
AV 82.7 62.4 4.4 FASTST M M 4 MAX(MPH)
MISC ----> 25 320 32 320
================================================================================
NOTES:
# LAST OF SEVERAL OCCURRENCES
COLUMN 17 PEAK WIND IN M.P.H.
PRELIMINARY LOCAL CLIMATOLOGICAL DATA (WS FORM: F-6) , PAGE 2
STATION: NASHVILLE
MONTH: SEPTEMBER
YEAR: 2021
LATITUDE: 36 7 N
LONGITUDE: 86 41 W
[TEMPERATURE DATA] [PRECIPITATION DATA] SYMBOLS USED IN COLUMN 16
AVERAGE MONTHLY: 72.6 TOTAL FOR MONTH: 4.47 1 = FOG OR MIST
DPTR FM NORMAL: -0.5 DPTR FM NORMAL: 0.67 2 = FOG REDUCING VISIBILITY
HIGHEST: 91 ON 14,13 GRTST 24HR 1.57 ON 20-20 TO 1/4 MILE OR LESS
LOWEST: 49 ON 24 3 = THUNDER
SNOW, ICE PELLETS, HAIL 4 = ICE PELLETS
TOTAL MONTH: 0.0 INCH 5 = HAIL
GRTST 24HR 0.0 6 = FREEZING RAIN OR DRIZZLE
GRTST DEPTH: 0 7 = DUSTSTORM OR SANDSTORM:
VSBY 1/2 MILE OR LESS
8 = SMOKE OR HAZE
[NO. OF DAYS WITH] [WEATHER - DAYS WITH] 9 = BLOWING SNOW
X = TORNADO
MAX 32 OR BELOW: 0 0.01 INCH OR MORE: 10
MAX 90 OR ABOVE: 2 0.10 INCH OR MORE: 7
MIN 32 OR BELOW: 0 0.50 INCH OR MORE: 4
MIN 0 OR BELOW: 0 1.00 INCH OR MORE: 1
[HDD (BASE 65) ]
TOTAL THIS MO. 8 CLEAR (SCALE 0-3) 13
DPTR FM NORMAL -6 PTCLDY (SCALE 4-7) 13
TOTAL FM JUL 1 8 CLOUDY (SCALE 8-10) 4
DPTR FM NORMAL -4
[CDD (BASE 65) ]
TOTAL THIS MO. 244
DPTR FM NORMAL -13 [PRESSURE DATA]
TOTAL FM JAN 1 1802 HIGHEST SLP 30.26 ON 12
DPTR FM NORMAL -2 LOWEST SLP 29.68 ON 1
[REMARKS]
#FINAL-09-21#