000
CXUS56 KBOI 011002
CF6BNO
PRELIMINARY LOCAL CLIMATOLOGICAL DATA (WS FORM: F-6)
STATION: BURNS OR
MONTH: SEPTEMBER
YEAR: 2023
LATITUDE: 43 34 N
LONGITUDE: 118 57 W
TEMPERATURE IN F: :PCPN: SNOW: WIND :SUNSHINE: SKY :PK WND
================================================================================
1 2 3 4 5 6A 6B 7 8 9 10 11 12 13 14 15 16 17 18
12Z AVG MX 2MIN
DY MAX MIN AVG DEP HDD CDD WTR SNW DPTH SPD SPD DIR MIN PSBL S-S WX SPD DR
================================================================================
1 67 49 58 -4 7 0 0.01 M M 5.9 16 230 M M 7 3 23 250
2 76 46 61 -1 4 0 0.12 M M 4.2 17 220 M M 4 13 26 220
3 73 47 60 -2 5 0 T M M 4.5 18 330 M M 5 12 25 330
4 72 41 57 -5 8 0 T M M 6.1 14 270 M M 4 21 270
5 78 38 58 -3 7 0 0.00 M M 4.9 13 210 M M 0 19 230
6 83 42 63 2 2 0 T M M 5.9 18 260 M M 2 27 280
7 82 39 61 0 4 0 T M M 4.6 12 300 M M 2 23 180
8 80 40 60 0 5 0 0.00 M M 4.2 13 200 M M 0 16 200
9 84 41 63 3 2 0 0.00 M M 3.8 15 160 M M 0 21 160
10 85 39 62 2 3 0 0.00 M M 3.8 10 240 M M 0 15 180
11 85 36 61 1 4 0 0.00 M M 4.4 14 210 M M 0 19 200
12 83 43 63 4 2 0 T M M 7.8 16 330 M M 0 26 260
13 81 47 64 5 1 0 T M M 9.2 16 360 M M 0 27 350
14 83 32 58 -1 7 0 0.00 M M 3.7 15 290 M M 0 17 290
15 85 38 62 4 3 0 0.00 M M 4.1 10 130 M M 0 15 130
16 88 39 64 6 1 0 0.00 M M 5.2 14 320 M M 0 17 320
17 88 38 63 5 2 0 T M M 6.4 16 280 M M 1 22 230
18 82 42 62 5 3 0 0.00 M M 6.6 20 280 M M 1 26 270
19 76 29 53 -4 12 0 0.00 M M 7.1 16 280 M M 0 21 290
20 63 29 46 -10 19 0 0.00 M M 10.3 26 320 M M 1 37 320
21 58 32 45 -11 20 0 0.05 M M 6.6 17 160 M M 5 3 24 160
22 63 23 43 -13 22 0 0.00 M M 4.5 14 230 M M 2 12 22 230
23 75 29 52 -3 13 0 T M M 4.2 15 170 M M 0 8 23 190
24 71 41 56 1 9 0 0.01 M M 5.8 15 320 M M 7 8 22 190
25 81 40 61 7 4 0 0.01 M M 9.5 25 220 M M 3 8 35 170
26 66 32 49 -5 16 0 T M M 7.6 22 290 M M 5 29 290
27 66 29 48 -6 17 0 T M M 8.5 23 270 M M 3 32 260
28 64 25 45 -8 20 0 0.00 M M 4.6 16 280 M M 0 20 270
29 66 33 50 -3 15 0 0.04 0.0 0 4.2 18 320 M M 7 26 330
30 51 41 46 -6 19 0 0.00 M M 13.6 22 350 M M 8 33 340
================================================================================
SM 2255 1120 256 0 0.24 0.0 181.8 M 67
================================================================================
AV 75.2 37.3 6.1 FASTST M M 2 MAX(MPH)
MISC ----> 26 320 37 320
================================================================================
NOTES:
# LAST OF SEVERAL OCCURRENCES
COLUMN 17 PEAK WIND IN M.P.H.
PRELIMINARY LOCAL CLIMATOLOGICAL DATA (WS FORM: F-6) , PAGE 2
STATION: BURNS OR
MONTH: SEPTEMBER
YEAR: 2023
LATITUDE: 43 34 N
LONGITUDE: 118 57 W
[TEMPERATURE DATA] [PRECIPITATION DATA] SYMBOLS USED IN COLUMN 16
AVERAGE MONTHLY: 56.3 TOTAL FOR MONTH: 0.24 1 = FOG OR MIST
DPTR FM NORMAL: -1.5 DPTR FM NORMAL: -0.14 2 = FOG REDUCING VISIBILITY
HIGHEST: 88 ON 17,16 GRTST 24HR 0.12 ON 2- 2 TO 1/4 MILE OR LESS
LOWEST: 23 ON 22 3 = THUNDER
SNOW, ICE PELLETS, HAIL 4 = ICE PELLETS
TOTAL MONTH: 0.0 INCH 5 = HAIL
GRTST 24HR 0.0 6 = FREEZING RAIN OR DRIZZLE
GRTST DEPTH: 0 7 = DUSTSTORM OR SANDSTORM:
VSBY 1/2 MILE OR LESS
8 = SMOKE OR HAZE
[NO. OF DAYS WITH] [WEATHER - DAYS WITH] 9 = BLOWING SNOW
X = TORNADO
MAX 32 OR BELOW: 0 0.01 INCH OR MORE: 6
MAX 90 OR ABOVE: 0 0.10 INCH OR MORE: 1
MIN 32 OR BELOW: 9 0.50 INCH OR MORE: 0
MIN 0 OR BELOW: 0 1.00 INCH OR MORE: 0
[HDD (BASE 65) ]
TOTAL THIS MO. 256 CLEAR (SCALE 0-3) 21
DPTR FM NORMAL 24 PTCLDY (SCALE 4-7) 8
TOTAL FM JUL 1 279 CLOUDY (SCALE 8-10) 1
DPTR FM NORMAL -46
[CDD (BASE 65) ]
TOTAL THIS MO. 0
DPTR FM NORMAL -16 [PRESSURE DATA]
TOTAL FM JAN 1 352 HIGHEST SLP 30.19 ON 22
DPTR FM NORMAL 50 LOWEST SLP 29.71 ON 1
[REMARKS]
#FINAL-09-23#