000
CXUS51 KBOX 011513
CF6BOS
PRELIMINARY LOCAL CLIMATOLOGICAL DATA (WS FORM: F-6)
STATION: BOSTON MA
MONTH: AUGUST
YEAR: 2020
LATITUDE: 42 22 N
LONGITUDE: 71 2 W
TEMPERATURE IN F: :PCPN: SNOW: WIND :SUNSHINE: SKY :PK WND
================================================================================
1 2 3 4 5 6A 6B 7 8 9 10 11 12 13 14 15 16 17 18
12Z AVG MX 2MIN
DY MAX MIN AVG DEP HDD CDD WTR SNW DPTH SPD SPD DIR MIN PSBL S-S WX SPD DR
================================================================================
1 81 69 75 1 0 10 0.00 0.0 M 8.0 15 100 M M 2 19 120
2 87 70 79 5 0 14 0.07 0.0 M 11.3 22 180 M M 7 25 180
3 92 73 83 9 0 18 0.00 0.0 M 12.8 28 220 M M 5 37 220
4 79 70 75 2 0 10 0.17 0.0 M 14.4 43 170 M M 8 1 53 170
5 92 70 81 8 0 16 0.00 0.0 M 12.2 25 220 M M 3 32 220
6 84 68 76 3 0 11 0.00 0.0 M 6.7 15 230 M M 5 18 260
7 76 65 71 -2 0 6 0.00 0.0 M 6.3 13 80 M M 8 14 80
8 78 66 72 -1 0 7 0.00 0.0 M 7.0 16 100 M M 4 19 100
9 91 67 79 6 0 14 0.00 0.0 M 9.7 24 200 M M 5 3 30 190
10 94 72 83 10 0 18 0.00 0.0 M 8.0 16 210 M M 5 19 270
11 94 73 84 11 0 19 0.00 0.0 M 11.0 22 200 M M 4 26 210
12 93 74 84 11 0 19 0.00 0.0 M 7.4 16 210 M M 6 19 220
13 84 68 76 3 0 11 0.00 0.0 M 7.3 14 90 M M 7 17 90
14 80 68 74 1 0 9 0.00 0.0 M 8.5 18 80 M M 5 8 23 80
15 70 64 67 -6 0 2 T 0.0 M 14.1 24 30 M M 8 30 20
16 71 64 68 -4 0 3 0.16 0.0 M 11.6 17 60 M M 10 1 23 30
17 71 62 67 -5 0 2 0.08 0.0 M 11.1 16 100 M M 6 1 19 40
18 86 66 76 4 0 11 0.16 0.0 M 10.3 18 270 M M 3 13 26 230
19 74 64 69 -3 0 4 0.06 0.0 M 8.1 22 310 M M 5 1 29 290
20 81 61 71 -1 0 6 0.00 0.0 M 8.6 16 230 M M 2 23 290
21 89 63 76 4 0 11 0.00 0.0 M 11.3 21 230 M M 4 26 230
22 79 70 75 3 0 10 T 0.0 M 7.2 15 200 M M 6 18 190
23 89 66 78 7 0 13 1.33 T M 8.1 35 330 M M 5 1358 42 330
24 87 67 77 6 0 12 0.00 0.0 M 7.8 18 190 M M 6 22 190
25 89 68 79 8 0 14 0.00 0.0 M 12.6 23 320 M M 4 33 320
26 75 61 68 -3 0 3 0.00 0.0 M 13.2 24 310 M M 4 30 310
27 66 60 63 -8 2 0 0.18 0.0 M 6.1 15 310 M M 9 1 17 310
28 82 61 72 2 0 7 0.00 0.0 M 5.7 14 80 M M 6 1 18 260
29 76 65 71 1 0 6 0.07 0.0 M 9.7 23 270 M M 9 1 34 280
30 77 63 70 0 0 5 0.00 0.0 M 14.9 24 320 M M 2 32 320
31 71 58 65 -5 0 0 0.00 0.0 M 8.4 18 110 M M 5 23 130
================================================================================
SM 2538 2056 2 291 2.28 T 299.4 M 168
================================================================================
AV 81.9 66.3 9.7 FASTST M M 5 MAX(MPH)
MISC ----> # 43 170 # 53 170
================================================================================
NOTES:
# LAST OF SEVERAL OCCURRENCES
COLUMN 17 PEAK WIND IN M.P.H.
PRELIMINARY LOCAL CLIMATOLOGICAL DATA (WS FORM: F-6) , PAGE 2
STATION: BOSTON MA
MONTH: AUGUST
YEAR: 2020
LATITUDE: 42 22 N
LONGITUDE: 71 2 W
[TEMPERATURE DATA] [PRECIPITATION DATA] SYMBOLS USED IN COLUMN 16
AVERAGE MONTHLY: 74.1 TOTAL FOR MONTH: 2.28 1 = FOG OR MIST
DPTR FM NORMAL: 2.0 DPTR FM NORMAL: -1.07 2 = FOG REDUCING VISIBILITY
HIGHEST: 94 ON 11,10 GRTST 24HR 1.33 ON 23-23 TO 1/4 MILE OR LESS
LOWEST: 58 ON 31 3 = THUNDER
SNOW, ICE PELLETS, HAIL 4 = ICE PELLETS
TOTAL MONTH: T 5 = HAIL
GRTST 24HR T ON 23-23 6 = FREEZING RAIN OR DRIZZLE
GRTST DEPTH: M ON M 7 = DUSTSTORM OR SANDSTORM:
VSBY 1/2 MILE OR LESS
8 = SMOKE OR HAZE
[NO. OF DAYS WITH] [WEATHER - DAYS WITH] 9 = BLOWING SNOW
X = TORNADO
MAX 32 OR BELOW: 0 0.01 INCH OR MORE: 9
MAX 90 OR ABOVE: 6 0.10 INCH OR MORE: 5
MIN 32 OR BELOW: 0 0.50 INCH OR MORE: 1
MIN 0 OR BELOW: 0 1.00 INCH OR MORE: 1
[HDD (BASE 65) ]
TOTAL THIS MO. 2 CLEAR (SCALE 0-3) 3
DPTR FM NORMAL -5 PTCLDY (SCALE 4-7) 23
TOTAL FM JUL 1 2 CLOUDY (SCALE 8-10) 5
DPTR FM NORMAL -11
[CDD (BASE 65) ]
TOTAL THIS MO. 291
DPTR FM NORMAL 64 [PRESSURE DATA]
TOTAL FM JAN 1 827 HIGHEST SLP 30.20 ON 7
DPTR FM NORMAL 168 LOWEST SLP 29.40 ON 29
[REMARKS]
#FINAL-08-20#