000
CXUS54 KLCH 010830
CF6BPT
PRELIMINARY LOCAL CLIMATOLOGICAL DATA (WS FORM: F-6)
STATION: BEAUMONT PORT ARTHUR
MONTH: JULY
YEAR: 2022
LATITUDE: 29 57 N
LONGITUDE: 94 1 W
TEMPERATURE IN F: :PCPN: SNOW: WIND :SUNSHINE: SKY :PK WND
================================================================================
1 2 3 4 5 6A 6B 7 8 9 10 11 12 13 14 15 16 17 18
12Z AVG MX 2MIN
DY MAX MIN AVG DEP HDD CDD WTR SNW DPTH SPD SPD DIR MIN PSBL S-S WX SPD DR
================================================================================
1 83 72 78 -5 0 13 6.20 0.0 M 7.7 21 150 M M 7 123 29 190
2 93 75 84 1 0 19 0.33 0.0 M 8.8 18 250 M M 4 18 28 250
3 94 76 85 2 0 20 0.00 0.0 M 6.6 15 180 M M 0 1 20 170
4 94 76 85 2 0 20 0.00 0.0 M 7.7 16 190 M M 1 1 23 170
5 94 75 85 2 0 20 0.00 0.0 M 5.9 15 180 M M 1 1 19 180
6 92 77 85 2 0 20 0.29 0.0 M 4.0 15 180 M M 3 13 22 180
7 95 76 86 3 0 21 0.00 0.0 M 5.3 15 170 M M 2 13 19 170
8 95 75 85 2 0 20 0.00 0.0 M 5.4 15 180 M M 1 13 20 160
9 97 76 87 4 0 22 0.00 0.0 M 6.4 15 190 M M 1 21 170
10 97 75 86 3 0 21 0.11 0.0 M 7.8 22 350 M M 2 13 29 350
11 97 77 87 4 0 22 0.00 0.0 M 5.8 16 170 M M 4 23 180
12 98 78 88 4 0 23 0.00 0.0 0 5.1 16 170 M M 2 3 23 200
13 94 77 86 2 0 21 0.00 0.0 0 4.6 15 180 M M 2 12 23 160
14 94 70 82 -2 0 17 2.37 0.0 M 6.2 40 70 M M 3 123 53 70
15 92 75 84 0 0 19 0.03 0.0 M 4.6 17 200 M M 2 1 27 200
16 94 74 84 0 0 19 0.00 0.0 M 4.8 15 140 M M 2 19 130
17 95 74 85 1 0 20 0.00 0.0 M 4.8 15 150 M M 1 18 19 150
18 95 75 85 1 0 20 0.00 0.0 M 8.4 17 180 M M 0 24 160
19 93 77 85 1 0 20 0.00 0.0 M 9.3 20 180 M M 2 26 170
20 94 78 86 2 0 21 0.00 0.0 M 9.4 21 170 M M 2 27 190
21 94 75 85 1 0 20 0.00 0.0 M 5.8 17 190 M M 1 1 23 180
22 86 73 80 -4 0 15 1.05 0.0 M 4.1 24 130 M M 2 123 33 140
23 93 75 84 0 0 19 0.00 0.0 M 6.9 15 170 M M 2 3 23 180
24 94 76 85 1 0 20 T 0.0 M 5.3 16 260 M M 2 13 21 260
25 94 76 85 1 0 20 0.00 0.0 M 5.6 15 180 M M 1 21 190
26 94 77 86 2 0 21 0.04 0.0 M 6.1 17 160 M M 3 1 24 150
27 93 76 85 1 0 20 0.01 0.0 M 5.9 16 200 M M 2 22 170
28 93 77 85 1 0 20 0.08 0.0 M 5.4 17 50 M M 2 13 21 60
29 94 77 86 2 0 21 0.00 0.0 M 6.1 16 190 M M 2 3 21 190
30 89 77 83 -1 0 18 0.01 0.0 M 5.3 14 170 M M 4 13 19 160
31 94 74 84 0 0 19 0.00 0.0 M 6.2 16 120 M M 2 21 130
================================================================================
SM 2898 2341 0 611 10.52 0.0 191.3 M 65
================================================================================
AV 93.5 75.5 6.2 FASTST M M 2 MAX(MPH)
MISC ----> 40 70 53 70
================================================================================
NOTES:
# LAST OF SEVERAL OCCURRENCES
COLUMN 17 PEAK WIND IN M.P.H.
PRELIMINARY LOCAL CLIMATOLOGICAL DATA (WS FORM: F-6) , PAGE 2
STATION: BEAUMONT PORT ARTHUR
MONTH: JULY
YEAR: 2022
LATITUDE: 29 57 N
LONGITUDE: 94 1 W
[TEMPERATURE DATA] [PRECIPITATION DATA] SYMBOLS USED IN COLUMN 16
AVERAGE MONTHLY: 84.5 TOTAL FOR MONTH: 10.52 1 = FOG OR MIST
DPTR FM NORMAL: 0.9 DPTR FM NORMAL: 3.67 2 = FOG REDUCING VISIBILITY
HIGHEST: 98 ON 12 GRTST 24HR 6.25 ON 30- 1 TO 1/4 MILE OR LESS
LOWEST: 70 ON 14 3 = THUNDER
SNOW, ICE PELLETS, HAIL 4 = ICE PELLETS
TOTAL MONTH: 0.0 INCH 5 = HAIL
GRTST 24HR 0.0 6 = FREEZING RAIN OR DRIZZLE
GRTST DEPTH: 0 7 = DUSTSTORM OR SANDSTORM:
VSBY 1/2 MILE OR LESS
8 = SMOKE OR HAZE
[NO. OF DAYS WITH] [WEATHER - DAYS WITH] 9 = BLOWING SNOW
X = TORNADO
MAX 32 OR BELOW: 0 0.01 INCH OR MORE: 11
MAX 90 OR ABOVE: 28 0.10 INCH OR MORE: 6
MIN 32 OR BELOW: 0 0.50 INCH OR MORE: 3
MIN 0 OR BELOW: 0 1.00 INCH OR MORE: 3
[HDD (BASE 65) ]
TOTAL THIS MO. 0 CLEAR (SCALE 0-3) 26
DPTR FM NORMAL 0 PTCLDY (SCALE 4-7) 5
TOTAL FM JUL 1 0 CLOUDY (SCALE 8-10) 0
DPTR FM NORMAL 0
[CDD (BASE 65) ]
TOTAL THIS MO. 611
DPTR FM NORMAL 34 [PRESSURE DATA]
TOTAL FM JAN 1 1932 HIGHEST SLP 30.15 ON 30
DPTR FM NORMAL 212 LOWEST SLP 29.78 ON 11
[REMARKS]
#FINAL-07-22#