000
CXUS55 KDVN 011100
CF6BRL
PRELIMINARY LOCAL CLIMATOLOGICAL DATA (WS FORM: F-6)
STATION: BURLINGTON IA
MONTH: APRIL
YEAR: 2020
LATITUDE: 40 46 N
LONGITUDE: 91 7 W
TEMPERATURE IN F: :PCPN: SNOW: WIND :SUNSHINE: SKY :PK WND
================================================================================
1 2 3 4 5 6A 6B 7 8 9 10 11 12 13 14 15 16 17 18
12Z AVG MX 2MIN
DY MAX MIN AVG DEP HDD CDD WTR SNW DPTH SPD SPD DIR MIN PSBL S-S WX SPD DR
================================================================================
1 58 33 46 -2 19 0 0.00 M M 6.7 14 120 M M 2 1 20 130
2 62 46 54 5 11 0 T M M 10.6 20 130 M M 2 27 130
3 60 32 46 -3 19 0 0.02 M M 11.6 20 320 M M 10 18 28 320
4 52 29 41 -9 24 0 T M M 8.5 17 350 M M 5 28 330
5 61 35 48 -2 17 0 0.00 M M 5.9 12 120 M M 1 19 140
6 67 43 55 5 10 0 0.00 M M 8.0 20 190 M M 7 26 180
7 79 55 67 16 0 2 0.00 M M 10.1 21 220 M M 3 8 27 210
8 80 46 63 12 2 0 0.04 M M 11.3 39 10 M M 1 138 53 360
9 53 33 43 -9 22 0 T M M 13.5 33 340 M M 3 8 48 330
10 55 28 42 -10 23 0 0.00 M M 7.9 16 350 M M 3 8 23 350
11 68 43 56 4 9 0 T M M 9.6 25 210 M M 6 3 34 200
12 67 34 51 -2 14 0 0.27 M M 13.0 25 330 M M 5 13 40 340
13 43 29 36 -17 29 0 0.00 M M 15.5 26 310 M M 4 41 320
14 45 25 35 -18 30 0 0.00 M M 9.7 25 260 M M 3 37 270
15 43 27 35 -19 30 0 T M M 10.0 22 20 M M 7 1 28 30
16 41 28 35 -19 30 0 0.85 M M 6.4 17 50 M M 9 1 24 50
17 42 32 37 -17 28 0 0.52 M M 11.3 22 30 M M 7 1 29 40
18 59 31 45 -10 20 0 0.00 M M 14.7 29 200 M M 0 37 200
19 63 38 51 -4 14 0 0.00 M M 9.9 21 360 M M 0 29 340
20 66 33 50 -5 15 0 0.00 M M 8.7 21 270 M M 4 31 290
21 59 39 49 -7 16 0 0.00 M M 10.0 22 330 M M 0 33 340
22 78 43 61 5 4 0 0.00 M M 14.2 23 210 M M 1 8 30 200
23 70 51 61 5 4 0 0.05 M M 6.2 17 280 M M 6 13 26 290
24 59 48 54 -3 11 0 0.33 M M 11.3 18 50 M M 8 138 25 50
25 52 40 46 -11 19 0 0.13 M M 12.1 24 20 M M 7 18 33 20
26 66 40 53 -4 12 0 0.00 M M 5.4 10 120 M M 0 1 15 170
27 72 49 61 3 4 0 0.01 M M 13.0 28 200 M M 3 42 210
28 76 52 64 6 1 0 T M M 11.3 25 330 M M 2 3 41 340
29 55 48 52 -6 13 0 0.30 M M 13.0 22 340 M M 8 138 33 340
30 69 46 58 -1 7 0 0.00 M M 10.8 28 350 M M 0 38 10
================================================================================
SM 1820 1156 457 2 2.52 M 310.2 M 117
================================================================================
AV 60.7 38.5 10.3 FASTST M M 4 MAX(MPH)
MISC ----> # 39 10 # 53 360
================================================================================
NOTES:
# LAST OF SEVERAL OCCURRENCES
COLUMN 17 PEAK WIND IN M.P.H.
PRELIMINARY LOCAL CLIMATOLOGICAL DATA (WS FORM: F-6) , PAGE 2
STATION: BURLINGTON IA
MONTH: APRIL
YEAR: 2020
LATITUDE: 40 46 N
LONGITUDE: 91 7 W
[TEMPERATURE DATA] [PRECIPITATION DATA] SYMBOLS USED IN COLUMN 16
AVERAGE MONTHLY: 49.6 TOTAL FOR MONTH: 2.52 1 = FOG OR MIST
DPTR FM NORMAL: -4.2 DPTR FM NORMAL: -1.24 2 = FOG REDUCING VISIBILITY
HIGHEST: 80 ON 8 GRTST 24HR 0.85 ON 16-16 TO 1/4 MILE OR LESS
LOWEST: 25 ON 14 3 = THUNDER
SNOW, ICE PELLETS, HAIL 4 = ICE PELLETS
TOTAL MONTH: M 5 = HAIL
GRTST 24HR M ON M 6 = FREEZING RAIN OR DRIZZLE
GRTST DEPTH: M ON M 7 = DUSTSTORM OR SANDSTORM:
VSBY 1/2 MILE OR LESS
8 = SMOKE OR HAZE
[NO. OF DAYS WITH] [WEATHER - DAYS WITH] 9 = BLOWING SNOW
X = TORNADO
MAX 32 OR BELOW: 0 0.01 INCH OR MORE: 10
MAX 90 OR ABOVE: 0 0.10 INCH OR MORE: 6
MIN 32 OR BELOW: 9 0.50 INCH OR MORE: 2
MIN 0 OR BELOW: 0 1.00 INCH OR MORE: 0
[HDD (BASE 65) ]
TOTAL THIS MO. 457 CLEAR (SCALE 0-3) 13
DPTR FM NORMAL 101 PTCLDY (SCALE 4-7) 14
TOTAL FM JUL 1 5470 CLOUDY (SCALE 8-10) 3
DPTR FM NORMAL 8
[CDD (BASE 65) ]
TOTAL THIS MO. 2
DPTR FM NORMAL -16 [PRESSURE DATA]
TOTAL FM JAN 1 2 HIGHEST SLP 30.39 ON 16
DPTR FM NORMAL -18 LOWEST SLP 29.41 ON 12
[REMARKS]
#FINAL-04-20#