000
CXUS53 KDVN 011223
CLSBRL
CLIMATE REPORT
NATIONAL WEATHER SERVICE QUAD CITIES IA IL
623 AM CST MON MAR 01 2021
...................................
...THE BURLINGTON IA CLIMATE SUMMARY FOR THE SEASON, FROM
12/1/2020 TO 2/28/2021...
CLIMATE NORMAL PERIOD 1981 TO 2010
CLIMATE RECORD PERIOD 1897 TO 2021
WEATHER OBSERVED NORMAL DEPART LAST YEAR`S
VALUE DATE(S) VALUE FROM VALUE
NORMAL
..............................................................
TEMPERATURE (F)
RECORD
HIGH 76 02/24/1930
LOW -27 02/13/1905
HIGHEST 60 12/10 44 16
12/23
LOWEST -11 02/17 17 -28
AVG. MAXIMUM 32.1 36.8 -4.7
AVG. MINIMUM 17.7 19.8 -2.1
MEAN 24.9 28.3 -3.4
DAYS MAX >= 90 0
DAYS MAX <= 32 43
DAYS MIN <= 32 88
DAYS MIN <= 0 11
PRECIPITATION (INCHES)
TOTALS 4.94 4.95 -0.01
DAILY AVG. 0.05 0.05 -0.00
DAYS >= .01 19
DAYS >= .10 12
DAYS >= .50 3
DAYS >= 1.00 0
GREATEST
24 HR. TOTAL 1.20 01/30 TO 01/31
DEGREE DAYS
HEATING TOTAL 3558 3305 253
SINCE 7/1 4645 4377 268
COOLING TOTAL 0 0 0
SINCE 1/1 0 0 0
..............................................................
WIND (MPH)
AVERAGE WIND SPEED 8.4
HIGHEST WIND SPEED/DIRECTION 33/210 DATE 12/23
HIGHEST GUST SPEED/DIRECTION 53/290 DATE 12/21
SKY COVER
POSSIBLE SUNSHINE (PERCENT) MM
AVERAGE SKY COVER 0.50
NUMBER OF DAYS FAIR 32
NUMBER OF DAYS PC 32
NUMBER OF DAYS CLOUDY 26
AVERAGE RH (PERCENT) 78
WEATHER CONDITIONS. NUMBER OF DAYS WITH
THUNDERSTORM 0 HAIL 0
SLEET 0 FOG 56
FOG W/VIS <= 1/4 MILE 9 HAZE 28
- INDICATES NEGATIVE NUMBERS.
R INDICATES RECORD WAS SET OR TIED.
MM INDICATES DATA IS MISSING.
T INDICATES TRACE AMOUNT.
$$
NOTE: SUPPLEMENTAL CLIMATE DATA WAS USED FROM A NEARBY
CLIMATOLOGICALLY REPRESENTATIVE STATION.