000
CXUS53 KDVN 011735
CLSBRL
CLIMATE REPORT
NATIONAL WEATHER SERVICE QUAD CITIES IA IL
1147 AM CDT MON JUN 1 2020
...................................
...THE BURLINGTON IA CLIMATE SUMMARY FOR THE SEASON, FROM
3/1/2020 TO 5/31/2020...
CLIMATE NORMAL PERIOD 1981 TO 2010
CLIMATE RECORD PERIOD 1897 TO 2020
WEATHER OBSERVED NORMAL DEPART
VALUE DATE(S) VALUE FROM
NORMAL
................................................
TEMPERATURE (F)
RECORD
HIGH 103 05/31/1934
LOW -13 03/05/1960
HIGHEST 87 05/24 79 8
LOWEST 25 04/14 26 -1
AVG. MAXIMUM 60.5 63.5 -3.0
AVG. MINIMUM 41.8 42.5 -0.7
MEAN 51.2 53.0 -1.8
DAYS MAX >= 90 0
DAYS MAX <= 32 0
DAYS MIN <= 32 20
DAYS MIN <= 0 0
PRECIPITATION (INCHES)
TOTALS 9.15 11.40 -2.25
DAILY AVG. 0.10 0.12 -0.02
DAYS >= .01 42
DAYS >= .10 15
DAYS >= .50 6
DAYS >= 1.00 3
GREATEST
24 HR. TOTAL 1.77 05/16 TO 05/17
DEGREE_DAYS
HEATING TOTAL 1304 1209 95
SINCE 7/1 5671 5587 84
COOLING TOTAL 51 104 -53
SINCE 1/1 51 103 -52
.................................................
WIND (MPH)
AVERAGE WIND SPEED 9.4
HIGHEST WIND SPEED/DIRECTION 39/010 DATE 04/08
HIGHEST GUST SPEED/DIRECTION 57/310 DATE 05/14
SKY COVER
POSSIBLE SUNSHINE (PERCENT) MM
AVERAGE SKY COVER 0.50
NUMBER OF DAYS FAIR 41
NUMBER OF DAYS PC 23
NUMBER OF DAYS CLOUDY 28
AVERAGE RH (PERCENT) 68
WEATHER CONDITIONS. NUMBER OF DAYS WITH
THUNDERSTORM 14 HAIL 0
SLEET 0 FOG 47
FOG W/VIS <= 1/4 MILE 3 HAZE 25
- INDICATES NEGATIVE NUMBERS.
R INDICATES RECORD WAS SET OR TIED.
MM INDICATES DATA IS MISSING.
T INDICATES TRACE AMOUNT.
$$