000
CXUS53 KGRR 010910
CF6BTL
PRELIMINARY LOCAL CLIMATOLOGICAL DATA (WS FORM: F-6)
STATION: BATTLE CREEK
MONTH: OCTOBER
YEAR: 2023
LATITUDE: 42 17 N
LONGITUDE: 85 14 W
TEMPERATURE IN F: :PCPN: SNOW: WIND :SUNSHINE: SKY :PK WND
================================================================================
1 2 3 4 5 6A 6B 7 8 9 10 11 12 13 14 15 16 17 18
12Z AVG MX 2MIN
DY MAX MIN AVG DEP HDD CDD WTR SNW DPTH SPD SPD DIR MIN PSBL S-S WX SPD DR
================================================================================
1 83 54 69 11 0 4 0.00 M M 3.0 8 170 M M 0 1 15 190
2 85 56 71 14 0 6 0.00 M M 1.3 8 150 M M 0 13 150
3 87 57 72 15 0 7 0.00 M M 5.1 16 220 M M 0 21 190
4 85 64 75 19 0 10 0.00 M M 9.8 23 200 M M 1 31 210
5 71 61 66 10 0 1 2.80 M M 8.8 20 200 M M 9 1 26 190
6 65 45 55 -1 10 0 0.18 M M 10.5 22 310 M M 5 1 29 260
7 56 40 48 -7 17 0 0.47 M M 9.3 21 300 M M 7 1 28 310
8 58 37 48 -7 17 0 T M M 9.2 22 290 M M 5 29 290
9 56 42 49 -5 16 0 T M M 8.5 23 280 M M 7 32 290
10 53 39 46 -8 19 0 T M M 4.4 18 280 M M 9 25 270
11 65 43 54 0 11 0 0.00 M M 4.3 15 220 M M 7 19 210
12 58 49 54 1 11 0 T M M 7.1 12 70 M M 9 1 18 60
13 54 49 52 -1 13 0 T M M 10.4 17 80 M M 10 24 80
14 53 48 51 -1 14 0 M M M 11.6 21 60 M M 10 1 30 60
15 57 40 49 -3 16 0 0.05 M M 8.2 18 330 M M 9 27 310
16 52 42 47 -5 18 0 0.00 M M 6.3 14 360 M M 8 20 360
17 55 45 50 -1 15 0 0.00 M M 4.4 10 250 M M 9 16 260
18 65 43 54 3 11 0 0.00 M M 10.1 21 190 M M 2 1 28 180
19 56 52 54 4 11 0 0.13 M M 9.4 16 200 M M 10 1 22 210
20 53 44 49 -1 16 0 0.15 M M 10.0 20 320 M M 9 1 28 330
21 49 36 43 -7 22 0 0.23 M M 5.0 14 340 M M 7 1 21 330
22 54 35 45 -4 20 0 0.00 M M 7.0 16 350 M M 4 22 360
23 61 31 46 -3 19 0 0.00 M M 7.3 20 180 M M 0 30 190
24 80 54 67 19 0 2 0.00 M M 12.0 22 210 M M 2 29 210
25 M 60 M M M M 0.08 M M 10.6 20 230 M M 7 1 24 210
26 72 61 67 19 0 2 0.27 M M 11.7 23 200 M M 8 1 33 190
27 75 53 64 17 1 0 0.30 M M 12.7 22 300 M M 9 1 32 300
28 54 44 49 2 16 0 0.01 M M 8.5 21 320 M M 6 28 310
29 48 41 45 -1 20 0 0.32 M M 6.5 13 360 M M 10 1 17 330
30 43 32 38 -8 27 0 T M M 8.9 18 280 M M 10 8 28 270
31 40 29 35 -11 30 0 0.07 M M 9.4 21 230 M M 9 12 27 230
================================================================================
SM 1843 1426 370 32 5.06 M 251.3 M 198
================================================================================
AV 61.4 46.0 8.1 FASTST M M 6 MAX(MPH)
MISC ----> # 23 200 33 190
================================================================================
NOTES:
# LAST OF SEVERAL OCCURRENCES
COLUMN 17 PEAK WIND IN M.P.H.
PRELIMINARY LOCAL CLIMATOLOGICAL DATA (WS FORM: F-6) , PAGE 2
STATION: BATTLE CREEK
MONTH: OCTOBER
YEAR: 2023
LATITUDE: 42 17 N
LONGITUDE: 85 14 W
[TEMPERATURE DATA] [PRECIPITATION DATA] SYMBOLS USED IN COLUMN 16
AVERAGE MONTHLY: 53.7 TOTAL FOR MONTH: 5.06 1 = FOG OR MIST
DPTR FM NORMAL: 2.1 DPTR FM NORMAL: 1.51 2 = FOG REDUCING VISIBILITY
HIGHEST: 87 ON 3 GRTST 24HR 2.80 ON 5- 5 TO 1/4 MILE OR LESS
LOWEST: 29 ON 31 3 = THUNDER
SNOW, ICE PELLETS, HAIL 4 = ICE PELLETS
TOTAL MONTH: M 5 = HAIL
GRTST 24HR M ON M 6 = FREEZING RAIN OR DRIZZLE
GRTST DEPTH: M ON M 7 = DUSTSTORM OR SANDSTORM:
VSBY 1/2 MILE OR LESS
8 = SMOKE OR HAZE
[NO. OF DAYS WITH] [WEATHER - DAYS WITH] 9 = BLOWING SNOW
X = TORNADO
MAX 32 OR BELOW: 0 0.01 INCH OR MORE: 13
MAX 90 OR ABOVE: 0 0.10 INCH OR MORE: 9
MIN 32 OR BELOW: 3 0.50 INCH OR MORE: 1
MIN 0 OR BELOW: 0 1.00 INCH OR MORE: 1
[HDD (BASE 65) ]
TOTAL THIS MO. 370 CLEAR (SCALE 0-3) 7
DPTR FM NORMAL -54 PTCLDY (SCALE 4-7) 10
TOTAL FM JUL 1 434 CLOUDY (SCALE 8-10) 14
DPTR FM NORMAL -126
[CDD (BASE 65) ]
TOTAL THIS MO. 32
DPTR FM NORMAL 23 [PRESSURE DATA]
TOTAL FM JAN 1 730 HIGHEST SLP 30.36 ON 1
DPTR FM NORMAL 15 LOWEST SLP 29.52 ON 20
[REMARKS]
#FINAL-10-23#