000
CXUS53 KGRR 011525
CLSBTL
WRKCLSBTL 000
TTAA00 GRR 011521
CLIMATE REPORT
NATIONAL WEATHER SERVICE GRAND RAPIDS, MICHIGAN
1111 AM EDT WED JUN 01 2022
...................................
...THE BATTLE CREEK CLIMATE SUMMARY FOR THE SEASON, FROM
3/1/2022 TO 5/31/2022...
CLIMATE NORMAL PERIOD: 1991 TO 2020
CLIMATE RECORD PERIOD: 1895 TO 2022
WEATHER OBSERVED NORMAL DEPART LAST YEAR`S
VALUE DATE(S) VALUE FROM VALUE DATE(S)
NORMAL
................................................................
TEMPERATURE (F)
RECORD
HIGH 95 05/27/1911
05/29/1895
LOW -11 03/08/1943
HIGHEST 89 05/31 MM MM 90 05/25
LOWEST 12 03/12 MM MM 15 03/02
AVG. MAXIMUM 58.4 58.1 0.3 61.5
AVG. MINIMUM 39.1 37.7 1.4 38.6
MEAN 48.8 47.9 0.9 50.0
DAYS MAX >= 90 0 0.3 -0.3 1
DAYS MAX <= 32 3 4.9 -1.9 0
DAYS MIN <= 32 30 31.7 -1.7 31
DAYS MIN <= 0 0 0.3 -0.3 0
PRECIPITATION (INCHES)
RECORD
MAXIMUM 16.20 1947
MINIMUM 2.42 2005
TOTALS 11.76 8.27 3.49 MM
DAILY AVG. 0.13 0.09 0.04 MM
DAYS >= .01 43 34.6 8.4 MM
DAYS >= .10 32 19.1 12.9 MM
DAYS >= .50 5 5.6 -0.6 MM
DAYS >= 1.00 2 1.4 0.6 MM
GREATEST
24 HR. TOTAL 1.40 04/22 TO 04/22
STORM TOTAL 1.40 MM
(MM/DD(HH)) MM
DEGREE DAYS
HEATING TOTAL 1565 1626 -61 1433
SINCE 7/1 6006 6371 -365 MM
COOLING TOTAL 96 49 47 80
SINCE 1/1 96 49 47 MM
FREEZE DATES
EARLIEST 10/24
LATEST 05/27
................................................................
WIND (MPH)
AVERAGE WIND SPEED 9.9
RESULTANT WIND SPEED/DIRECTION 3/220
HIGHEST WIND SPEED/DIRECTION 43/240 DATE 04/14
HIGHEST GUST SPEED/DIRECTION 65/240 DATE 04/14
SKY COVER
POSSIBLE SUNSHINE (PERCENT) MM
AVERAGE SKY COVER 0.52
NUMBER OF DAYS FAIR 33
NUMBER OF DAYS PC 31
NUMBER OF DAYS CLOUDY 28
AVERAGE RH (PERCENT) 65
WEATHER CONDITIONS. NUMBER OF DAYS WITH
THUNDERSTORM 5 MIXED PRECIP 0
HEAVY RAIN 7 RAIN 15
LIGHT RAIN 41 FREEZING RAIN 0
LT FREEZING RAIN 1 HAIL 0
HEAVY SNOW 0 SNOW 3
LIGHT SNOW 12 SLEET 0
FOG 44 FOG W/VIS <= 1/4 MILE 1
HAZE 17
- INDICATES NEGATIVE NUMBERS.
R INDICATES RECORD WAS SET OR TIED.
MM INDICATES DATA IS MISSING.
T INDICATES TRACE AMOUNT.
$$