000
CXAK56 PAFG 010950
CF6BTT
PRELIMINARY LOCAL CLIMATOLOGICAL DATA (WS FORM: F-6)
STATION: BETTLES AK
MONTH: JUNE
YEAR: 2022
LATITUDE: 66 55 N
LONGITUDE: 151 31 W
TEMPERATURE IN F: :PCPN: SNOW: WIND :SUNSHINE: SKY :PK WND
================================================================================
1 2 3 4 5 6A 6B 7 8 9 10 11 12 13 14 15 16 17 18
12Z AVG MX 2MIN
DY MAX MIN AVG DEP HDD CDD WTR SNW DPTH SPD SPD DIR MIN PSBL S-S WX SPD DR
================================================================================
1 72 50 61 8 4 0 0.07 M M 5.7 18 260 M M 7 3 25 250
2 73 38 56 2 9 0 0.00 M M 3.0 9 250 M M 3 M M
3 76 46 61 7 4 0 0.00 M M 4.1 8 120 M M 3 M M
4 75 40 58 4 7 0 0.00 M M 2.4 9 160 M M 4 17 160
5 71 39 55 0 10 0 0.00 M M 3.8 8 150 M M 2 M M
6 74 40 57 1 8 0 0.00 M M 1.8 8 140 M M 2 M M
7 74 45 60 4 5 0 0.00 M M 3.0 10 310 M M 3 M M
8 67 48 58 2 7 0 T 0.0 0 4.3 13 120 M M 6 22 120
9 67 39 53 -4 12 0 0.00 M M 3.7 8 340 M M 3 M M
10 52 36 44 -13 21 0 0.44 M M 6.9 10 350 M M 9 1 17 360
11 62 36 49 -9 16 0 0.16 M M 6.2 20 230 M M 8 13 29 230
12 63 41 52 -6 13 0 0.19 M M 3.7 9 300 M M 7 3 M M
13 71 43 57 -1 8 0 0.07 M M 4.8 9 310 M M 8 3 M M
14 70 44 57 -2 8 0 0.00 M M 3.4 10 220 M M 5 M M
15 71 46 59 0 6 0 0.00 M M 4.2 10 220 M M 5 M M
16 73 45 59 0 6 0 0.00 M M 3.3 13 240 M M 6 17 240
17 74 45 60 0 5 0 0.00 M M 3.1 10 220 M M 7 M M
18 70 50 60 0 5 0 0.01 M M 2.2 7 99 M M 8 M M
19 74 50 62 2 3 0 T M M 2.5 8 240 M M 5 M M
20 79 50 65 5 0 0 0.02 M M 5.0 9 130 M M 4 3 M M
21 75 50 63 2 2 0 0.00 M M 9.3 16 260 M M 5 24 250
22 67 51 59 -2 6 0 T M 0 7.5 15 210 M M 7 22 220
23 66 50 58 -3 7 0 T M M 9.9 20 230 M M 7 27 240
24 68 46 57 -4 8 0 0.00 M M 6.4 13 260 M M 8 M M
25 77 42 60 -1 5 0 0.00 M M 3.6 7 210 M M 6 M M
26 76 55 66 4 0 1 T 0.0 0 2.7 8 230 M M 8 M M
27 75 52 64 2 1 0 0.00 M M 5.6 13 260 M M 7 M M
28 70 49 60 -2 5 0 T M M 7.4 13 240 M M 6 21 240
29 75 46 61 -1 4 0 0.00 M M 6.7 13 240 M M 2 20 240
30 78 49 64 2 1 0 0.00 M M 4.4 10 200 M M 2 16 200
================================================================================
SM 2135 1361 196 1 0.96 0.0 140.6 M 163
================================================================================
AV 71.2 45.4 4.7 FASTST M M 5 MAX(MPH)
MISC ----> # 20 230 29 230
================================================================================
NOTES:
# LAST OF SEVERAL OCCURRENCES
COLUMN 17 PEAK WIND IN M.P.H.
PRELIMINARY LOCAL CLIMATOLOGICAL DATA (WS FORM: F-6) , PAGE 2
STATION: BETTLES AK
MONTH: JUNE
YEAR: 2022
LATITUDE: 66 55 N
LONGITUDE: 151 31 W
[TEMPERATURE DATA] [PRECIPITATION DATA] SYMBOLS USED IN COLUMN 16
AVERAGE MONTHLY: 58.3 TOTAL FOR MONTH: 0.96 1 = FOG OR MIST
DPTR FM NORMAL: -0.3 DPTR FM NORMAL: -0.50 2 = FOG REDUCING VISIBILITY
HIGHEST: 79 ON 20 GRTST 24HR 0.44 ON 10-10 TO 1/4 MILE OR LESS
LOWEST: 36 ON 11,10 3 = THUNDER
SNOW, ICE PELLETS, HAIL 4 = ICE PELLETS
TOTAL MONTH: 0.0 INCH 5 = HAIL
GRTST 24HR 0.0 6 = FREEZING RAIN OR DRIZZLE
GRTST DEPTH: 0 7 = DUSTSTORM OR SANDSTORM:
VSBY 1/2 MILE OR LESS
8 = SMOKE OR HAZE
[NO. OF DAYS WITH] [WEATHER - DAYS WITH] 9 = BLOWING SNOW
X = TORNADO
MAX 32 OR BELOW: 0 0.01 INCH OR MORE: 7
MAX 90 OR ABOVE: 0 0.10 INCH OR MORE: 3
MIN 32 OR BELOW: 0 0.50 INCH OR MORE: 0
MIN 0 OR BELOW: 0 1.00 INCH OR MORE: 0
[HDD (BASE 65) ]
TOTAL THIS MO. 196 CLEAR (SCALE 0-3) 6
DPTR FM NORMAL -11 PTCLDY (SCALE 4-7) 22
TOTAL FM JUL 1 14966 CLOUDY (SCALE 8-10) 2
DPTR FM NORMAL -10
[CDD (BASE 65) ]
TOTAL THIS MO. 1
DPTR FM NORMAL -14 [PRESSURE DATA]
TOTAL FM JAN 1 1 HIGHEST SLP M ON M
DPTR FM NORMAL -14 LOWEST SLP M ON M
[REMARKS]
#FINAL-06-22#