000
CXUS54 KTSA 311127
CF6BVO
PRELIMINARY LOCAL CLIMATOLOGICAL DATA (WS FORM: F-6)
STATION: BARTLESVILLE OKLAHOMA
MONTH: JUNE
YEAR: 2022
LATITUDE: 36 45 N
LONGITUDE: 96 0 W
TEMPERATURE IN F: :PCPN: SNOW: WIND :SUNSHINE: SKY :PK WND
================================================================================
1 2 3 4 5 6A 6B 7 8 9 10 11 12 13 14 15 16 17 18
12Z AVG MX 2MIN
DY MAX MIN AVG DEP HDD CDD WTR SNW DPTH SPD SPD DIR MIN PSBL S-S WX SPD DR
================================================================================
1 78 61 70 -2 0 5 0.02 0.0 M 6.4 17 10 M M 7 18 25 350
2 79 55 67 -5 0 2 0.00 0.0 M 5.2 13 30 M M 2 19 70
3 80 53 67 -6 0 2 0.00 0.0 M 3.3 10 70 M M 2 15 50
4 83 52 68 -5 0 3 0.00 0.0 M 4.6 15 170 M M 2 20 170
5 79 61 70 -3 0 5 0.89 0.0 M 4.9 17 160 M M 4 13 22 160
6 86 65 76 2 0 11 0.48 0.0 M 3.2 14 40 M M 5 13 23 30
7 87 69 78 4 0 13 0.00 0.0 M 4.2 12 140 M M 1 1 23 10
8 79 60 70 -4 0 5 0.43 0.0 M 2.6 23 10 M M 5 13 35 10
9 83 56 70 -4 0 5 0.00 0.0 M 2.5 16 150 M M 1 1 21 160
10 87 66 77 2 0 12 0.70 0.0 M 3.7 32 150 M M 3 13 49 170
11 91 66 79 4 0 14 0.00 0.0 M 7.5 22 30 M M 0 1 32 20
12 97 76 87 12 0 22 0.00 0.0 M 8.5 20 160 M M 0 27 160
13 95 76 86 10 0 21 0.00 0.0 M 10.5 20 170 M M 0 28 180
14 91 76 84 8 0 19 0.00 0.0 M 13.0 23 170 M M 0 35 190
15 90 79 85 9 0 20 0.00 0.0 M 11.1 24 210 M M 2 38 210
16 94 75 85 9 0 20 0.00 0.0 M 6.8 16 210 M M 0 23 220
17 94 69 82 5 0 17 0.00 0.0 M 3.7 12 170 M M 0 12 21 200
18 94 67 81 4 0 16 0.00 0.0 M 3.5 12 160 M M 0 1 16 170
19 91 69 80 3 0 15 0.00 0.0 M 7.2 17 160 M M 0 23 170
20 92 69 81 4 0 16 0.00 0.0 M 7.8 15 150 M M 0 22 220
21 96 70 83 5 0 18 0.00 0.0 M 6.0 14 160 M M 0 21 210
22 94 69 82 4 0 17 0.00 0.0 M 3.1 13 20 M M 1 1 18 10
23 96 69 83 5 0 18 0.00 0.0 M 3.9 13 150 M M 1 17 150
24 99 74 87 9 0 22 0.00 0.0 M 8.5 17 160 M M 0 25 160
25 99 77 88 10 0 23 0.00 0.0 M 6.6 17 200 M M 1 28 200
26 82 64 73 -5 0 8 0.00 0.0 M 10.8 25 10 M M 3 3 35 360
27 82 57 70 -9 0 5 0.00 0.0 M 4.0 14 10 M M 0 18 360
28 89 59 74 -5 0 9 T 0.0 M 1.1 8 170 M M 2 14 160
29 92 55 74 -5 0 9 0.00 0.0 M 3.6 12 130 M M 0 1 17 160
30 94 54 74 -5 0 9 0.00 0.0 M 5.1 15 170 M M 0 1 22 170
================================================================================
SM 2673 1968 0 381 2.52 0.0 172.9 M 42
================================================================================
AV 89.1 65.6 5.8 FASTST M M 1 MAX(MPH)
MISC ----> 32 150 49 170
================================================================================
NOTES:
# LAST OF SEVERAL OCCURRENCES
COLUMN 17 PEAK WIND IN M.P.H.
PRELIMINARY LOCAL CLIMATOLOGICAL DATA (WS FORM: F-6) , PAGE 2
STATION: BARTLESVILLE OKLAHOMA
MONTH: JUNE
YEAR: 2022
LATITUDE: 36 45 N
LONGITUDE: 96 0 W
[TEMPERATURE DATA] [PRECIPITATION DATA] SYMBOLS USED IN COLUMN 16
AVERAGE MONTHLY: 77.4 TOTAL FOR MONTH: 2.52 1 = FOG OR MIST
DPTR FM NORMAL: 1.3 DPTR FM NORMAL: -2.77 2 = FOG REDUCING VISIBILITY
HIGHEST: 99 ON 25,24 GRTST 24HR 1.37 ON 5- 6 TO 1/4 MILE OR LESS
LOWEST: 52 ON 4 3 = THUNDER
SNOW, ICE PELLETS, HAIL 4 = ICE PELLETS
TOTAL MONTH: 0.0 INCH 5 = HAIL
GRTST 24HR 0.0 6 = FREEZING RAIN OR DRIZZLE
GRTST DEPTH: M ON M 7 = DUSTSTORM OR SANDSTORM:
VSBY 1/2 MILE OR LESS
8 = SMOKE OR HAZE
[NO. OF DAYS WITH] [WEATHER - DAYS WITH] 9 = BLOWING SNOW
X = TORNADO
MAX 32 OR BELOW: 0 0.01 INCH OR MORE: 5
MAX 90 OR ABOVE: 17 0.10 INCH OR MORE: 4
MIN 32 OR BELOW: 0 0.50 INCH OR MORE: 2
MIN 0 OR BELOW: 0 1.00 INCH OR MORE: 0
[HDD (BASE 65) ]
TOTAL THIS MO. 0 CLEAR (SCALE 0-3) 26
DPTR FM NORMAL -2 PTCLDY (SCALE 4-7) 4
TOTAL FM JUL 1 3772 CLOUDY (SCALE 8-10) 0
DPTR FM NORMAL -360
[CDD (BASE 65) ]
TOTAL THIS MO. 381
DPTR FM NORMAL 47 [PRESSURE DATA]
TOTAL FM JAN 1 615 HIGHEST SLP 30.33 ON 27
DPTR FM NORMAL 109 LOWEST SLP 29.59 ON 5
[REMARKS]
#FINAL-06-22#