000
CXUS54 KTSA 011112
CF6BVO
PRELIMINARY LOCAL CLIMATOLOGICAL DATA (WS FORM: F-6)
STATION: BARTLESVILLE OKLAHOMA
MONTH: SEPTEMBER
YEAR: 2021
LATITUDE: 36 45 N
LONGITUDE: 96 0 W
TEMPERATURE IN F: :PCPN: SNOW: WIND :SUNSHINE: SKY :PK WND
================================================================================
1 2 3 4 5 6A 6B 7 8 9 10 11 12 13 14 15 16 17 18
12Z AVG MX 2MIN
DY MAX MIN AVG DEP HDD CDD WTR SNW DPTH SPD SPD DIR MIN PSBL S-S WX SPD DR
================================================================================
1 98 68 83 7 0 18 0.00 0.0 M 4.0 14 60 M M 0 20 40
2 97 69 83 7 0 18 0.00 0.0 M 7.7 18 160 M M 0 25 150
3 96 75 86 10 0 21 0.21 0.0 M 5.5 13 200 M M 3 128 18 190
4 90 71 81 6 0 16 0.00 0.0 M 5.3 20 10 M M 5 1 26 10
5 89 61 75 0 0 10 0.00 0.0 M 5.4 13 20 M M 3 1 17 20
6 96 56 76 2 0 11 0.00 0.0 M 3.2 13 180 M M 0 1 21 160
7 98 59 79 5 0 14 T 0.0 M 5.7 17 200 M M 1 13 31 180
8 88 57 73 -1 0 8 0.00 0.0 M 5.3 18 20 M M 1 8 26 30
9 95 53 74 0 0 9 0.00 0.0 M 3.4 13 210 M M 0 20 190
10 95 58 77 4 0 12 0.00 0.0 M 6.5 21 210 M M 0 30 210
11 97 60 79 6 0 14 0.00 0.0 M 8.8 23 200 M M 0 36 230
12 93 59 76 4 0 11 0.00 0.0 M 6.9 18 160 M M 0 25 160
13 95 58 77 5 0 12 0.00 0.0 M 7.4 20 170 M M 0 29 200
14 94 68 81 9 0 16 0.00 0.0 M 5.6 18 220 M M 1 24 210
15 92 66 79 8 0 14 0.60 0.0 M 3.1 17 200 M M 3 13 24 220
16 93 62 78 7 0 13 0.00 0.0 M 3.5 15 140 M M 0 1 20 150
17 93 63 78 8 0 13 0.00 0.0 M 3.4 17 30 M M 1 1 23 30
18 93 62 78 8 0 13 0.00 0.0 M 3.1 15 20 M M 0 18 20 10
19 92 63 78 8 0 13 0.00 0.0 M 5.2 14 150 M M 0 1 19 150
20 99 70 85 16 0 20 0.00 0.0 M 10.4 25 160 M M 2 34 10
21 78 55 67 -2 0 2 0.30 0.0 M 8.3 28 30 M M 3 13 38 20
22 79 47 63 -5 2 0 0.00 0.0 M 2.4 14 30 M M 0 21 10
23 83 42 63 -5 2 0 0.00 0.0 M 3.6 15 140 M M 0 1 21 140
24 86 47 67 -1 0 2 0.00 0.0 M 4.7 18 210 M M 0 27 210
25 84 48 66 -1 0 1 0.00 0.0 M 2.6 12 140 M M 0 17 60
26 94 50 72 5 0 7 0.00 0.0 M 7.7 22 210 M M 0 33 180
27 95 54 75 9 0 10 0.00 0.0 M 6.1 18 210 M M 0 28 180
28 91 55 73 7 0 8 0.00 0.0 M 4.6 17 170 M M 0 25 170
29 84 65 75 9 0 10 0.37 0.0 M 5.4 17 130 M M 3 13 25 130
30 77 61 69 4 0 4 0.37 0.0 M 2.5 13 170 M M 5 13 18 10
================================================================================
SM 2734 1782 4 320 1.85 0.0 157.3 M 31
================================================================================
AV 91.1 59.4 5.2 FASTST M M 1 MAX(MPH)
MISC ----> 28 30 38 20
================================================================================
NOTES:
# LAST OF SEVERAL OCCURRENCES
COLUMN 17 PEAK WIND IN M.P.H.
PRELIMINARY LOCAL CLIMATOLOGICAL DATA (WS FORM: F-6) , PAGE 2
STATION: BARTLESVILLE OKLAHOMA
MONTH: SEPTEMBER
YEAR: 2021
LATITUDE: 36 45 N
LONGITUDE: 96 0 W
[TEMPERATURE DATA] [PRECIPITATION DATA] SYMBOLS USED IN COLUMN 16
AVERAGE MONTHLY: 75.3 TOTAL FOR MONTH: 1.85 1 = FOG OR MIST
DPTR FM NORMAL: 4.4 DPTR FM NORMAL: -1.58 2 = FOG REDUCING VISIBILITY
HIGHEST: 99 ON 20 GRTST 24HR 0.60 ON 15-15 TO 1/4 MILE OR LESS
LOWEST: 42 ON 23 3 = THUNDER
SNOW, ICE PELLETS, HAIL 4 = ICE PELLETS
TOTAL MONTH: 0.0 INCH 5 = HAIL
GRTST 24HR 0.0 6 = FREEZING RAIN OR DRIZZLE
GRTST DEPTH: M ON M 7 = DUSTSTORM OR SANDSTORM:
VSBY 1/2 MILE OR LESS
8 = SMOKE OR HAZE
[NO. OF DAYS WITH] [WEATHER - DAYS WITH] 9 = BLOWING SNOW
X = TORNADO
MAX 32 OR BELOW: 0 0.01 INCH OR MORE: 5
MAX 90 OR ABOVE: 21 0.10 INCH OR MORE: 5
MIN 32 OR BELOW: 0 0.50 INCH OR MORE: 1
MIN 0 OR BELOW: 0 1.00 INCH OR MORE: 0
[HDD (BASE 65) ]
TOTAL THIS MO. 4 CLEAR (SCALE 0-3) 25
DPTR FM NORMAL -28 PTCLDY (SCALE 4-7) 5
TOTAL FM JUL 1 4 CLOUDY (SCALE 8-10) 0
DPTR FM NORMAL -26
[CDD (BASE 65) ]
TOTAL THIS MO. 320
DPTR FM NORMAL 109 [PRESSURE DATA]
TOTAL FM JAN 1 1698 HIGHEST SLP 30.36 ON 22
DPTR FM NORMAL 54 LOWEST SLP 29.68 ON 20
[REMARKS]
#FINAL-09-21#