000
CXUS54 KLZK 011130
CF6BVX
PRELIMINARY LOCAL CLIMATOLOGICAL DATA (WS FORM: F-6)
STATION: BATESVILLE REGIONAL AIRPORT
MONTH: MARCH
YEAR: 2021
LATITUDE: 35 43 N
LONGITUDE: 91 39 W
TEMPERATURE IN F: :PCPN: SNOW: WIND :SUNSHINE: SKY :PK WND
================================================================================
1 2 3 4 5 6A 6B 7 8 9 10 11 12 13 14 15 16 17 18
12Z AVG MX 2MIN
DY MAX MIN AVG DEP HDD CDD WTR SNW DPTH SPD SPD DIR MIN PSBL S-S WX SPD DR
================================================================================
1 55 33 44 -1 21 0 0.27 M M 5.3 9 100 M M 0 18 340
2 51 28 40 -5 25 0 0.08 M M 3.9 9 100 M M 2 M M
3 68 33 51 5 14 0 0.06 M M 3.9 10 250 M M 0 M M
4 73 37 55 9 10 0 0.03 M M 5.0 12 90 M M 0 17 150
5 53 35 44 -2 21 0 0.01 M M 6.0 12 70 M M 5 8 20 50
6 60 30 45 -2 20 0 0.00 M M 4.0 8 110 M M 0 M M
7 66 30 48 1 17 0 0.00 M M 3.3 9 160 M M 0 M M
8 69 38 54 7 11 0 0.00 M M 5.9 12 170 M M 0 M M
9 69 48 59 11 6 0 0.00 M M 7.6 13 190 M M 4 24 200
10 69 59 64 16 1 0 0.00 M M 8.9 14 190 M M 7 23 180
11 74 62 68 20 0 3 0.02 M M 9.2 18 190 M M 7 1 32 190
12 68 50 59 11 6 0 T M M 6.0 9 70 M M 8 1 17 70
13 55 49 52 3 13 0 0.04 M M 4.0 8 70 M M 10 1 M M
14 65 50 58 9 7 0 0.01 M M 6.2 14 90 M M 9 1 M M
15 74 48 61 12 4 0 0.00 M M 6.7 20 230 M M 4 1 30 220
16 72 45 59 9 6 0 0.01 M M 5.0 10 110 M M 0 M M
17 68 53 61 11 4 0 0.02 0.0 0 4.9 12 70 M M 7 13 M M
18 57 40 49 -1 16 0 0.35 0.0 0 12.0 20 300 M M 9 32 300
19 61 41 51 0 14 0 0.00 0.0 0 7.3 10 20 M M 3 18 360
20 62 34 48 -3 17 0 0.00 M M 4.5 9 100 M M 2 M M
21 68 36 52 1 13 0 0.00 M M 5.1 14 160 M M 0 1 21 160
22 71 43 57 5 8 0 0.00 M M 7.4 14 150 M M 2 23 170
23 72 54 63 11 2 0 0.65 M M 9.3 15 170 M M 6 1 25 170
24 75 47 61 9 4 0 0.00 M M 6.4 17 250 M M 0 24 260
25 63 48 56 4 9 0 0.69 M M 5.8 17 270 M M 7 1 28 270
26 69 40 55 2 10 0 0.00 M M 4.7 14 80 M M 0 1 M M
27 79 46 63 10 2 0 0.00 M M 5.4 14 200 M M 4 31 310
28 63 42 53 0 12 0 0.00 M M 8.8 16 300 M M 1 32 330
29 68 35 52 -2 13 0 0.00 M M 6.5 15 160 M M 0 20 190
30 61 51 56 2 9 0 0.31 M M 5.9 10 320 M M 7 1 17 320
31 61 44 53 -1 12 0 T M M 7.2 12 340 M M 4 21 360
================================================================================
SM 2039 1329 327 3 2.55 0.0 191.9 M 108
================================================================================
AV 65.8 42.9 6.2 FASTST M M 3 MAX(MPH)
MISC ----> 20 300 # 32 190
================================================================================
NOTES:
# LAST OF SEVERAL OCCURRENCES
COLUMN 17 PEAK WIND IN M.P.H.
PRELIMINARY LOCAL CLIMATOLOGICAL DATA (WS FORM: F-6) , PAGE 2
STATION: BATESVILLE REGIONAL AIRPORT
MONTH: MARCH
YEAR: 2021
LATITUDE: 35 43 N
LONGITUDE: 91 39 W
[TEMPERATURE DATA] [PRECIPITATION DATA] SYMBOLS USED IN COLUMN 16
AVERAGE MONTHLY: 54.3 TOTAL FOR MONTH: 2.55 1 = FOG OR MIST
DPTR FM NORMAL: 4.6 DPTR FM NORMAL: -1.70 2 = FOG REDUCING VISIBILITY
HIGHEST: 79 ON 27 GRTST 24HR 0.69 ON 25-25 TO 1/4 MILE OR LESS
LOWEST: 28 ON 2 3 = THUNDER
SNOW, ICE PELLETS, HAIL 4 = ICE PELLETS
TOTAL MONTH: 0.0 INCH 5 = HAIL
GRTST 24HR 0.0 6 = FREEZING RAIN OR DRIZZLE
GRTST DEPTH: 0 7 = DUSTSTORM OR SANDSTORM:
VSBY 1/2 MILE OR LESS
8 = SMOKE OR HAZE
[NO. OF DAYS WITH] [WEATHER - DAYS WITH] 9 = BLOWING SNOW
X = TORNADO
MAX 32 OR BELOW: 0 0.01 INCH OR MORE: 14
MAX 90 OR ABOVE: 0 0.10 INCH OR MORE: 5
MIN 32 OR BELOW: 3 0.50 INCH OR MORE: 2
MIN 0 OR BELOW: 0 1.00 INCH OR MORE: 0
[HDD (BASE 65) ]
TOTAL THIS MO. 327 CLEAR (SCALE 0-3) 15
DPTR FM NORMAL -153 PTCLDY (SCALE 4-7) 12
TOTAL FM JUL 1 3205 CLOUDY (SCALE 8-10) 4
DPTR FM NORMAL -322
[CDD (BASE 65) ]
TOTAL THIS MO. 3
DPTR FM NORMAL -2 [PRESSURE DATA]
TOTAL FM JAN 1 3 HIGHEST SLP 30.52 ON 8
DPTR FM NORMAL -2 LOWEST SLP 29.52 ON 17
[REMARKS]
#FINAL-03-21#